000
CDUS46 KOTX 181006
CLIMWH


CLIMATE REPORT
NATIONAL WEATHER SERVICE SPOKANE, WA
305 AM PDT WED OCT 18 2017


...................................

...THE MOSES LAKE WA AIRPORT CLIMATE SUMMARY FOR OCTOBER 17 2017...

CLIMATE NORMAL PERIOD 1981 TO 2010
CLIMATE RECORD PERIOD 9999 TO 9999


WEATHER ITEM   OBSERVED TIME   RECORD YEAR NORMAL DEPARTURE LAST
                VALUE   (LST)  VALUE       VALUE  FROM      YEAR
                                                  NORMAL
..................................................................
TEMPERATURE (F)
 YESTERDAY
  MAXIMUM         72    120 PM  MM      MM  62     10       60
  MINIMUM         32    538 AM  MM      MM  35     -3       45
  AVERAGE         52                        49      3       53

PRECIPITATION (IN)
  YESTERDAY        T            MM      MM   0.02  -0.02      T
  MONTH TO DATE    0.15                      0.31  -0.16     1.80
  SINCE OCT 1      0.15                      0.31  -0.16     1.80
  SINCE JAN 1      5.97                      6.13  -0.16     7.58

SNOWFALL (IN)
  YESTERDAY       MM

DEGREE DAYS
 HEATING
  YESTERDAY       13                        16     -3       12
  MONTH TO DATE  277                       218     59      211
  SINCE SEP 1    397                       348     49      317
  SINCE JUL 1    397                       368     29      319

 COOLING
  YESTERDAY        0                         0      0        0
  MONTH TO DATE    0                         0      0        0
  SINCE SEP 1     91                        44     47        6
  SINCE JAN 1    886                       614    272      629
..................................................................


WIND (MPH)
  HIGHEST WIND SPEED    33   HIGHEST WIND DIRECTION     W (270)
  HIGHEST GUST SPEED    41   HIGHEST GUST DIRECTION     W (280)
  AVERAGE WIND SPEED    10.3


SKY COVER
  POSSIBLE SUNSHINE  MM
  AVERAGE SKY COVER 0.0


WEATHER CONDITIONS
 THE FOLLOWING WEATHER WAS RECORDED YESTERDAY.
  HAZE
  SANDSTORM


RELATIVE HUMIDITY (PERCENT)
 HIGHEST    89           400 AM
 LOWEST     26          1200 PM
 AVERAGE    58

..........................................................


THE MOSES LAKE WA AIRPORT CLIMATE NORMALS FOR TODAY
                         NORMAL    RECORD    YEAR
 MAXIMUM TEMPERATURE (F)   62        MM        MM
 MINIMUM TEMPERATURE (F)   35        MM        MM


SUNRISE AND SUNSET
OCTOBER 18 2017.......SUNRISE   720 AM PDT   SUNSET   604 PM PDT
OCTOBER 19 2017.......SUNRISE   722 AM PDT   SUNSET   602 PM PDT


-  INDICATES NEGATIVE NUMBERS.
R  INDICATES RECORD WAS SET OR TIED.
MM INDICATES DATA IS MISSING.
T  INDICATES TRACE AMOUNT.




$$
