469
CDUS46 KOTX 280825
CLIMWH


CLIMATE REPORT
NATIONAL WEATHER SERVICE SPOKANE, WA
125 AM PDT WED JUN 28 2017


...................................

...THE MOSES LAKE WA AIRPORT CLIMATE SUMMARY FOR JUNE 27 2017...

CLIMATE NORMAL PERIOD 1981 TO 2010
CLIMATE RECORD PERIOD 9999 TO 9999


WEATHER ITEM   OBSERVED TIME   RECORD YEAR NORMAL DEPARTURE LAST
                VALUE   (LST)  VALUE       VALUE  FROM      YEAR
                                                  NORMAL
..................................................................
TEMPERATURE (F)
 YESTERDAY
  MAXIMUM         88    447 PM  MM      MM  83      5       97
  MINIMUM         63    439 AM  MM      MM  54      9       56
  AVERAGE         76                        68      8       77

PRECIPITATION (IN)
  YESTERDAY        0.00         MM      MM   0.01  -0.01     0.00
  MONTH TO DATE    0.29                      0.71  -0.42     0.70
  SINCE OCT 1      9.57                      8.02   1.55     8.35
  SINCE JAN 1      5.68                      4.73   0.95     5.09

SNOWFALL (IN)
  YESTERDAY       MM

DEGREE DAYS
 HEATING
  YESTERDAY        0                         1     -1        0
  MONTH TO DATE   48                        50     -2       54
  SINCE JUN 1     48                        50     -2       54
  SINCE JUL 1   6176                      5877    299     5003

 COOLING
  YESTERDAY       11                         5      6       12
  MONTH TO DATE  102                        71     31      116
  SINCE JUN 1    102                        71     31      116
  SINCE JAN 1    145                        96     49      135
..................................................................


WIND (MPH)
  HIGHEST WIND SPEED    18   HIGHEST WIND DIRECTION     S (180)
  HIGHEST GUST SPEED    23   HIGHEST GUST DIRECTION    NE (40)
  AVERAGE WIND SPEED     8.6


SKY COVER
  POSSIBLE SUNSHINE  MM
  AVERAGE SKY COVER 0.0


WEATHER CONDITIONS
 THE FOLLOWING WEATHER WAS RECORDED YESTERDAY.
  NO SIGNIFICANT WEATHER WAS OBSERVED.


RELATIVE HUMIDITY (PERCENT)
 HIGHEST    43           400 AM
 LOWEST      9          1200 PM
 AVERAGE    26

..........................................................


THE MOSES LAKE WA AIRPORT CLIMATE NORMALS FOR TODAY
                         NORMAL    RECORD    YEAR
 MAXIMUM TEMPERATURE (F)   84        MM        MM
 MINIMUM TEMPERATURE (F)   54        MM        MM


SUNRISE AND SUNSET
JUNE 28 2017..........SUNRISE   504 AM PDT   SUNSET   857 PM PDT
JUNE 29 2017..........SUNRISE   504 AM PDT   SUNSET   857 PM PDT


-  INDICATES NEGATIVE NUMBERS.
R  INDICATES RECORD WAS SET OR TIED.
MM INDICATES DATA IS MISSING.
T  INDICATES TRACE AMOUNT.




$$
