000
CDUS45 KBOI 260931
CLIMYL


CLIMATE REPORT
NATIONAL WEATHER SERVICE BOISE ID
331 AM MDT TUE MAY 26 2015


...................................

...THE MCCALL ID CLIMATE SUMMARY FOR MAY 25 2015...

CLIMATE NORMAL PERIOD 1981 TO 2010
CLIMATE RECORD PERIOD 1930 TO 2015


WEATHER ITEM   OBSERVED TIME   RECORD YEAR NORMAL DEPARTURE LAST
                VALUE   (LST)  VALUE       VALUE  FROM      YEAR
                                                  NORMAL
..................................................................
TEMPERATURE (F)
 YESTERDAY
  MAXIMUM         64    113 PM  86    2001  61      3       69
  MINIMUM         39    542 AM  18    1975  35      4       40
  AVERAGE         52                        48      4       55

PRECIPITATION (IN)
  YESTERDAY        0.06          0.58 1981   0.07  -0.01     0.00
  MONTH TO DATE    2.15                      1.76   0.39     1.09
  SINCE OCT 1     17.94                     15.53   2.41    18.45
  SINCE JAN 1      9.18                      9.35  -0.17    14.38

DEGREE DAYS
 HEATING
  YESTERDAY       13                        17     -4       10
  MONTH TO DATE  378                       496   -118      402
  SINCE MAR 1   1932                      2456   -524     2202
  SINCE JUL 1   7303                      9131  -1828     8196

 COOLING
  YESTERDAY        0                         0      0        0
  MONTH TO DATE    0                         0      0        0
  SINCE MAR 1      0                         0      0        0
  SINCE JAN 1      0                         0      0        0
..................................................................


WIND (MPH)
  HIGHEST WIND SPEED    21   HIGHEST WIND DIRECTION     W (250)
  HIGHEST GUST SPEED    26   HIGHEST GUST DIRECTION    NW (320)
  AVERAGE WIND SPEED     4.4


SKY COVER
  AVERAGE SKY COVER 0.1


WEATHER CONDITIONS
 THE FOLLOWING WEATHER WAS RECORDED YESTERDAY.
  LIGHT RAIN
  FOG


RELATIVE HUMIDITY (PERCENT)
 HIGHEST    93          1100 PM
 LOWEST     49          1100 AM
 AVERAGE    71

..........................................................


THE MCCALL ID CLIMATE NORMALS FOR TODAY
                         NORMAL    RECORD    YEAR
 MAXIMUM TEMPERATURE (F)   62        85      1966
 MINIMUM TEMPERATURE (F)   35        21      1964


SUNRISE AND SUNSET
MAY 26 2015...........SUNRISE   605 AM MDT   SUNSET   918 PM MDT
MAY 27 2015...........SUNRISE   605 AM MDT   SUNSET   919 PM MDT


-  INDICATES NEGATIVE NUMBERS.
R  INDICATES RECORD WAS SET OR TIED.
MM INDICATES DATA IS MISSING.
T  INDICATES TRACE AMOUNT.




$$
