000
CDUS45 KBOI 120936
CLIMYL


CLIMATE REPORT
NATIONAL WEATHER SERVICE BOISE ID
235 AM MST FRI FEB 12 2016


...................................

...THE MCCALL ID CLIMATE SUMMARY FOR FEBRUARY 11 2016...

CLIMATE NORMAL PERIOD 1981 TO 2010
CLIMATE RECORD PERIOD 1930 TO 2016


WEATHER ITEM   OBSERVED TIME   RECORD YEAR NORMAL DEPARTURE LAST
                VALUE   (LST)  VALUE       VALUE  FROM      YEAR
                                                  NORMAL
..................................................................
TEMPERATURE (F)
 YESTERDAY
  MAXIMUM         41    211 PM  54    1963  32      9       41
  MINIMUM         23    730 AM -13    1982  10     13       23
  AVERAGE         32                        21     11       32

PRECIPITATION (IN)
  YESTERDAY        0.02          0.79 1941   0.06  -0.04     0.00
  MONTH TO DATE    0.29                      0.78  -0.49     2.35
  SINCE OCT 1     13.74                      8.69   5.05    12.89
  SINCE JAN 1      3.17                      2.51   0.66     4.13

DEGREE DAYS
 HEATING
  YESTERDAY       33                        44    -11       33
  MONTH TO DATE  467                       484    -17      335
  SINCE DEC 1   3147                      3320   -173     2749
  SINCE JUL 1   5248                      5958   -710     4764

 COOLING
  YESTERDAY        0                         0      0        0
  MONTH TO DATE    0                         0      0        0
  SINCE DEC 1      0                         0      0        0
  SINCE JAN 1      0                         0      0        0
..................................................................


WIND (MPH)
  HIGHEST WIND SPEED    13   HIGHEST WIND DIRECTION     S (190)
  HIGHEST GUST SPEED    16   HIGHEST GUST DIRECTION     S (190)
  AVERAGE WIND SPEED     1.4


SKY COVER
  AVERAGE SKY COVER 0.8


WEATHER CONDITIONS
 THE FOLLOWING WEATHER WAS RECORDED YESTERDAY.
  FOG


RELATIVE HUMIDITY (PERCENT)
 HIGHEST   100           500 AM
 LOWEST     59           300 PM
 AVERAGE    80

..........................................................


THE MCCALL ID CLIMATE NORMALS FOR TODAY
                         NORMAL    RECORD    YEAR
 MAXIMUM TEMPERATURE (F)   33        50      1996
 MINIMUM TEMPERATURE (F)   10       -15      1948


SUNRISE AND SUNSET
FEBRUARY 12 2016......SUNRISE   750 AM MST   SUNSET   608 PM MST
FEBRUARY 13 2016......SUNRISE   749 AM MST   SUNSET   609 PM MST


-  INDICATES NEGATIVE NUMBERS.
R  INDICATES RECORD WAS SET OR TIED.
MM INDICATES DATA IS MISSING.
T  INDICATES TRACE AMOUNT.




$$
