000
CDUS45 KBOI 200933
CLIMYL


CLIMATE REPORT
NATIONAL WEATHER SERVICE BOISE ID
232 AM MST THU NOV 20 2014


...................................

...THE MCCALL ID CLIMATE SUMMARY FOR NOVEMBER 19 2014...

CLIMATE NORMAL PERIOD 1981 TO 2010
CLIMATE RECORD PERIOD 1930 TO 2014


WEATHER ITEM   OBSERVED TIME   RECORD YEAR NORMAL DEPARTURE LAST
                VALUE   (LST)  VALUE       VALUE  FROM      YEAR
                                                  NORMAL
..................................................................
TEMPERATURE (F)
 YESTERDAY
  MAXIMUM         35    314 PM  57    1936  35      0       37
  MINIMUM          7    641 AM  -4    1985  19    -12       32
  AVERAGE         21                        27     -6       35

PRECIPITATION (IN)
  YESTERDAY        T             1.83 1946   0.09  -0.09     0.48
  MONTH TO DATE    0.87                      1.89  -1.02     1.77
  SINCE OCT 1      2.47                      3.29  -0.82     2.00
  SINCE JAN 1     19.88                     17.21   2.67    17.61

DEGREE DAYS
 HEATING
  YESTERDAY       44                        38      6       30
  MONTH TO DATE  716                       646     70      603
  SINCE SEP 1   1570                      1861   -291     1662
  SINCE JUL 1   1686                      2189   -503     1709

 COOLING
  YESTERDAY        0                         0      0        0
  MONTH TO DATE    0                         0      0        0
  SINCE SEP 1      0                         0      0        6
  SINCE JAN 1    185                        25    160      186
..................................................................


WIND (MPH)
  HIGHEST WIND SPEED     6   HIGHEST WIND DIRECTION     E (70)
  HIGHEST GUST SPEED     7   HIGHEST GUST DIRECTION     S (170)
  AVERAGE WIND SPEED     0.8


SKY COVER
  AVERAGE SKY COVER 0.2


WEATHER CONDITIONS
 THE FOLLOWING WEATHER WAS RECORDED YESTERDAY.
  LIGHT SNOW
  FOG
  HAZE


RELATIVE HUMIDITY (PERCENT)
 HIGHEST   100           900 AM
 LOWEST     56           300 PM
 AVERAGE    78

..........................................................


THE MCCALL ID CLIMATE NORMALS FOR TODAY
                         NORMAL    RECORD    YEAR
 MAXIMUM TEMPERATURE (F)   34        56      1936
 MINIMUM TEMPERATURE (F)   19         2      1942


SUNRISE AND SUNSET
NOVEMBER 20 2014......SUNRISE   748 AM MST   SUNSET   511 PM MST
NOVEMBER 21 2014......SUNRISE   750 AM MST   SUNSET   510 PM MST


-  INDICATES NEGATIVE NUMBERS.
R  INDICATES RECORD WAS SET OR TIED.
MM INDICATES DATA IS MISSING.
T  INDICATES TRACE AMOUNT.




$$
