000
CDUS45 KBOI 290930
CLIMYL


CLIMATE REPORT
NATIONAL WEATHER SERVICE BOISE ID
330 AM MDT MON JUN 29 2015


...................................

...THE MCCALL ID CLIMATE SUMMARY FOR JUNE 28 2015...

CLIMATE NORMAL PERIOD 1981 TO 2010
CLIMATE RECORD PERIOD 1930 TO 2015


WEATHER ITEM   OBSERVED TIME   RECORD YEAR NORMAL DEPARTURE LAST
                VALUE   (LST)  VALUE       VALUE  FROM      YEAR
                                                  NORMAL
..................................................................
TEMPERATURE (F)
 YESTERDAY
  MAXIMUM         97R   507 PM  89    2006  73     24       66
  MINIMUM         56    516 AM  29    1975  40     16       46
  AVERAGE         77                        56     21       56

PRECIPITATION (IN)
  YESTERDAY        0.00          1.27 1970   0.04  -0.04      T
  MONTH TO DATE    0.35                      1.78  -1.43     0.81
  SINCE OCT 1     18.34                     17.74   0.60    19.26
  SINCE JAN 1      9.58                     11.56  -1.98    15.19

DEGREE DAYS
 HEATING
  YESTERDAY        0                         9     -9        9
  MONTH TO DATE  109                       350   -241      295
  SINCE JUN 1    109                       350   -241      295
  SINCE JUL 1   7464                      9579  -2115     8569

 COOLING
  YESTERDAY       12                         0     12        0
  MONTH TO DATE   34                         0     34        0
  SINCE JUN 1     34                         0     34        0
  SINCE JAN 1     34                         0     34        0
..................................................................


WIND (MPH)
  HIGHEST WIND SPEED    12   HIGHEST WIND DIRECTION     S (170)
  HIGHEST GUST SPEED    15   HIGHEST GUST DIRECTION     S (180)
  AVERAGE WIND SPEED     3.0


SKY COVER
  AVERAGE SKY COVER 0.0


WEATHER CONDITIONS
 THE FOLLOWING WEATHER WAS RECORDED YESTERDAY.
  THUNDERSTORM


RELATIVE HUMIDITY (PERCENT)
 HIGHEST    72           300 AM
 LOWEST     14           200 PM
 AVERAGE    43

..........................................................


THE MCCALL ID CLIMATE NORMALS FOR TODAY
                         NORMAL    RECORD    YEAR
 MAXIMUM TEMPERATURE (F)   73        90      2013
 MINIMUM TEMPERATURE (F)   40        29      1993


SUNRISE AND SUNSET
JUNE 29 2015..........SUNRISE   601 AM MDT   SUNSET   935 PM MDT
JUNE 30 2015..........SUNRISE   601 AM MDT   SUNSET   934 PM MDT


-  INDICATES NEGATIVE NUMBERS.
R  INDICATES RECORD WAS SET OR TIED.
MM INDICATES DATA IS MISSING.
T  INDICATES TRACE AMOUNT.




$$
