000
CDUS45 KBOI 280930
CLIMYL


CLIMATE REPORT
NATIONAL WEATHER SERVICE BOISE ID
330 AM MDT FRI APR 28 2017


...................................

...THE MCCALL ID CLIMATE SUMMARY FOR APRIL 27 2017...

CLIMATE NORMAL PERIOD 1981 TO 2010
CLIMATE RECORD PERIOD 1930 TO 2017


WEATHER ITEM   OBSERVED TIME   RECORD YEAR NORMAL DEPARTURE LAST
                VALUE   (LST)  VALUE       VALUE  FROM      YEAR
                                                  NORMAL
..................................................................
TEMPERATURE (F)
 YESTERDAY
  MAXIMUM         40   1219 PM  82    1987  53    -13       49
  MINIMUM         28   1159 PM  13    1955  28      0       36
  AVERAGE         34                        40     -6       43

PRECIPITATION (IN)
  YESTERDAY        0.01          0.78 1954   0.06  -0.05     0.37
  MONTH TO DATE    3.58                      1.73   1.85     1.50
  SINCE OCT 1     26.25                     13.58  12.67    21.55
  SINCE JAN 1     17.76                      7.40  10.36    10.98

DEGREE DAYS
 HEATING
  YESTERDAY       31                        25      6       22
  MONTH TO DATE  736                       774    -38      535
  SINCE MAR 1   1692                      1888   -196     1528
  SINCE JUL 1   7895                      8563   -668     7397

 COOLING
  YESTERDAY        0                         0      0        0
  MONTH TO DATE    0                         0      0        0
  SINCE MAR 1      0                         0      0        0
  SINCE JAN 1      0                         0      0        0
..................................................................


WIND (MPH)
  HIGHEST WIND SPEED    17   HIGHEST WIND DIRECTION    NW (310)
  HIGHEST GUST SPEED    24   HIGHEST GUST DIRECTION     W (260)
  AVERAGE WIND SPEED     5.2


SKY COVER
  AVERAGE SKY COVER 0.6


WEATHER CONDITIONS
 THE FOLLOWING WEATHER WAS RECORDED YESTERDAY.
  SNOW
  LIGHT SNOW
  FOG
  HAZE


RELATIVE HUMIDITY (PERCENT)
 HIGHEST    92           100 AM
 LOWEST     48          1000 AM
 AVERAGE    70

..........................................................


THE MCCALL ID CLIMATE NORMALS FOR TODAY
                         NORMAL    RECORD    YEAR
 MAXIMUM TEMPERATURE (F)   53        84      1987
 MINIMUM TEMPERATURE (F)   28        18      1958


SUNRISE AND SUNSET
APRIL 28 2017.........SUNRISE   638 AM MDT   SUNSET   846 PM MDT
APRIL 29 2017.........SUNRISE   636 AM MDT   SUNSET   848 PM MDT


-  INDICATES NEGATIVE NUMBERS.
R  INDICATES RECORD WAS SET OR TIED.
MM INDICATES DATA IS MISSING.
T  INDICATES TRACE AMOUNT.




$$
