000
CDUS45 KBOI 270932
CLIMYL


CLIMATE REPORT
NATIONAL WEATHER SERVICE BOISE ID
331 AM MDT SUN JUL 27 2014


...................................

...THE MCCALL ID CLIMATE SUMMARY FOR JULY 26 2014...

CLIMATE NORMAL PERIOD 1981 TO 2010
CLIMATE RECORD PERIOD 1930 TO 2014


WEATHER ITEM   OBSERVED TIME   RECORD YEAR NORMAL DEPARTURE LAST
                VALUE   (LST)  VALUE       VALUE  FROM      YEAR
                                                  NORMAL
..................................................................
TEMPERATURE (F)
 YESTERDAY
  MAXIMUM         83    439 PM  94    1933  80      3       87
  MINIMUM         42    545 AM  33    1966  44     -2       50
  AVERAGE         63                        62      1       69

PRECIPITATION (IN)
  YESTERDAY        0.00          0.48 1937   0.02  -0.02     0.00
  MONTH TO DATE    0.12                      0.63  -0.51      T
  SINCE OCT 1     19.38                     18.45   0.93    24.74
  SINCE JAN 1     15.31                     12.27   3.04    11.25

DEGREE DAYS
 HEATING
  YESTERDAY        2                         4     -2        0
  MONTH TO DATE   18                       135   -117       11
  SINCE JUN 1    332                       502   -170      274
  SINCE JUL 1     18                       135   -117       11

 COOLING
  YESTERDAY        0                         1     -1        4
  MONTH TO DATE  103                        11     92       92
  SINCE JUN 1    103                        12     91      114
  SINCE JAN 1    103                        12     91      114
..................................................................


WIND (MPH)
  HIGHEST WIND SPEED    12   HIGHEST WIND DIRECTION     N (10)
  HIGHEST GUST SPEED    16   HIGHEST GUST DIRECTION     N (360)
  AVERAGE WIND SPEED     3.8


SKY COVER
  AVERAGE SKY COVER 0.0


WEATHER CONDITIONS
 THE FOLLOWING WEATHER WAS RECORDED YESTERDAY.
  NO SIGNIFICANT WEATHER WAS OBSERVED.


RELATIVE HUMIDITY (PERCENT)
 HIGHEST    76           600 AM
 LOWEST     14           300 PM
 AVERAGE    45

..........................................................


THE MCCALL ID CLIMATE NORMALS FOR TODAY
                         NORMAL    RECORD    YEAR
 MAXIMUM TEMPERATURE (F)   81        96      1934
 MINIMUM TEMPERATURE (F)   44        34      1986


SUNRISE AND SUNSET
JULY 27 2014..........SUNRISE   625 AM MDT   SUNSET   917 PM MDT
JULY 28 2014..........SUNRISE   626 AM MDT   SUNSET   915 PM MDT


-  INDICATES NEGATIVE NUMBERS.
R  INDICATES RECORD WAS SET OR TIED.
MM INDICATES DATA IS MISSING.
T  INDICATES TRACE AMOUNT.




$$
