000
CDUS44 KLIX 290703
CLINEW


CLIMATE REPORT
NATIONAL WEATHER SERVICE NEW ORLEANS
202 AM CDT SUN MAR 29 2015


...................................

...THE NEW ORLEANS CLIMATE SUMMARY FOR MARCH 28 2015...

CLIMATE NORMAL PERIOD 1981 TO 2010
CLIMATE RECORD PERIOD 1946 TO 2015


WEATHER ITEM   OBSERVED TIME   RECORD YEAR NORMAL DEPARTURE LAST
                VALUE   (LST)  VALUE       VALUE  FROM      YEAR
                                                  NORMAL
..................................................................
TEMPERATURE (F)
 YESTERDAY
  MAXIMUM         70    343 PM  84    1972  74     -4       72
  MINIMUM         50    621 AM  38    1955  56     -6       63
  AVERAGE         60                        65     -5       68

PRECIPITATION (IN)
  YESTERDAY        0.00          3.97 1951   0.16  -0.16     2.59
  MONTH TO DATE    6.36                      4.10   2.26     3.89
  SINCE MAR 1      6.36                      4.10   2.26     3.89
  SINCE JAN 1     14.06                     14.55  -0.49    12.92

SNOWFALL (IN)
  YESTERDAY        0.0
  MONTH TO DATE    0.0
  SINCE MAR 1      0.0
  SINCE JUL 1      0.0
  SNOW DEPTH       0

DEGREE DAYS
 HEATING
  YESTERDAY        5                         3      2        0
  MONTH TO DATE   70                       128    -58      178
  SINCE MAR 1     70                       128    -58      178
  SINCE JUL 1   1274                      1237     37     1531

 COOLING
  YESTERDAY        0                         3     -3        3
  MONTH TO DATE  109                        54     55       21
  SINCE MAR 1    109                        54     55       21
  SINCE JAN 1    127                        91     36       45
..................................................................


WIND (MPH)
  HIGHEST WIND SPEED    15   HIGHEST WIND DIRECTION     S (170)
  HIGHEST GUST SPEED    18   HIGHEST GUST DIRECTION     S (180)
  AVERAGE WIND SPEED     7.7


SKY COVER
  POSSIBLE SUNSHINE  MM
  AVERAGE SKY COVER 0.1


WEATHER CONDITIONS
 THE FOLLOWING WEATHER WAS RECORDED YESTERDAY.
  NO SIGNIFICANT WEATHER WAS OBSERVED.


RELATIVE HUMIDITY (PERCENT)
 HIGHEST    72           900 PM
 LOWEST     39           200 PM
 AVERAGE    56

..........................................................


THE NEW ORLEANS CLIMATE NORMALS FOR TODAY
                         NORMAL    RECORD    YEAR
 MAXIMUM TEMPERATURE (F)   75        83      2012
                                             2011
                                             2007
 MINIMUM TEMPERATURE (F)   56        40      1947


SUNRISE AND SUNSET
MARCH 29 2015.........SUNRISE   654 AM CDT   SUNSET   718 PM CDT
MARCH 30 2015.........SUNRISE   653 AM CDT   SUNSET   718 PM CDT


-  INDICATES NEGATIVE NUMBERS.
R  INDICATES RECORD WAS SET OR TIED.
MM INDICATES DATA IS MISSING.
T  INDICATES TRACE AMOUNT.




$$
