000
CDUS44 KLIX 240701
CLINEW


CLIMATE REPORT
NATIONAL WEATHER SERVICE NEW ORLEANS
200 AM CDT WED AUG 24 2016


...................................

...THE NEW ORLEANS CLIMATE SUMMARY FOR AUGUST 23 2016...

CLIMATE NORMAL PERIOD 1981 TO 2010
CLIMATE RECORD PERIOD 1946 TO 2016


WEATHER ITEM   OBSERVED TIME   RECORD YEAR NORMAL DEPARTURE LAST
                VALUE   (LST)  VALUE       VALUE  FROM      YEAR
                                                  NORMAL
..................................................................
TEMPERATURE (F)
 YESTERDAY
  MAXIMUM         97    255 PM  99    2011  91      6       94
  MINIMUM         80    554 AM  62    1956  75      5       77
  AVERAGE         89                        83      6       86

PRECIPITATION (IN)
  YESTERDAY        0.00          1.10 1954   0.19  -0.19     0.00
  MONTH TO DATE    9.99                      4.47   5.52     3.28
  SINCE JUN 1     24.22                     18.46   5.76    11.20
  SINCE JAN 1     53.55                     42.70  10.85    46.37

SNOWFALL (IN)
  YESTERDAY        0.0
  MONTH TO DATE    0.0
  SINCE JUN 1      0.0
  SINCE JUL 1      0.0
  SNOW DEPTH       0

DEGREE DAYS
 HEATING
  YESTERDAY        0                         0      0        0
  MONTH TO DATE    0                         0      0        0
  SINCE JUN 1      0                         0      0        0
  SINCE JUL 1      0                         0      0        0

 COOLING
  YESTERDAY       24                        18      6       21
  MONTH TO DATE  479                       414     65      483
  SINCE JUN 1   1745                      1475    270     1658
  SINCE JAN 1   2525                      2094    431     2487
..................................................................


WIND (MPH)
  HIGHEST WIND SPEED    18   HIGHEST WIND DIRECTION    SE (130)
  HIGHEST GUST SPEED    24   HIGHEST GUST DIRECTION    SE (130)
  AVERAGE WIND SPEED     3.1


SKY COVER
  POSSIBLE SUNSHINE  MM
  AVERAGE SKY COVER 0.5


WEATHER CONDITIONS
 THE FOLLOWING WEATHER WAS RECORDED YESTERDAY.
  THUNDERSTORM


RELATIVE HUMIDITY (PERCENT)
 HIGHEST    85           700 AM
 LOWEST     48           200 PM
 AVERAGE    67

..........................................................


THE NEW ORLEANS CLIMATE NORMALS FOR TODAY
                         NORMAL    RECORD    YEAR
 MAXIMUM TEMPERATURE (F)   91        97      2011
 MINIMUM TEMPERATURE (F)   75        63      1965


SUNRISE AND SUNSET
AUGUST 24 2016........SUNRISE   634 AM CDT   SUNSET   732 PM CDT
AUGUST 25 2016........SUNRISE   634 AM CDT   SUNSET   731 PM CDT


-  INDICATES NEGATIVE NUMBERS.
R  INDICATES RECORD WAS SET OR TIED.
MM INDICATES DATA IS MISSING.
T  INDICATES TRACE AMOUNT.




$$
