000
CDUS44 KLIX 260701
CLINEW


CLIMATE REPORT
NATIONAL WEATHER SERVICE NEW ORLEANS
200 AM CDT MON SEP 26 2016


...................................

...THE NEW ORLEANS CLIMATE SUMMARY FOR SEPTEMBER 25 2016...

CLIMATE NORMAL PERIOD 1981 TO 2010
CLIMATE RECORD PERIOD 1946 TO 2016


WEATHER ITEM   OBSERVED TIME   RECORD YEAR NORMAL DEPARTURE LAST
                VALUE   (LST)  VALUE       VALUE  FROM      YEAR
                                                  NORMAL
..................................................................
TEMPERATURE (F)
 YESTERDAY
  MAXIMUM         94R   225 PM  93    1993  86      8       88
                                      1980
  MINIMUM         76    618 AM  56    1990  70      6       73
                                      1967
  AVERAGE         85                        78      7       81

PRECIPITATION (IN)
  YESTERDAY        0.00          7.52 2002   0.15  -0.15     0.00
  MONTH TO DATE    4.63                      4.33   0.30     1.52
  SINCE SEP 1      4.63                      4.33   0.30     1.52
  SINCE JAN 1     60.06                     48.54  11.52    47.89

SNOWFALL (IN)
  YESTERDAY        0.0
  MONTH TO DATE    0.0
  SINCE SEP 1      0.0
  SINCE JUL 1      0.0
  SNOW DEPTH       0

DEGREE DAYS
 HEATING
  YESTERDAY        0                         0      0        0
  MONTH TO DATE    0                         0      0        0
  SINCE SEP 1      0                         0      0        0
  SINCE JUL 1      0                         0      0        0

 COOLING
  YESTERDAY       20                        13      7       16
  MONTH TO DATE  524                       384    140      402
  SINCE SEP 1    524                       384    140      402
  SINCE JAN 1   3226                      2630    596     3031
..................................................................


WIND (MPH)
  HIGHEST WIND SPEED    14   HIGHEST WIND DIRECTION     E (90)
  HIGHEST GUST SPEED    18   HIGHEST GUST DIRECTION     E (90)
  AVERAGE WIND SPEED     3.7


SKY COVER
  POSSIBLE SUNSHINE  MM
  AVERAGE SKY COVER 0.4


WEATHER CONDITIONS
 THE FOLLOWING WEATHER WAS RECORDED YESTERDAY.
  FOG


RELATIVE HUMIDITY (PERCENT)
 HIGHEST    91          1200 AM
 LOWEST     44           200 PM
 AVERAGE    68

..........................................................


THE NEW ORLEANS CLIMATE NORMALS FOR TODAY
                         NORMAL    RECORD    YEAR
 MAXIMUM TEMPERATURE (F)   85        93      2005
                                             1993
 MINIMUM TEMPERATURE (F)   69        50      1975


SUNRISE AND SUNSET
SEPTEMBER 26 2016.....SUNRISE   652 AM CDT   SUNSET   652 PM CDT
SEPTEMBER 27 2016.....SUNRISE   652 AM CDT   SUNSET   651 PM CDT


-  INDICATES NEGATIVE NUMBERS.
R  INDICATES RECORD WAS SET OR TIED.
MM INDICATES DATA IS MISSING.
T  INDICATES TRACE AMOUNT.




$$
