000
CDUS44 KLIX 180706
CLINEW


CLIMATE REPORT
NATIONAL WEATHER SERVICE NEW ORLEANS
205 AM CDT FRI APR 18 2014


...................................

...THE NEW ORLEANS CLIMATE SUMMARY FOR APRIL 17 2014...

CLIMATE NORMAL PERIOD 1981 TO 2010
CLIMATE RECORD PERIOD 1946 TO 2014


WEATHER ITEM   OBSERVED TIME   RECORD YEAR NORMAL DEPARTURE LAST
                VALUE   (LST)  VALUE       VALUE  FROM      YEAR
                                                  NORMAL
..................................................................
TEMPERATURE (F)
 YESTERDAY
  MAXIMUM         66   1205 PM  91    2006  79    -13       84
  MINIMUM         50   1240 AM  41    1983  60    -10       73
                                      1962
  AVERAGE         58                        69    -11       79

PRECIPITATION (IN)
  YESTERDAY        T             3.13 1973   0.16  -0.16     0.00
  MONTH TO DATE    2.17                      2.58  -0.41     5.76
  SINCE MAR 1      7.42                      7.13   0.29     6.84
  SINCE JAN 1     16.45                     17.58  -1.13    20.64

SNOWFALL (IN)
  YESTERDAY        0.0
  MONTH TO DATE    0.0
  SINCE MAR 1      0.0
  SINCE JUL 1      T
  SNOW DEPTH       0

DEGREE DAYS
 HEATING
  YESTERDAY        7                         1      6        0
  MONTH TO DATE   41                        27     14       23
  SINCE MAR 1    228                       163     65      232
  SINCE JUL 1   1581                      1272    309     1121

 COOLING
  YESTERDAY        0                         5     -5       14
  MONTH TO DATE   56                        71    -15       77
  SINCE MAR 1     77                       134    -57      113
  SINCE JAN 1    101                       171    -70      145
..................................................................


WIND (MPH)
  HIGHEST WIND SPEED    20   HIGHEST WIND DIRECTION     E (80)
  HIGHEST GUST SPEED    26   HIGHEST GUST DIRECTION     E (80)
  AVERAGE WIND SPEED    10.0


SKY COVER
  POSSIBLE SUNSHINE  MM
  AVERAGE SKY COVER 0.9


WEATHER CONDITIONS
 THE FOLLOWING WEATHER WAS RECORDED YESTERDAY.
  LIGHT RAIN


RELATIVE HUMIDITY (PERCENT)
 HIGHEST    87           600 AM
 LOWEST     72           800 AM
 AVERAGE    80

..........................................................


THE NEW ORLEANS CLIMATE NORMALS FOR TODAY
                         NORMAL    RECORD    YEAR
 MAXIMUM TEMPERATURE (F)   79        91      1987
 MINIMUM TEMPERATURE (F)   61        43      1999
                                             1961


SUNRISE AND SUNSET
APRIL 18 2014.........SUNRISE   631 AM CDT   SUNSET   730 PM CDT
APRIL 19 2014.........SUNRISE   630 AM CDT   SUNSET   731 PM CDT


-  INDICATES NEGATIVE NUMBERS.
R  INDICATES RECORD WAS SET OR TIED.
MM INDICATES DATA IS MISSING.
T  INDICATES TRACE AMOUNT.




$$
