000
CDUS44 KLIX 270701
CLINEW


CLIMATE REPORT
NATIONAL WEATHER SERVICE NEW ORLEANS
201 AM CDT SAT MAY 27 2017


...................................

...THE NEW ORLEANS CLIMATE SUMMARY FOR MAY 26 2017...

CLIMATE NORMAL PERIOD 1981 TO 2010
CLIMATE RECORD PERIOD 1946 TO 2017


WEATHER ITEM   OBSERVED TIME   RECORD YEAR NORMAL DEPARTURE LAST
                VALUE   (LST)  VALUE       VALUE  FROM      YEAR
                                                  NORMAL
..................................................................
TEMPERATURE (F)
 YESTERDAY
  MAXIMUM         85   1257 PM  93    2012  87     -2       89
                                      1980
  MINIMUM         69   1248 AM  48    1979  70     -1       74
  AVERAGE         77                        79     -2       82

PRECIPITATION (IN)
  YESTERDAY        0.00          2.63 1993   0.16  -0.16     0.00
  MONTH TO DATE    7.32                      3.71   3.61     4.10
  SINCE MAR 1     15.65                     12.87   2.78    20.35
  SINCE JAN 1     23.29                     23.32  -0.03    28.48

SNOWFALL (IN)
  YESTERDAY        0.0
  MONTH TO DATE    0.0
  SINCE MAR 1      0.0
  SINCE JUL 1      0.0
  SNOW DEPTH       0

DEGREE DAYS
 HEATING
  YESTERDAY        0                         0      0        0
  MONTH TO DATE    5                         0      5        0
  SINCE MAR 1     74                       170    -96       41
  SINCE JUL 1    635                      1279   -644      755

 COOLING
  YESTERDAY       12                        14     -2       17
  MONTH TO DATE  220                       289    -69      314
  SINCE MAR 1    567                       509     58      662
  SINCE JAN 1    687                       546    141      698
..................................................................


WIND (MPH)
  HIGHEST WIND SPEED    18   HIGHEST WIND DIRECTION     S (170)
  HIGHEST GUST SPEED    22   HIGHEST GUST DIRECTION     S (170)
  AVERAGE WIND SPEED     9.9


SKY COVER
  POSSIBLE SUNSHINE  MM
  AVERAGE SKY COVER 0.2


WEATHER CONDITIONS
 THE FOLLOWING WEATHER WAS RECORDED YESTERDAY.
  HAZE


RELATIVE HUMIDITY (PERCENT)
 HIGHEST    94          1000 PM
 LOWEST     51          1200 PM
 AVERAGE    73

..........................................................


THE NEW ORLEANS CLIMATE NORMALS FOR TODAY
                         NORMAL    RECORD    YEAR
 MAXIMUM TEMPERATURE (F)   87        94      2012
                                             1982
                                             1978
 MINIMUM TEMPERATURE (F)   71        54      1961


SUNRISE AND SUNSET
MAY 27 2017...........SUNRISE   602 AM CDT   SUNSET   755 PM CDT
MAY 28 2017...........SUNRISE   601 AM CDT   SUNSET   755 PM CDT


-  INDICATES NEGATIVE NUMBERS.
R  INDICATES RECORD WAS SET OR TIED.
MM INDICATES DATA IS MISSING.
T  INDICATES TRACE AMOUNT.




$$
