000
CDUS44 KLIX 042219
CLINEW


CLIMATE REPORT
NATIONAL WEATHER SERVICE NEW ORLEANS
419 PM CST SUN DEC 4 2016


...................................

...THE NEW ORLEANS CLIMATE SUMMARY FOR DECEMBER 4 2016...
VALID TODAY AS OF 0400 PM LOCAL TIME.

CLIMATE NORMAL PERIOD 1981 TO 2010
CLIMATE RECORD PERIOD 1946 TO 2016


WEATHER ITEM   OBSERVED TIME   RECORD YEAR NORMAL DEPARTURE LAST
                VALUE   (LST)  VALUE       VALUE  FROM      YEAR
                                                  NORMAL
..................................................................
TEMPERATURE (F)
 TODAY
  MAXIMUM         68   1233 PM  82    1995  67      1       60
  MINIMUM         60   1227 AM  30    1976  49     11       46
                                      1974
  AVERAGE         64                        58      6       53

PRECIPITATION (IN)
  TODAY            0.23          2.58 1978   0.17   0.06     0.00
  MONTH TO DATE    0.36                      0.67  -0.31     0.12
  SINCE DEC 1      0.36                      0.67  -0.31     0.12
  SINCE JAN 1     63.24                     57.88   5.36    65.00

SNOWFALL (IN)
  TODAY            0.0
  MONTH TO DATE    0.0
  SINCE DEC 1      0.0
  SINCE JUL 1      0.0
  SNOW DEPTH       0

DEGREE DAYS
 HEATING
  TODAY            1                         8     -7       12
  MONTH TO DATE   25                        32     -7       28
  SINCE DEC 1     25                        32     -7       28
  SINCE JUL 1     96                       196   -100       86

 COOLING
  TODAY            0                         1     -1        0
  MONTH TO DATE    0                         4     -4        7
  SINCE DEC 1      0                         4     -4        7
  SINCE JAN 1   3835                      2982    853     3499
..................................................................


WIND (MPH)
  HIGHEST WIND SPEED    21   HIGHEST WIND DIRECTION     E (100)
  HIGHEST GUST SPEED    24   HIGHEST GUST DIRECTION     E (100)
  AVERAGE WIND SPEED     3.6


SKY COVER
  POSSIBLE SUNSHINE  MM
  AVERAGE SKY COVER 0.8


WEATHER CONDITIONS
 THE FOLLOWING WEATHER WAS RECORDED TODAY.
  RAIN
  LIGHT RAIN
  FOG


RELATIVE HUMIDITY (PERCENT)
 HIGHEST   100           300 AM
 LOWEST    100           300 AM
 AVERAGE   100

..........................................................


THE NEW ORLEANS CLIMATE NORMALS FOR TOMORROW
                         NORMAL    RECORD    YEAR
 MAXIMUM TEMPERATURE (F)   67        84      1995
 MINIMUM TEMPERATURE (F)   49        28      1974


SUNRISE AND SUNSET
DECEMBER  4 2016......SUNRISE   642 AM CST   SUNSET   501 PM CST
DECEMBER  5 2016......SUNRISE   643 AM CST   SUNSET   501 PM CST


-  INDICATES NEGATIVE NUMBERS.
R  INDICATES RECORD WAS SET OR TIED.
MM INDICATES DATA IS MISSING.
T  INDICATES TRACE AMOUNT.




$$
