000
CDUS44 KLIX 290701
CLINEW


CLIMATE REPORT
NATIONAL WEATHER SERVICE NEW ORLEANS
200 AM CDT WED MAR 29 2017


...................................

...THE NEW ORLEANS CLIMATE SUMMARY FOR MARCH 28 2017...

CLIMATE NORMAL PERIOD 1981 TO 2010
CLIMATE RECORD PERIOD 1946 TO 2017


WEATHER ITEM   OBSERVED TIME   RECORD YEAR NORMAL DEPARTURE LAST
                VALUE   (LST)  VALUE       VALUE  FROM      YEAR
                                                  NORMAL
..................................................................
TEMPERATURE (F)
 YESTERDAY
  MAXIMUM         83    136 PM  84    1972  74      9       80
  MINIMUM         67    520 AM  38    1955  56     11       60
  AVERAGE         75                        65     10       70

PRECIPITATION (IN)
  YESTERDAY        0.00          3.97 1951   0.16  -0.16     0.00
  MONTH TO DATE    1.95                      4.10  -2.15     6.21
  SINCE MAR 1      1.95                      4.10  -2.15     6.21
  SINCE JAN 1      9.59                     14.55  -4.96    14.34

SNOWFALL (IN)
  YESTERDAY        0.0
  MONTH TO DATE    0.0
  SINCE MAR 1      0.0
  SINCE JUL 1      0.0
  SNOW DEPTH       0

DEGREE DAYS
 HEATING
  YESTERDAY        0                         3     -3        0
  MONTH TO DATE   59                       128    -69       38
  SINCE MAR 1     59                       128    -69       38
  SINCE JUL 1    620                      1237   -617      752

 COOLING
  YESTERDAY       10                         3      7        5
  MONTH TO DATE  122                        54     68      117
  SINCE MAR 1    122                        54     68      117
  SINCE JAN 1    242                        91    151      153
..................................................................


WIND (MPH)
  HIGHEST WIND SPEED    17   HIGHEST WIND DIRECTION    SE (150)
  HIGHEST GUST SPEED    21   HIGHEST GUST DIRECTION    SE (150)
  AVERAGE WIND SPEED     7.6


SKY COVER
  POSSIBLE SUNSHINE  MM
  AVERAGE SKY COVER 0.4


WEATHER CONDITIONS
 THE FOLLOWING WEATHER WAS RECORDED YESTERDAY.
  FOG


RELATIVE HUMIDITY (PERCENT)
 HIGHEST   100           200 AM
 LOWEST     55           200 PM
 AVERAGE    78

..........................................................


THE NEW ORLEANS CLIMATE NORMALS FOR TODAY
                         NORMAL    RECORD    YEAR
 MAXIMUM TEMPERATURE (F)   75        83      2012
                                             2011
                                             2007
 MINIMUM TEMPERATURE (F)   56        40      1947


SUNRISE AND SUNSET
MARCH 29 2017.........SUNRISE   654 AM CDT   SUNSET   718 PM CDT
MARCH 30 2017.........SUNRISE   652 AM CDT   SUNSET   719 PM CDT


-  INDICATES NEGATIVE NUMBERS.
R  INDICATES RECORD WAS SET OR TIED.
MM INDICATES DATA IS MISSING.
T  INDICATES TRACE AMOUNT.




$$
