000
CDUS46 KMTR 170829
CLINUQ


CLIMATE REPORT
NATIONAL WEATHER SERVICE SAN FRANCISCO BAY AREA
1229 AM PST TUE JAN 17 2017


...................................

...THE MOFFETT FIELD CLIMATE SUMMARY FOR JANUARY 16 2017...

CLIMATE NORMAL PERIOD 1981 TO 2010
CLIMATE RECORD PERIOD 1945 TO 2017


WEATHER ITEM   OBSERVED TIME   RECORD YEAR NORMAL DEPARTURE LAST
                VALUE   (LST)  VALUE       VALUE  FROM      YEAR
                                                  NORMAL
..................................................................
TEMPERATURE (F)
 YESTERDAY
  MAXIMUM         56    407 PM  73    2014  59     -3       64
  MINIMUM         36    329 AM  29    2007  43     -7       52
  AVERAGE         46                        51     -5       58

PRECIPITATION (IN)
  YESTERDAY        0.00          1.19 1973   0.08  -0.08     0.06
  MONTH TO DATE    2.97                      1.55   1.42     1.65
  SINCE OCT 1      7.54                      6.39   1.15     6.05
  SINCE JAN 1      2.97                      1.55   1.42     1.65

DEGREE DAYS
 HEATING
  YESTERDAY       19                                         7
  MONTH TO DATE  239                                       216
  SINCE DEC 1    698                                       688
  SINCE JUL 1    985                                      1031

 COOLING
  YESTERDAY        0                                         0
  MONTH TO DATE    0                                         0
  SINCE DEC 1      0                                         0
  SINCE JAN 1      0                                         0
..................................................................


WIND (MPH)
  RESULTANT WIND SPEED   4   RESULTANT WIND DIRECTION   N (340)
  HIGHEST WIND SPEED    18   HIGHEST WIND DIRECTION     N (10)
  HIGHEST GUST SPEED    22   HIGHEST GUST DIRECTION     N (10)
  AVERAGE WIND SPEED     4.7


SKY COVER
  POSSIBLE SUNSHINE  MM
  AVERAGE SKY COVER 0.0


WEATHER CONDITIONS
 THE FOLLOWING WEATHER WAS RECORDED YESTERDAY.
  FOG
  HAZE


RELATIVE HUMIDITY (PERCENT)
 HIGHEST    92           800 AM
 LOWEST     43           500 PM
 AVERAGE    68

..........................................................


THE MOFFETT FIELD CLIMATE NORMALS FOR TODAY
                         NORMAL    RECORD    YEAR
 MAXIMUM TEMPERATURE (F)   59        72      1994
 MINIMUM TEMPERATURE (F)   43        29      2012
                                             1947


SUNRISE AND SUNSET
JANUARY 17 2017.......SUNRISE   721 AM PST   SUNSET   517 PM PST
JANUARY 18 2017.......SUNRISE   720 AM PST   SUNSET   518 PM PST


-  INDICATES NEGATIVE NUMBERS.
R  INDICATES RECORD WAS SET OR TIED.
MM INDICATES DATA IS MISSING.
T  INDICATES TRACE AMOUNT.




$$
