000
CDUS46 KMTR 010826
CLINUQ


CLIMATE REPORT
NATIONAL WEATHER SERVICE SAN FRANCISCO BAY AREA
126 AM PDT MON SEP 1 2014


...................................

...THE MOFFETT FIELD CLIMATE SUMMARY FOR AUGUST 31 2014...

CLIMATE NORMAL PERIOD 1981 TO 2010
CLIMATE RECORD PERIOD 1945 TO 2014


WEATHER ITEM   OBSERVED TIME   RECORD YEAR NORMAL DEPARTURE LAST
                VALUE   (LST)  VALUE       VALUE  FROM      YEAR
                                                  NORMAL
..................................................................
TEMPERATURE (F)
 YESTERDAY
  MAXIMUM         79    212 PM  94    2005  78      1       76
  MINIMUM         59    541 AM  50    1955  59      0       62
  AVERAGE         69                        68      1       69

PRECIPITATION (IN)
  YESTERDAY        0.00          0.09 1964   0.00   0.00     0.00
  MONTH TO DATE    T                         0.01  -0.01     0.00
  SINCE JUL 1      T                         0.03  -0.03      T
  SINCE JAN 1      5.19                      9.66  -4.47     1.82

DEGREE DAYS
 HEATING
  YESTERDAY        0                                         0
  MONTH TO DATE    0                                         3
  SINCE JUN 1      7                                        17
  SINCE JUL 1      0                                         4

 COOLING
  YESTERDAY        4                                         4
  MONTH TO DATE  126                                        94
  SINCE JUN 1    355                                       285
  SINCE JAN 1    442                                       359
..................................................................


WIND (MPH)
  RESULTANT WIND SPEED   4   RESULTANT WIND DIRECTION   N (350)
  HIGHEST WIND SPEED    21   HIGHEST WIND DIRECTION     N (340)
  HIGHEST GUST SPEED    23   HIGHEST GUST DIRECTION     N (340)
  AVERAGE WIND SPEED     5.8


SKY COVER
  POSSIBLE SUNSHINE  MM
  AVERAGE SKY COVER 0.0


WEATHER CONDITIONS
 THE FOLLOWING WEATHER WAS RECORDED YESTERDAY.
  NO SIGNIFICANT WEATHER WAS OBSERVED.


RELATIVE HUMIDITY (PERCENT)
 HIGHEST    90           400 AM
 LOWEST     48           200 PM
 AVERAGE    69

..........................................................


THE MOFFETT FIELD CLIMATE NORMALS FOR TODAY
                         NORMAL    RECORD    YEAR
 MAXIMUM TEMPERATURE (F)   78        93      2002
 MINIMUM TEMPERATURE (F)   59        49      1975


SUNRISE AND SUNSET
SEPTEMBER  1 2014.....SUNRISE   639 AM PDT   SUNSET   737 PM PDT
SEPTEMBER  2 2014.....SUNRISE   639 AM PDT   SUNSET   735 PM PDT


-  INDICATES NEGATIVE NUMBERS.
R  INDICATES RECORD WAS SET OR TIED.
MM INDICATES DATA IS MISSING.
T  INDICATES TRACE AMOUNT.




$$
