000
CDUS46 KMTR 260837
CLINUQ


CLIMATE REPORT
NATIONAL WEATHER SERVICE SAN FRANCISCO BAY AREA
1237 AM PST SUN FEB 26 2017


...................................

...THE MOFFETT FIELD CLIMATE SUMMARY FOR FEBRUARY 25 2017...

CLIMATE NORMAL PERIOD 1981 TO 2010
CLIMATE RECORD PERIOD 1945 TO 2017


WEATHER ITEM   OBSERVED TIME   RECORD YEAR NORMAL DEPARTURE LAST
                VALUE   (LST)  VALUE       VALUE  FROM      YEAR
                                                  NORMAL
..................................................................
TEMPERATURE (F)
 YESTERDAY
  MAXIMUM         57    322 PM  78    1992  63     -6       75
  MINIMUM         36    435 AM  34    1953  46    -10       48
  AVERAGE         47                        55     -8       62

PRECIPITATION (IN)
  YESTERDAY        0.00          1.73 2004   0.11  -0.11     0.00
  MONTH TO DATE    5.19                      2.74   2.45     0.38
  SINCE OCT 1     15.16                     10.33   4.83     8.36
  SINCE JAN 1     10.59                      5.49   5.10     3.96

DEGREE DAYS
 HEATING
  YESTERDAY       18                                         3
  MONTH TO DATE  254                                       196
  SINCE DEC 1   1191                                      1024
  SINCE JUL 1   1478                                      1367

 COOLING
  YESTERDAY        0                                         0
  MONTH TO DATE    0                                         2
  SINCE DEC 1      0                                         2
  SINCE JAN 1      0                                         2
..................................................................


WIND (MPH)
  RESULTANT WIND SPEED   1   RESULTANT WIND DIRECTION   N (340)
  HIGHEST WIND SPEED    16   HIGHEST WIND DIRECTION     W (290)
  HIGHEST GUST SPEED    21   HIGHEST GUST DIRECTION     W (270)
  AVERAGE WIND SPEED     4.8


SKY COVER
  POSSIBLE SUNSHINE  MM
  AVERAGE SKY COVER 0.3


WEATHER CONDITIONS
 THE FOLLOWING WEATHER WAS RECORDED YESTERDAY.
  NO SIGNIFICANT WEATHER WAS OBSERVED.


RELATIVE HUMIDITY (PERCENT)
 HIGHEST    92           200 AM
 LOWEST     47           300 PM
 AVERAGE    70

..........................................................


THE MOFFETT FIELD CLIMATE NORMALS FOR TODAY
                         NORMAL    RECORD    YEAR
 MAXIMUM TEMPERATURE (F)   63        82      1986
 MINIMUM TEMPERATURE (F)   46        34      2011
                                             1962


SUNRISE AND SUNSET
FEBRUARY 26 2017......SUNRISE   643 AM PST   SUNSET   559 PM PST
FEBRUARY 27 2017......SUNRISE   642 AM PST   SUNSET   600 PM PST


-  INDICATES NEGATIVE NUMBERS.
R  INDICATES RECORD WAS SET OR TIED.
MM INDICATES DATA IS MISSING.
T  INDICATES TRACE AMOUNT.




$$
