000
CDUS46 KMTR 010854
CLINUQ


CLIMATE REPORT
NATIONAL WEATHER SERVICE SAN FRANCISCO BAY AREA
1254 AM PST SUN MAR 1 2015


...................................

...THE MOFFETT FIELD CLIMATE SUMMARY FOR FEBRUARY 28 2015...

CLIMATE NORMAL PERIOD 1981 TO 2010
CLIMATE RECORD PERIOD 1945 TO 2015


WEATHER ITEM   OBSERVED TIME   RECORD YEAR NORMAL DEPARTURE LAST
                VALUE   (LST)  VALUE       VALUE  FROM      YEAR
                                                  NORMAL
..................................................................
TEMPERATURE (F)
 YESTERDAY
  MAXIMUM         61    336 PM  77    1992  64     -3       64
  MINIMUM         45    643 AM  32    1955  47     -2       54
  AVERAGE         53                        55     -2       59

PRECIPITATION (IN)
  YESTERDAY        0.05          1.09 1983   0.11  -0.06     1.06
  MONTH TO DATE    2.45                      3.07  -0.62     2.76
  SINCE OCT 1     12.44                     10.66   1.78     3.60
  SINCE JAN 1      2.45                      5.82  -3.37     2.84

DEGREE DAYS
 HEATING
  YESTERDAY       12                                         6
  MONTH TO DATE  198                                       261
  SINCE DEC 1    878                                      1086
  SINCE JUL 1   1105                                      1458

 COOLING
  YESTERDAY        0                                         0
  MONTH TO DATE    0                                         0
  SINCE DEC 1      0                                         0
  SINCE JAN 1      0                                         0
..................................................................


WIND (MPH)
  RESULTANT WIND SPEED   1   RESULTANT WIND DIRECTION   W (270)
  HIGHEST WIND SPEED    16   HIGHEST WIND DIRECTION    SE (150)
  HIGHEST GUST SPEED    22   HIGHEST GUST DIRECTION    SE (130)
  AVERAGE WIND SPEED     3.2


SKY COVER
  POSSIBLE SUNSHINE  MM
  AVERAGE SKY COVER 0.4


WEATHER CONDITIONS
 THE FOLLOWING WEATHER WAS RECORDED YESTERDAY.
  LIGHT RAIN


RELATIVE HUMIDITY (PERCENT)
 HIGHEST    86          1000 PM
 LOWEST     53           300 PM
 AVERAGE    70

..........................................................


THE MOFFETT FIELD CLIMATE NORMALS FOR TODAY
                         NORMAL    RECORD    YEAR
 MAXIMUM TEMPERATURE (F)   64        72      2013
                                             1959
 MINIMUM TEMPERATURE (F)   47        33      1955


SUNRISE AND SUNSET
MARCH  1 2015.........SUNRISE   640 AM PST   SUNSET   602 PM PST
MARCH  2 2015.........SUNRISE   638 AM PST   SUNSET   603 PM PST


-  INDICATES NEGATIVE NUMBERS.
R  INDICATES RECORD WAS SET OR TIED.
MM INDICATES DATA IS MISSING.
T  INDICATES TRACE AMOUNT.




$$
