000
CDUS46 KMTR 180829
CLINUQ


CLIMATE REPORT
NATIONAL WEATHER SERVICE SAN FRANCISCO BAY AREA
129 AM PDT THU SEP 18 2014


...................................

...THE MOFFETT FIELD CLIMATE SUMMARY FOR SEPTEMBER 17 2014...

CLIMATE NORMAL PERIOD 1981 TO 2010
CLIMATE RECORD PERIOD 1945 TO 2014


WEATHER ITEM   OBSERVED TIME   RECORD YEAR NORMAL DEPARTURE LAST
                VALUE   (LST)  VALUE       VALUE  FROM      YEAR
                                                  NORMAL
..................................................................
TEMPERATURE (F)
 YESTERDAY
  MAXIMUM         84    420 PM  94    2000  78      6       75
  MINIMUM         63    306 AM  49    1959  58      5       58
  AVERAGE         74                        68      6       67

PRECIPITATION (IN)
  YESTERDAY        0.00          0.12 1986   0.01  -0.01     0.00
  MONTH TO DATE    0.00                      0.07  -0.07      T
  SINCE JUL 1      T                         0.10  -0.10      T
  SINCE JAN 1      5.19                      9.73  -4.54     1.82

DEGREE DAYS
 HEATING
  YESTERDAY        0                                         0
  MONTH TO DATE    2                                         0
  SINCE SEP 1      2                                         0
  SINCE JUL 1      2                                         4

 COOLING
  YESTERDAY        9                                         2
  MONTH TO DATE   77                                        85
  SINCE SEP 1     77                                        85
  SINCE JAN 1    519                                       444
..................................................................


WIND (MPH)
  RESULTANT WIND SPEED   3   RESULTANT WIND DIRECTION   N (20)
  HIGHEST WIND SPEED    20   HIGHEST WIND DIRECTION     N (350)
  HIGHEST GUST SPEED    23   HIGHEST GUST DIRECTION     N (350)
  AVERAGE WIND SPEED     6.1


SKY COVER
  POSSIBLE SUNSHINE  MM
  AVERAGE SKY COVER 0.4


WEATHER CONDITIONS
 THE FOLLOWING WEATHER WAS RECORDED YESTERDAY.
  NO SIGNIFICANT WEATHER WAS OBSERVED.


RELATIVE HUMIDITY (PERCENT)
 HIGHEST    90           100 AM
 LOWEST     36           600 PM
 AVERAGE    63

..........................................................


THE MOFFETT FIELD CLIMATE NORMALS FOR TODAY
                         NORMAL    RECORD    YEAR
 MAXIMUM TEMPERATURE (F)   78        94      2000
 MINIMUM TEMPERATURE (F)   58        46      1954


SUNRISE AND SUNSET
SEPTEMBER 18 2014.....SUNRISE   653 AM PDT   SUNSET   711 PM PDT
SEPTEMBER 19 2014.....SUNRISE   654 AM PDT   SUNSET   710 PM PDT


-  INDICATES NEGATIVE NUMBERS.
R  INDICATES RECORD WAS SET OR TIED.
MM INDICATES DATA IS MISSING.
T  INDICATES TRACE AMOUNT.




$$
