565
CDUS46 KMTR 230040
CLINUQ


CLIMATE REPORT
NATIONAL WEATHER SERVICE SAN FRANCISCO BAY AREA
439 PM PST MON JAN 22 2018


...................................

...THE MOFFETT FIELD CLIMATE SUMMARY FOR JANUARY 22 2018...
VALID TODAY AS OF 0400 PM LOCAL TIME.

CLIMATE NORMAL PERIOD 1981 TO 2010
CLIMATE RECORD PERIOD 1945 TO 2018


WEATHER ITEM   OBSERVED TIME   RECORD YEAR NORMAL DEPARTURE LAST
                VALUE   (LST)  VALUE       VALUE  FROM      YEAR
                                                  NORMAL
..................................................................
TEMPERATURE (F)
 TODAY
  MAXIMUM         58    228 PM  74    2014  59     -1       57
  MINIMUM         50    804 AM  30    1962  43      7       46
  AVERAGE         54                        51      3       52

PRECIPITATION (IN)
  TODAY            0.05          0.62 1981   0.07  -0.02     0.61
  MONTH TO DATE    2.49                      2.01   0.48     5.17
  SINCE OCT 1      4.44                      6.85  -2.41     9.74
  SINCE JAN 1      2.49                      2.01   0.48     5.17

DEGREE DAYS
 HEATING
  TODAY           11                                        13
  MONTH TO DATE  268                                       328
  SINCE DEC 1    706                                       787
  SINCE JUL 1    988                                      1074

 COOLING
  TODAY            0                                         0
  MONTH TO DATE    0                                         0
  SINCE DEC 1      0                                         0
  SINCE JAN 1      0                                         0
..................................................................


WIND (MPH)
  RESULTANT WIND SPEED   5   RESULTANT WIND DIRECTION  SE (120)
  HIGHEST WIND SPEED    14   HIGHEST WIND DIRECTION     N (340)
  HIGHEST GUST SPEED    18   HIGHEST GUST DIRECTION     N (350)
  AVERAGE WIND SPEED     8.7


SKY COVER
  POSSIBLE SUNSHINE  MM
  AVERAGE SKY COVER 0.9


WEATHER CONDITIONS
 THE FOLLOWING WEATHER WAS RECORDED TODAY.
  LIGHT RAIN
  FOG


RELATIVE HUMIDITY (PERCENT)
 HIGHEST    83           200 AM
 LOWEST     57           300 PM
 AVERAGE    70

..........................................................


THE MOFFETT FIELD CLIMATE NORMALS FOR TOMORROW
                         NORMAL    RECORD    YEAR
 MAXIMUM TEMPERATURE (F)   59        76      1948
 MINIMUM TEMPERATURE (F)   43        33      2007


SUNRISE AND SUNSET
JANUARY 22 2018.......SUNRISE   718 AM PST   SUNSET   522 PM PST
JANUARY 23 2018.......SUNRISE   718 AM PST   SUNSET   523 PM PST


-  INDICATES NEGATIVE NUMBERS.
R  INDICATES RECORD WAS SET OR TIED.
MM INDICATES DATA IS MISSING.
T  INDICATES TRACE AMOUNT.




$$
