000
CDUS46 KMTR 230827
CLINUQ


CLIMATE REPORT
NATIONAL WEATHER SERVICE SAN FRANCISCO BAY AREA
127 AM PDT THU MAR 23 2017


...................................

...THE MOFFETT FIELD CLIMATE SUMMARY FOR MARCH 22 2017...

CLIMATE NORMAL PERIOD 1981 TO 2010
CLIMATE RECORD PERIOD 1945 TO 2017


WEATHER ITEM   OBSERVED TIME   RECORD YEAR NORMAL DEPARTURE LAST
                VALUE   (LST)  VALUE       VALUE  FROM      YEAR
                                                  NORMAL
..................................................................
TEMPERATURE (F)
 YESTERDAY
  MAXIMUM         61    128 PM  77    2000  66     -5       63
  MINIMUM         50   1159 PM  37    1955  48      2       45
  AVERAGE         56                        56      0       54

PRECIPITATION (IN)
  YESTERDAY        0.72          0.77 1992   0.06   0.66     0.05
  MONTH TO DATE    1.40                      1.73  -0.33     3.25
  SINCE OCT 1     16.59                     12.39   4.20    11.61
  SINCE JAN 1     12.02                      7.55   4.47     7.21

DEGREE DAYS
 HEATING
  YESTERDAY        9                                        11
  MONTH TO DATE  170                                       142
  SINCE MAR 1    170                                       142
  SINCE JUL 1   1698                                      1527

 COOLING
  YESTERDAY        0                                         0
  MONTH TO DATE    0                                         0
  SINCE MAR 1      0                                         0
  SINCE JAN 1      0                                         2
..................................................................


WIND (MPH)
  RESULTANT WIND SPEED   4   RESULTANT WIND DIRECTION  NW (300)
  HIGHEST WIND SPEED    17   HIGHEST WIND DIRECTION     N (350)
  HIGHEST GUST SPEED    22   HIGHEST GUST DIRECTION     N (350)
  AVERAGE WIND SPEED     7.1


SKY COVER
  POSSIBLE SUNSHINE  MM
  AVERAGE SKY COVER 0.6


WEATHER CONDITIONS
 THE FOLLOWING WEATHER WAS RECORDED YESTERDAY.
  HEAVY RAIN
  RAIN
  LIGHT RAIN
  FOG


RELATIVE HUMIDITY (PERCENT)
 HIGHEST   100           200 AM
 LOWEST     47           300 PM
 AVERAGE    74

..........................................................


THE MOFFETT FIELD CLIMATE NORMALS FOR TODAY
                         NORMAL    RECORD    YEAR
 MAXIMUM TEMPERATURE (F)   66        78      2007
 MINIMUM TEMPERATURE (F)   48        36      1946


SUNRISE AND SUNSET
MARCH 23 2017.........SUNRISE   707 AM PDT   SUNSET   723 PM PDT
MARCH 24 2017.........SUNRISE   705 AM PDT   SUNSET   724 PM PDT


-  INDICATES NEGATIVE NUMBERS.
R  INDICATES RECORD WAS SET OR TIED.
MM INDICATES DATA IS MISSING.
T  INDICATES TRACE AMOUNT.




$$
