000
CDUS41 KOKX 220617
CLINYC


CLIMATE REPORT
NATIONAL WEATHER SERVICE NEW YORK NY
117 AM EST SUN JAN 22 2017


...................................

...THE CENTRAL PARK NY CLIMATE SUMMARY FOR JANUARY 21 2017...

CLIMATE NORMAL PERIOD 1981 TO 2010
CLIMATE RECORD PERIOD 1869 TO 2017


WEATHER ITEM   OBSERVED TIME   RECORD YEAR NORMAL DEPARTURE LAST
                VALUE   (LST)  VALUE       VALUE  FROM      YEAR
                                                  NORMAL
..................................................................
TEMPERATURE (F)
 YESTERDAY
  MAXIMUM         49    201 PM  63    2006  38     11       36
  MINIMUM         41    635 AM  -2    1985  27     14       26
  AVERAGE         45                        32     13       31

PRECIPITATION (IN)
  YESTERDAY        0.00          3.45 1979   0.12  -0.12     0.00
  MONTH TO DATE    2.36                      2.53  -0.17     2.09
  SINCE DEC 1      5.25                      6.53  -1.28     6.81
  SINCE JAN 1      2.36                      2.53  -0.17     2.09

SNOWFALL (IN)
  YESTERDAY        0.0          11.0  2014   0.2   -0.2      0.0
  MONTH TO DATE    6.9                       4.6    2.3      0.4
  SINCE OCT 1     10.1                       9.7    0.4      0.4
  SINCE JUL 1     10.1                       9.7    0.4      0.4
  SNOW DEPTH       0

DEGREE DAYS
 HEATING
  YESTERDAY       20                        33    -13       34
  MONTH TO DATE  576                       684   -108      641
  SINCE DEC 1   1395                      1536   -141     1075
  SINCE JUL 1   2082                      2369   -287     1663

 COOLING
  YESTERDAY        0                         0      0        0
  MONTH TO DATE    0                         0      0        0
  SINCE DEC 1      0                         0      0        3
  SINCE JAN 1      0                         0      0        0
..................................................................


WIND (MPH)
  HIGHEST WIND SPEED    12   HIGHEST WIND DIRECTION     W (270)
  HIGHEST GUST SPEED    18   HIGHEST GUST DIRECTION     W (270)
  AVERAGE WIND SPEED     3.9


SKY COVER
  AVERAGE SKY COVER 0.8


WEATHER CONDITIONS
 THE FOLLOWING WEATHER WAS RECORDED YESTERDAY.
  FOG
  HAZE


RELATIVE HUMIDITY (PERCENT)
 HIGHEST   100           500 AM
 LOWEST     80           200 PM
 AVERAGE    90

..........................................................


THE CENTRAL PARK NY CLIMATE NORMALS FOR TODAY
                         NORMAL    RECORD    YEAR
 MAXIMUM TEMPERATURE (F)   38        61      1959
                                             1916
 MINIMUM TEMPERATURE (F)   27         0      1888


SUNRISE AND SUNSET
JANUARY 22 2017.......SUNRISE   714 AM EST   SUNSET   501 PM EST
JANUARY 23 2017.......SUNRISE   713 AM EST   SUNSET   503 PM EST


-  INDICATES NEGATIVE NUMBERS.
R  INDICATES RECORD WAS SET OR TIED.
MM INDICATES DATA IS MISSING.
T  INDICATES TRACE AMOUNT.




$$
