270
CDUS41 KOKX 270619
CLINYC


CLIMATE REPORT
NATIONAL WEATHER SERVICE NEW YORK NY
217 AM EDT SAT MAY 27 2017


...................................

...THE CENTRAL PARK NY CLIMATE SUMMARY FOR MAY 26 2017...

CLIMATE NORMAL PERIOD 1981 TO 2010
CLIMATE RECORD PERIOD 1869 TO 2017


WEATHER ITEM   OBSERVED TIME   RECORD YEAR NORMAL DEPARTURE LAST
                VALUE   (LST)  VALUE       VALUE  FROM      YEAR
                                                  NORMAL
..................................................................
TEMPERATURE (F)
 YESTERDAY
  MAXIMUM         73    622 PM  95    1880  74     -1       90
  MINIMUM         56    629 AM  42    1967  57     -1       69
  AVERAGE         65                        65      0       80

PRECIPITATION (IN)
  YESTERDAY        0.10          1.28 2003   0.15  -0.05     0.00
  MONTH TO DATE    6.16                      3.45   2.71     2.10
  SINCE MAR 1     15.25                     12.31   2.94     4.88
  SINCE JAN 1     22.56                     19.05   3.51    13.69

SNOWFALL (IN)
  YESTERDAY        0.0           0.0  2002   0.0    0.0      0.0
                                      2001
  MONTH TO DATE    0.0                       0.0    0.0      0.0
  SINCE OCT 1     30.2                      25.8    4.4     32.8
  SINCE JUL 1     30.2                      25.8    4.4     32.8
  SNOW DEPTH       0

DEGREE DAYS
 HEATING
  YESTERDAY        0                         3     -3        0
  MONTH TO DATE  152                       127     25      161
  SINCE MAR 1   1206                      1198      8     1014
  SINCE JUL 1   4189                      4720   -531     3761

 COOLING
  YESTERDAY        0                         3     -3       15
  MONTH TO DATE   53                        41     12       31
  SINCE MAR 1     87                        53     34       50
  SINCE JAN 1     87                        53     34       50
..................................................................


WIND (MPH)
  HIGHEST WIND SPEED    16   HIGHEST WIND DIRECTION     W (290)
  HIGHEST GUST SPEED    25   HIGHEST GUST DIRECTION     W (270)
  AVERAGE WIND SPEED     4.9


SKY COVER
  AVERAGE SKY COVER 0.8


WEATHER CONDITIONS
 THE FOLLOWING WEATHER WAS RECORDED YESTERDAY.
  LIGHT RAIN
  FOG


RELATIVE HUMIDITY (PERCENT)
 HIGHEST    93           100 AM
 LOWEST     49           500 PM
 AVERAGE    71

..........................................................


THE CENTRAL PARK NY CLIMATE NORMALS FOR TODAY
                         NORMAL    RECORD    YEAR
 MAXIMUM TEMPERATURE (F)   74        96      1880
 MINIMUM TEMPERATURE (F)   57        41      1961


SUNRISE AND SUNSET
MAY 27 2017...........SUNRISE   529 AM EDT   SUNSET   817 PM EDT
MAY 28 2017...........SUNRISE   529 AM EDT   SUNSET   818 PM EDT


-  INDICATES NEGATIVE NUMBERS.
R  INDICATES RECORD WAS SET OR TIED.
MM INDICATES DATA IS MISSING.
T  INDICATES TRACE AMOUNT.




$$
