000
CDUS41 KOKX 250626
CLINYC


CLIMATE REPORT
NATIONAL WEATHER SERVICE NEW YORK NY
225 AM EDT MON SEP 25 2017


...................................

...THE CENTRAL PARK NY CLIMATE SUMMARY FOR SEPTEMBER 24 2017...

CLIMATE NORMAL PERIOD 1981 TO 2010
CLIMATE RECORD PERIOD 1869 TO 2017


WEATHER ITEM   OBSERVED TIME   RECORD YEAR NORMAL DEPARTURE LAST
                VALUE   (LST)  VALUE       VALUE  FROM      YEAR
                                                  NORMAL
..................................................................
TEMPERATURE (F)
 YESTERDAY
  MAXIMUM         91R   223 PM  89    1959  72     19       71
  MINIMUM         69    615 AM  40    1963  58     11       58
  AVERAGE         80                        65     15       65

PRECIPITATION (IN)
  YESTERDAY        0.00          2.26 1975   0.15  -0.15     0.20
  MONTH TO DATE    2.00                      3.36  -1.36     2.17
  SINCE SEP 1      2.00                      3.36  -1.36     2.17
  SINCE JAN 1     37.07                     36.60   0.47    29.10

SNOWFALL (IN)
  YESTERDAY        0.0           0.0  2002   0.0    0.0      0.0
                                      2001
  MONTH TO DATE    0.0                       0.0    0.0      0.0
  SINCE OCT 1     30.2                      25.8    4.4     32.8
  SINCE JUL 1      0.0                       0.0    0.0      0.0
  SNOW DEPTH       0

DEGREE DAYS
 HEATING
  YESTERDAY        0                         2     -2        0
  MONTH TO DATE    9                        21    -12        0
  SINCE SEP 1      9                        21    -12        0
  SINCE JUL 1      9                        23    -14        0

 COOLING
  YESTERDAY       15                         2     13        0
  MONTH TO DATE  148                       121     27      224
  SINCE SEP 1    148                       121     27      224
  SINCE JAN 1   1142                      1075     67     1456
..................................................................


WIND (MPH)
  HIGHEST WIND SPEED     9   HIGHEST WIND DIRECTION    NE (30)
  HIGHEST GUST SPEED    12   HIGHEST GUST DIRECTION    NE (30)
  AVERAGE WIND SPEED     1.6


SKY COVER
  AVERAGE SKY COVER 0.0


WEATHER CONDITIONS
 THE FOLLOWING WEATHER WAS RECORDED YESTERDAY.
  NO SIGNIFICANT WEATHER WAS OBSERVED.


RELATIVE HUMIDITY (PERCENT)
 HIGHEST    78           600 AM
 LOWEST     41          1200 PM
 AVERAGE    60

..........................................................


THE CENTRAL PARK NY CLIMATE NORMALS FOR TODAY
                         NORMAL    RECORD    YEAR
 MAXIMUM TEMPERATURE (F)   72        90      1970
 MINIMUM TEMPERATURE (F)   57        40      1887


SUNRISE AND SUNSET
SEPTEMBER 25 2017.....SUNRISE   647 AM EDT   SUNSET   648 PM EDT
SEPTEMBER 26 2017.....SUNRISE   648 AM EDT   SUNSET   646 PM EDT


-  INDICATES NEGATIVE NUMBERS.
R  INDICATES RECORD WAS SET OR TIED.
MM INDICATES DATA IS MISSING.
T  INDICATES TRACE AMOUNT.




$$
