964
CDUS41 KOKX 260635
CLINYC


CLIMATE REPORT
NATIONAL WEATHER SERVICE NEW YORK NY
127 AM EST SUN FEB 26 2017


...................................

...THE CENTRAL PARK NY CLIMATE SUMMARY FOR FEBRUARY 25 2017...

CLIMATE NORMAL PERIOD 1981 TO 2010
CLIMATE RECORD PERIOD 1869 TO 2017


WEATHER ITEM   OBSERVED TIME   RECORD YEAR NORMAL DEPARTURE LAST
                VALUE   (LST)  VALUE       VALUE  FROM      YEAR
                                                  NORMAL
..................................................................
TEMPERATURE (F)
 YESTERDAY
  MAXIMUM         63    317 PM  75    1930  44     19       61
  MINIMUM         44   1159 PM   1    1914  31     13       37
                                      1894
  AVERAGE         54                        37     17       49

PRECIPITATION (IN)
  YESTERDAY        0.54          2.11 1916   0.11   0.43     0.02
  MONTH TO DATE    2.48                      2.73  -0.25     4.35
  SINCE DEC 1     10.20                     10.38  -0.18    13.48
  SINCE JAN 1      7.31                      6.38   0.93     8.76

SNOWFALL (IN)
  YESTERDAY        0.0           9.4  2010   0.3   -0.3      0.0
  MONTH TO DATE    9.4                       8.4    1.0      4.0
  SINCE OCT 1     20.5                      20.5    0.0     31.9
  SINCE JUL 1     20.5                      20.5    0.0     31.9
  SNOW DEPTH       0

DEGREE DAYS
 HEATING
  YESTERDAY       11                        28    -17       16
  MONTH TO DATE  591                       750   -159      695
  SINCE DEC 1   2239                      2606   -367     2069
  SINCE JUL 1   2926                      3439   -513     2657

 COOLING
  YESTERDAY        0                         0      0        0
  MONTH TO DATE    0                         0      0        0
  SINCE DEC 1      0                         0      0        3
  SINCE JAN 1      0                         0      0        0
..................................................................


WIND (MPH)
  HIGHEST WIND SPEED    20   HIGHEST WIND DIRECTION     S (190)
  HIGHEST GUST SPEED    28   HIGHEST GUST DIRECTION     S (200)
  AVERAGE WIND SPEED     6.8


SKY COVER
  AVERAGE SKY COVER 0.7


WEATHER CONDITIONS
 THE FOLLOWING WEATHER WAS RECORDED YESTERDAY.
  HEAVY RAIN
  RAIN
  LIGHT RAIN
  FOG


RELATIVE HUMIDITY (PERCENT)
 HIGHEST   100           700 AM
 LOWEST     76          1100 PM
 AVERAGE    88

..........................................................


THE CENTRAL PARK NY CLIMATE NORMALS FOR TODAY
                         NORMAL    RECORD    YEAR
 MAXIMUM TEMPERATURE (F)   44        65      1890
 MINIMUM TEMPERATURE (F)   31         7      1990
                                             1928


SUNRISE AND SUNSET
FEBRUARY 26 2017......SUNRISE   634 AM EST   SUNSET   544 PM EST
FEBRUARY 27 2017......SUNRISE   633 AM EST   SUNSET   545 PM EST


-  INDICATES NEGATIVE NUMBERS.
R  INDICATES RECORD WAS SET OR TIED.
MM INDICATES DATA IS MISSING.
T  INDICATES TRACE AMOUNT.




$$
