000
CDUS45 KPSR 030013
CLINYL

CLIMATE REPORT
NATIONAL WEATHER SERVICE PHOENIX AZ
511 PM MST TUE SEP 2 2014


...................................

...THE YUMA AZ CLIMATE SUMMARY FOR SEPTEMBER 2 2014...
VALID TODAY AS OF 0500 PM LOCAL TIME.

CLIMATE NORMAL PERIOD 1981 TO 2010
CLIMATE RECORD PERIOD 1876 TO 2014


WEATHER ITEM   OBSERVED TIME   RECORD YEAR NORMAL DEPARTURE LAST
                VALUE   (LST)  VALUE       VALUE  FROM      YEAR
                                                  NORMAL
..................................................................
TEMPERATURE (F)
 TODAY
  MAXIMUM        109    459 PM 117    1948 105      4      106
  MINIMUM         80    608 AM  63    1887  81     -1       85
  AVERAGE         95                        93      2       96

PRECIPITATION (IN)
  TODAY            0.00          1.79 2007   0.02  -0.02     0.00
  MONTH TO DATE    0.00                      0.04  -0.04     0.00
  SINCE OCT 1      1.95                      3.07  -1.12     2.43
  SINCE JAN 1      0.84                      2.13  -1.29     1.80

DEGREE DAYS
 HEATING
  TODAY            0                         0      0        0
  MONTH TO DATE    0                         0      0        0
  SINCE SEP 1      0                         0      0        0
  SINCE JUL 1      0                         0      0        0

 COOLING
  TODAY           30                        28      2       31
  MONTH TO DATE   63                        56      7       62
  SINCE SEP 1     63                        56      7       62
  SINCE JAN 1   3899                      3509    390     3760
..................................................................


WIND (MPH)
  RESULTANT WIND SPEED   3   RESULTANT WIND DIRECTION  SE (140)
  HIGHEST WIND SPEED    15   HIGHEST WIND DIRECTION     S (160)
  HIGHEST GUST SPEED    19   HIGHEST GUST DIRECTION     S (190)
  AVERAGE WIND SPEED     4.8


SKY COVER
  AVERAGE SKY COVER 0.0


WEATHER CONDITIONS
 THE FOLLOWING WEATHER WAS RECORDED TODAY.
  NO SIGNIFICANT WEATHER WAS OBSERVED.


RELATIVE HUMIDITY (PERCENT)
 HIGHEST    40
 LOWEST     13
 AVERAGE    27

..........................................................


THE YUMA AZ CLIMATE NORMALS FOR TOMORROW
                         NORMAL    RECORD    YEAR
 MAXIMUM TEMPERATURE (F)  105       115      2010
                                             1955
                                             1950
 MINIMUM TEMPERATURE (F)   81        63      1900


SUNRISE AND SUNSET
SEPTEMBER  2 2014.....SUNRISE   614 AM MST   SUNSET   702 PM MST
SEPTEMBER  3 2014.....SUNRISE   615 AM MST   SUNSET   700 PM MST


-  INDICATES NEGATIVE NUMBERS.
R  INDICATES RECORD WAS SET OR TIED.
MM INDICATES DATA IS MISSING.
T  INDICATES TRACE AMOUNT.

$$
