852
CDUS45 KPSR 230833 RRA
CLINYL

CLIMATE REPORT
NATIONAL WEATHER SERVICE PHOENIX AZ
132 AM MST THU MAR 23 2017


...................................

...THE YUMA AZ CLIMATE SUMMARY FOR MARCH 22 2017...

CLIMATE NORMAL PERIOD 1981 TO 2010
CLIMATE RECORD PERIOD 1876 TO 2017


WEATHER ITEM   OBSERVED TIME   RECORD YEAR NORMAL DEPARTURE LAST
                VALUE   (LST)  VALUE       VALUE  FROM      YEAR
                                                  NORMAL
..................................................................
TEMPERATURE (F)
 YESTERDAY
  MAXIMUM         81    316 PM  98    2004  81      0       79
  MINIMUM         58   1159 PM  36    1924  55      3       61
  AVERAGE         70                        68      2       70

PRECIPITATION (IN)
  YESTERDAY        0.19          0.34 1909   0.01   0.18     0.00
  MONTH TO DATE    0.19                      0.25  -0.06     0.00
  SINCE OCT 1      2.51                      1.95   0.56     0.63
  SINCE JAN 1      1.56                      1.01   0.55     0.49

DEGREE DAYS
 HEATING
  YESTERDAY        0                         1     -1        0
  MONTH TO DATE   13                        42    -29       11
  SINCE MAR 1     13                        42    -29       11
  SINCE JUL 1    526                       665   -139      587

 COOLING
  YESTERDAY        5                         4      1        5
  MONTH TO DATE  183                        72    111      145
  SINCE MAR 1    183                        72    111      145
  SINCE JAN 1    224                       108    116      281
..................................................................


WIND (MPH)
  HIGHEST WIND SPEED    31   HIGHEST WIND DIRECTION     W (280)
  HIGHEST GUST SPEED    40   HIGHEST GUST DIRECTION     W (290)
  AVERAGE WIND SPEED     9.5


SKY COVER
  AVERAGE SKY COVER 0.5


WEATHER CONDITIONS
 THE FOLLOWING WEATHER WAS RECORDED YESTERDAY.
  THUNDERSTORM
  RAIN
  SANDSTORM


RELATIVE HUMIDITY (PERCENT)
 HIGHEST    67
 LOWEST     33
 AVERAGE    50

..........................................................


THE YUMA AZ CLIMATE NORMALS FOR TODAY
                         NORMAL    RECORD    YEAR
 MAXIMUM TEMPERATURE (F)   81        96      1990
 MINIMUM TEMPERATURE (F)   55        39      1936


SUNRISE AND SUNSET
MARCH 23 2017.........SUNRISE   638 AM MST   SUNSET   652 PM MST
MARCH 24 2017.........SUNRISE   637 AM MST   SUNSET   653 PM MST


-  INDICATES NEGATIVE NUMBERS.
R  INDICATES RECORD WAS SET OR TIED.
MM INDICATES DATA IS MISSING.
T  INDICATES TRACE AMOUNT.

$$
