000
CDUS45 KPSR 270849
CLINYL

CDUS45 KPSR DDHHMM
CLINYL

CLIMATE REPORT
NATIONAL WEATHER SERVICE PHOENIX AZ
143 AM MST FRI MAY 27 2016


...................................

...THE YUMA AZ CLIMATE SUMMARY FOR MAY 26 2016...

CLIMATE NORMAL PERIOD 1981 TO 2010
CLIMATE RECORD PERIOD 1876 TO 2016


WEATHER ITEM   OBSERVED TIME   RECORD YEAR NORMAL DEPARTURE LAST
                VALUE   (LST)  VALUE       VALUE  FROM      YEAR
                                                  NORMAL
..................................................................
TEMPERATURE (F)
 YESTERDAY
  MAXIMUM         89    539 PM 115    1951  98     -9       94
  MINIMUM         59    406 AM  50    1916  69    -10       67
                                      1911
  AVERAGE         74                        84    -10       81

PRECIPITATION (IN)
  YESTERDAY        0.00          T    1979   0.00   0.00     0.00
                                      1961
                                      1885
  MONTH TO DATE    0.18                      0.07   0.11     0.31
  SINCE OCT 1      1.12                      2.25  -1.13     1.26
  SINCE JAN 1      0.98                      1.31  -0.33     0.82

DEGREE DAYS
 HEATING
  YESTERDAY        0                         0      0        0
  MONTH TO DATE    0                         0      0        3
  SINCE MAR 1     22                        63    -41       26
  SINCE JUL 1    598                       686    -88       86

 COOLING
  YESTERDAY        9                        19    -10       16
  MONTH TO DATE  330                       408    -78      284
  SINCE MAR 1    782                       778      4      863
  SINCE JAN 1    918                       814    104      974
..................................................................


WIND (MPH)
  HIGHEST WIND SPEED    14   HIGHEST WIND DIRECTION     W (270)
  HIGHEST GUST SPEED    18   HIGHEST GUST DIRECTION     W (270)
  AVERAGE WIND SPEED     6.6


SKY COVER
  AVERAGE SKY COVER 0.1


WEATHER CONDITIONS
 THE FOLLOWING WEATHER WAS RECORDED YESTERDAY.
  HAZE


RELATIVE HUMIDITY (PERCENT)
 HIGHEST    51
 LOWEST     15
 AVERAGE    33

..........................................................


THE YUMA AZ CLIMATE NORMALS FOR TODAY
                         NORMAL    RECORD    YEAR
 MAXIMUM TEMPERATURE (F)   99       114      1951
 MINIMUM TEMPERATURE (F)   70        49      1911


SUNRISE AND SUNSET
MAY 27 2016...........SUNRISE   533 AM MST   SUNSET   739 PM MST
MAY 28 2016...........SUNRISE   533 AM MST   SUNSET   739 PM MST


-  INDICATES NEGATIVE NUMBERS.
R  INDICATES RECORD WAS SET OR TIED.
MM INDICATES DATA IS MISSING.
T  INDICATES TRACE AMOUNT.

$$
