000
CDUS45 KPSR 300824
CLINYL

CLIMATE REPORT
NATIONAL WEATHER SERVICE PHOENIX AZ
120 AM MST SAT JUL 30 2016


...................................

...THE YUMA AZ CLIMATE SUMMARY FOR JULY 29 2016...

CLIMATE NORMAL PERIOD 1981 TO 2010
CLIMATE RECORD PERIOD 1876 TO 2016


WEATHER ITEM   OBSERVED TIME   RECORD YEAR NORMAL DEPARTURE LAST
                VALUE   (LST)  VALUE       VALUE  FROM      YEAR
                                                  NORMAL
..................................................................
TEMPERATURE (F)
 YESTERDAY
  MAXIMUM        109    354 PM 118    1878 107      2      105
  MINIMUM         85    639 AM  66    1913  83      2       88
                                      1892
  AVERAGE         97                        95      2       97

PRECIPITATION (IN)
  YESTERDAY        0.00          1.36 1932   0.02  -0.02      T
  MONTH TO DATE    0.38                      0.26   0.12     0.09
  SINCE OCT 1      1.50                      2.53  -1.03     1.68
  SINCE JAN 1      1.36                      1.59  -0.23     1.24

DEGREE DAYS
 HEATING
  YESTERDAY        0                         0      0        0
  MONTH TO DATE    0                         0      0        0
  SINCE JUN 1      0                         0      0        0
  SINCE JUL 1      0                         0      0        0

 COOLING
  YESTERDAY       32                        30      2       32
  MONTH TO DATE  920                       854     66      827
  SINCE JUN 1   1753                      1575    178     1617
  SINCE JAN 1   2754                      2487    267     2696
..................................................................


WIND (MPH)
  HIGHEST WIND SPEED    36   HIGHEST WIND DIRECTION     E (80)
  HIGHEST GUST SPEED    41   HIGHEST GUST DIRECTION     E (70)
  AVERAGE WIND SPEED    14.3


SKY COVER
  AVERAGE SKY COVER 0.2


WEATHER CONDITIONS
 THE FOLLOWING WEATHER WAS RECORDED YESTERDAY.
  SANDSTORM


RELATIVE HUMIDITY (PERCENT)
 HIGHEST    75
 LOWEST     25
 AVERAGE    50

..........................................................


THE YUMA AZ CLIMATE NORMALS FOR TODAY
                         NORMAL    RECORD    YEAR
 MAXIMUM TEMPERATURE (F)  107       117      1957
                                             1878
 MINIMUM TEMPERATURE (F)   83        66      1913


SUNRISE AND SUNSET
JULY 30 2016..........SUNRISE   552 AM MST   SUNSET   738 PM MST
JULY 31 2016..........SUNRISE   552 AM MST   SUNSET   737 PM MST


-  INDICATES NEGATIVE NUMBERS.
R  INDICATES RECORD WAS SET OR TIED.
MM INDICATES DATA IS MISSING.
T  INDICATES TRACE AMOUNT.

$$
