000
CDUS45 KPSR 270011
CLINYL

CLIMATE REPORT
NATIONAL WEATHER SERVICE PHOENIX AZ
510 PM MST WED NOV 26 2014


...................................

...THE YUMA AZ CLIMATE SUMMARY FOR NOVEMBER 26 2014...
VALID TODAY AS OF 0500 PM LOCAL TIME.

CLIMATE NORMAL PERIOD 1981 TO 2010
CLIMATE RECORD PERIOD 1876 TO 2014


WEATHER ITEM   OBSERVED TIME   RECORD YEAR NORMAL DEPARTURE LAST
                VALUE   (LST)  VALUE       VALUE  FROM      YEAR
                                                  NORMAL
..................................................................
TEMPERATURE (F)
 TODAY
  MAXIMUM         79    411 PM  87    1950  73      6       73
                                      1949
  MINIMUM         50    250 AM  32    1931  50      0       51
  AVERAGE         65                        62      3       62

PRECIPITATION (IN)
  TODAY            0.00          2.22 2008   0.01  -0.01     0.00
  MONTH TO DATE    T                         0.17  -0.17     1.00
  SINCE OCT 1      0.05                      0.38  -0.33     1.00
  SINCE JAN 1      2.33                      3.00  -0.67     3.31

DEGREE DAYS
 HEATING
  TODAY            0                         4     -4        3
  MONTH TO DATE   15                        46    -31       28
  SINCE SEP 1     15                        48    -33       28
  SINCE JUL 1     15                        48    -33       28

 COOLING
  TODAY            0                         1     -1        0
  MONTH TO DATE   99                        85     14      105
  SINCE SEP 1   1446                      1194    252     1107
  SINCE JAN 1   5282                      4647    635     4805
..................................................................


WIND (MPH)
  RESULTANT WIND SPEED   7   RESULTANT WIND DIRECTION   N (20)
  HIGHEST WIND SPEED    15   HIGHEST WIND DIRECTION     N (350)
  HIGHEST GUST SPEED    20   HIGHEST GUST DIRECTION     N (350)
  AVERAGE WIND SPEED     7.6


SKY COVER
  AVERAGE SKY COVER 0.0


WEATHER CONDITIONS
 THE FOLLOWING WEATHER WAS RECORDED TODAY.
  NO SIGNIFICANT WEATHER WAS OBSERVED.


RELATIVE HUMIDITY (PERCENT)
 HIGHEST    35
 LOWEST      8
 AVERAGE    22

..........................................................


THE YUMA AZ CLIMATE NORMALS FOR TOMORROW
                         NORMAL    RECORD    YEAR
 MAXIMUM TEMPERATURE (F)   73        88      1950
 MINIMUM TEMPERATURE (F)   50        31      1880


SUNRISE AND SUNSET
NOVEMBER 26 2014......SUNRISE   718 AM MST   SUNSET   533 PM MST
NOVEMBER 27 2014......SUNRISE   719 AM MST   SUNSET   533 PM MST


-  INDICATES NEGATIVE NUMBERS.
R  INDICATES RECORD WAS SET OR TIED.
MM INDICATES DATA IS MISSING.
T  INDICATES TRACE AMOUNT.

$$
