000
CDUS45 KPSR 020821 RRA
CLINYL

CLIMATE REPORT
NATIONAL WEATHER SERVICE PHOENIX AZ
119 AM MST WED SEP 2 2015


...................................

...THE YUMA AZ CLIMATE SUMMARY FOR SEPTEMBER 1 2015...

CLIMATE NORMAL PERIOD 1981 TO 2010
CLIMATE RECORD PERIOD 1876 TO 2015


WEATHER ITEM   OBSERVED TIME   RECORD YEAR NORMAL DEPARTURE LAST
                VALUE   (LST)  VALUE       VALUE  FROM      YEAR
                                                  NORMAL
..................................................................
TEMPERATURE (F)
 YESTERDAY
  MAXIMUM        104    430 PM 123    1950 105     -1      110
  MINIMUM         85    619 AM  62    1902  81      4       86
                                      1887
  AVERAGE         95                        93      2       98

PRECIPITATION (IN)
  YESTERDAY        0.00          0.51 1894   0.02  -0.02     0.00
  MONTH TO DATE    0.00                      0.02  -0.02     0.00
  SINCE OCT 1      1.68                      3.05  -1.37     1.95
  SINCE JAN 1      1.24                      2.11  -0.87     0.84

DEGREE DAYS
 HEATING
  YESTERDAY        0                         0      0        0
  MONTH TO DATE    0                         0      0        0
  SINCE SEP 1      0                         0      0        0
  SINCE JUL 1      0                         0      0        0

 COOLING
  YESTERDAY       30                        28      2       33
  MONTH TO DATE   30                        28      2       33
  SINCE SEP 1     30                        28      2       33
  SINCE JAN 1   3817                      3481    336     3869
..................................................................


WIND (MPH)
  HIGHEST WIND SPEED    23   HIGHEST WIND DIRECTION    SE (130)
  HIGHEST GUST SPEED    27   HIGHEST GUST DIRECTION    SE (130)
  AVERAGE WIND SPEED    12.7


SKY COVER
  AVERAGE SKY COVER 0.5


WEATHER CONDITIONS
 THE FOLLOWING WEATHER WAS RECORDED YESTERDAY.
  NO SIGNIFICANT WEATHER WAS OBSERVED.


RELATIVE HUMIDITY (PERCENT)
 HIGHEST    70
 LOWEST     17
 AVERAGE    44

..........................................................


THE YUMA AZ CLIMATE NORMALS FOR TODAY
                         NORMAL    RECORD    YEAR
 MAXIMUM TEMPERATURE (F)  105       117      1948
 MINIMUM TEMPERATURE (F)   81        63      1887


SUNRISE AND SUNSET
SEPTEMBER  2 2015.....SUNRISE   614 AM MST   SUNSET   702 PM MST
SEPTEMBER  3 2015.....SUNRISE   614 AM MST   SUNSET   701 PM MST


-  INDICATES NEGATIVE NUMBERS.
R  INDICATES RECORD WAS SET OR TIED.
MM INDICATES DATA IS MISSING.
T  INDICATES TRACE AMOUNT.




$$
