000
CDUS46 KMTR 290845
CLIOAK


CLIMATE REPORT
NATIONAL WEATHER SERVICE SAN FRANCISCO BAY AREA
145 AM PDT MON MAY 29 2017


...................................

...THE OAKLAND AIRPORT CLIMATE SUMMARY FOR MAY 28 2017...

CLIMATE NORMAL PERIOD 1981 TO 2010
CLIMATE RECORD PERIOD 1948 TO 2017


WEATHER ITEM   OBSERVED TIME   RECORD YEAR NORMAL DEPARTURE LAST
                VALUE   (LST)  VALUE       VALUE  FROM      YEAR
                                                  NORMAL
..................................................................
TEMPERATURE (F)
 YESTERDAY
  MAXIMUM         65    257 PM  96    1975  68     -3       82
  MINIMUM         55    339 AM  47    1959  52      3       56
  AVERAGE         60                        60      0       69

PRECIPITATION (IN)
  YESTERDAY        0.00          0.20 2011   0.02  -0.02     0.00
  MONTH TO DATE    T                         0.64  -0.64     0.02
  SINCE OCT 1     28.45                     20.31   8.14    16.56
  SINCE JAN 1     20.02                     13.00   7.02    11.34

SNOWFALL (IN)
  YESTERDAY        0.0                                       0.0
  MONTH TO DATE    0.0                                       0.0
  SINCE MAR 1      0.0                                       0.0
  SINCE JUL 1      0.0                                       0.0

DEGREE DAYS
 HEATING
  YESTERDAY        5                         5      0        0
  MONTH TO DATE   82                       167    -85       80
  SINCE MAR 1    447                       731   -284      415
  SINCE JUL 1   1976                      2753   -777     1890

 COOLING
  YESTERDAY        0                         0      0        4
  MONTH TO DATE   34                         0     34       14
  SINCE MAR 1     36                         6     30       32
  SINCE JAN 1     36                         6     30       33
..................................................................


WIND (MPH)
  RESULTANT WIND SPEED  12   RESULTANT WIND DIRECTION   W (270)
  HIGHEST WIND SPEED    21   HIGHEST WIND DIRECTION     W (270)
  HIGHEST GUST SPEED    25   HIGHEST GUST DIRECTION     W (270)
  AVERAGE WIND SPEED    12.3


SKY COVER
  POSSIBLE SUNSHINE  MM
  AVERAGE SKY COVER 0.8


WEATHER CONDITIONS
 THE FOLLOWING WEATHER WAS RECORDED YESTERDAY.
  NO SIGNIFICANT WEATHER WAS OBSERVED.


RELATIVE HUMIDITY (PERCENT)
 HIGHEST    86           400 AM
 LOWEST     67           100 PM
 AVERAGE    77

..........................................................


THE OAKLAND AIRPORT CLIMATE NORMALS FOR TODAY
                         NORMAL    RECORD    YEAR
 MAXIMUM TEMPERATURE (F)   68        98      1975
 MINIMUM TEMPERATURE (F)   52        47      2000


SUNRISE AND SUNSET
MAY 29 2017...........SUNRISE   550 AM PDT   SUNSET   823 PM PDT
MAY 30 2017...........SUNRISE   549 AM PDT   SUNSET   824 PM PDT


-  INDICATES NEGATIVE NUMBERS.
R  INDICATES RECORD WAS SET OR TIED.
MM INDICATES DATA IS MISSING.
T  INDICATES TRACE AMOUNT.




$$
