000
CDUS46 KMTR 230826
CLIOAK


CLIMATE REPORT
NATIONAL WEATHER SERVICE SAN FRANCISCO BAY AREA
125 AM PDT SAT MAY 23 2015


...................................

...THE OAKLAND AIRPORT CLIMATE SUMMARY FOR MAY 22 2015...

CLIMATE NORMAL PERIOD 1981 TO 2010
CLIMATE RECORD PERIOD 1948 TO 2015


WEATHER ITEM   OBSERVED TIME   RECORD YEAR NORMAL DEPARTURE LAST
                VALUE   (LST)  VALUE       VALUE  FROM      YEAR
                                                  NORMAL
..................................................................
TEMPERATURE (F)
 YESTERDAY
  MAXIMUM         62    143 PM  82    2000  68     -6       69
  MINIMUM         56   1159 PM  44    1960  52      4       54
  AVERAGE         59                        60     -1       62

PRECIPITATION (IN)
  YESTERDAY        0.00          0.25 1958   0.01  -0.01     0.00
  MONTH TO DATE    T                         0.56  -0.56      T
  SINCE OCT 1     14.39                     20.23  -5.84     9.44
  SINCE JAN 1      3.17                     12.92  -9.75     7.98

SNOWFALL (IN)
  YESTERDAY        0.0                                       0.0
  MONTH TO DATE    0.0                                       0.0
  SINCE MAR 1      0.0                                       0.0
  SINCE JUL 1      0.0                                       0.0

DEGREE DAYS
 HEATING
  YESTERDAY        6                         6      0        3
  MONTH TO DATE  149                       135     14       53
  SINCE MAR 1    561                       699   -138      419
  SINCE JUL 1   1870                      2721   -851     2240

 COOLING
  YESTERDAY        0                         0      0        0
  MONTH TO DATE    0                         0      0       31
  SINCE MAR 1      4                         6     -2       44
  SINCE JAN 1      4                         6     -2       44
..................................................................


WIND (MPH)
  RESULTANT WIND SPEED  11   RESULTANT WIND DIRECTION   W (260)
  HIGHEST WIND SPEED    21   HIGHEST WIND DIRECTION     W (270)
  HIGHEST GUST SPEED    23   HIGHEST GUST DIRECTION     W (270)
  AVERAGE WIND SPEED    11.7


SKY COVER
  POSSIBLE SUNSHINE  MM
  AVERAGE SKY COVER 1.0


WEATHER CONDITIONS
 THE FOLLOWING WEATHER WAS RECORDED YESTERDAY.
  NO SIGNIFICANT WEATHER WAS OBSERVED.


RELATIVE HUMIDITY (PERCENT)
 HIGHEST    83           400 AM
 LOWEST     64           500 PM
 AVERAGE    74

..........................................................


THE OAKLAND AIRPORT CLIMATE NORMALS FOR TODAY
                         NORMAL    RECORD    YEAR
 MAXIMUM TEMPERATURE (F)   68        87      1952
 MINIMUM TEMPERATURE (F)   52        46      2010
                                             2002


SUNRISE AND SUNSET
MAY 23 2015...........SUNRISE   553 AM PDT   SUNSET   818 PM PDT
MAY 24 2015...........SUNRISE   553 AM PDT   SUNSET   819 PM PDT


-  INDICATES NEGATIVE NUMBERS.
R  INDICATES RECORD WAS SET OR TIED.
MM INDICATES DATA IS MISSING.
T  INDICATES TRACE AMOUNT.




$$
