000
CDUS46 KMTR 240826
CLIOAK


CLIMATE REPORT
NATIONAL WEATHER SERVICE SAN FRANCISCO BAY AREA
126 AM PDT FRI MAR 24 2017


...................................

...THE OAKLAND AIRPORT CLIMATE SUMMARY FOR MARCH 23 2017...

CLIMATE NORMAL PERIOD 1981 TO 2010
CLIMATE RECORD PERIOD 1948 TO 2017


WEATHER ITEM   OBSERVED TIME   RECORD YEAR NORMAL DEPARTURE LAST
                VALUE   (LST)  VALUE       VALUE  FROM      YEAR
                                                  NORMAL
..................................................................
TEMPERATURE (F)
 YESTERDAY
  MAXIMUM         62    303 PM  74    1951  63     -1       67
  MINIMUM         45    631 AM  38    1957  46     -1       47
  AVERAGE         54                        55     -1       57

PRECIPITATION (IN)
  YESTERDAY        0.00          1.15 1950   0.08  -0.08     0.00
  MONTH TO DATE    1.97                      2.42  -0.45     4.80
  SINCE OCT 1     25.27                     17.67   7.60    15.54
  SINCE JAN 1     16.84                     10.36   6.48    10.32

SNOWFALL (IN)
  YESTERDAY        0.0                                       0.0
  MONTH TO DATE    0.0                                       0.0
  SINCE MAR 1      0.0                                       0.0
  SINCE JUL 1      0.0                                       0.0

DEGREE DAYS
 HEATING
  YESTERDAY       11                        10      1        8
  MONTH TO DATE  169                       254    -85      157
  SINCE MAR 1    169                       254    -85      157
  SINCE JUL 1   1698                      2276   -578     1632

 COOLING
  YESTERDAY        0                         0      0        0
  MONTH TO DATE    1                         0      1        0
  SINCE MAR 1      1                         0      1        0
  SINCE JAN 1      1                         0      1        1
..................................................................


WIND (MPH)
  RESULTANT WIND SPEED   5   RESULTANT WIND DIRECTION   W (270)
  HIGHEST WIND SPEED    18   HIGHEST WIND DIRECTION     W (260)
  HIGHEST GUST SPEED    21   HIGHEST GUST DIRECTION     W (260)
  AVERAGE WIND SPEED     7.3


SKY COVER
  POSSIBLE SUNSHINE  MM
  AVERAGE SKY COVER 0.5


WEATHER CONDITIONS
 THE FOLLOWING WEATHER WAS RECORDED YESTERDAY.
  NO SIGNIFICANT WEATHER WAS OBSERVED.


RELATIVE HUMIDITY (PERCENT)
 HIGHEST    93           500 AM
 LOWEST     55           100 PM
 AVERAGE    74

..........................................................


THE OAKLAND AIRPORT CLIMATE NORMALS FOR TODAY
                         NORMAL    RECORD    YEAR
 MAXIMUM TEMPERATURE (F)   64        78      1951
 MINIMUM TEMPERATURE (F)   46        40      2009
                                             2000


SUNRISE AND SUNSET
MARCH 24 2017.........SUNRISE   706 AM PDT   SUNSET   725 PM PDT
MARCH 25 2017.........SUNRISE   704 AM PDT   SUNSET   726 PM PDT


-  INDICATES NEGATIVE NUMBERS.
R  INDICATES RECORD WAS SET OR TIED.
MM INDICATES DATA IS MISSING.
T  INDICATES TRACE AMOUNT.




$$
