000
CDUS46 KMTR 200827
CLIOAK


CLIMATE REPORT
NATIONAL WEATHER SERVICE SAN FRANCISCO BAY AREA
1226 AM PST FRI JAN 20 2017


...................................

...THE OAKLAND AIRPORT CLIMATE SUMMARY FOR JANUARY 19 2017...

CLIMATE NORMAL PERIOD 1981 TO 2010
CLIMATE RECORD PERIOD 1948 TO 2017


WEATHER ITEM   OBSERVED TIME   RECORD YEAR NORMAL DEPARTURE LAST
                VALUE   (LST)  VALUE       VALUE  FROM      YEAR
                                                  NORMAL
..................................................................
TEMPERATURE (F)
 YESTERDAY
  MAXIMUM         58    155 PM  68    1976  57      1       62
  MINIMUM         51    644 AM  34    2012  42      9       52
                                      2007
  AVERAGE         55                        50      5       57

PRECIPITATION (IN)
  YESTERDAY        0.02          1.48 2010   0.08  -0.06     0.90
  MONTH TO DATE    5.45                      3.05   2.40     4.87
  SINCE OCT 1     13.88                     10.36   3.52    10.09
  SINCE JAN 1      5.45                      3.05   2.40     4.87

SNOWFALL (IN)
  YESTERDAY        0.0                                       0.0
  MONTH TO DATE    0.0                                       0.0
  SINCE DEC 1      0.0                                       0.0
  SINCE JUL 1      0.0                                       0.0

DEGREE DAYS
 HEATING
  YESTERDAY       10                        16     -6        8
  MONTH TO DATE  266                       309    -43      234
  SINCE DEC 1    705                       806   -101      721
  SINCE JUL 1   1075                      1481   -406     1118

 COOLING
  YESTERDAY        0                         0      0        0
  MONTH TO DATE    0                         0      0        0
  SINCE DEC 1      0                         0      0        0
  SINCE JAN 1      0                         0      0        0
..................................................................


WIND (MPH)
  RESULTANT WIND SPEED   8   RESULTANT WIND DIRECTION   S (200)
  HIGHEST WIND SPEED    22   HIGHEST WIND DIRECTION    SE (140)
  HIGHEST GUST SPEED    26   HIGHEST GUST DIRECTION    SE (150)
  AVERAGE WIND SPEED    10.4


SKY COVER
  POSSIBLE SUNSHINE  MM
  AVERAGE SKY COVER 0.8


WEATHER CONDITIONS
 THE FOLLOWING WEATHER WAS RECORDED YESTERDAY.
  LIGHT RAIN
  FOG


RELATIVE HUMIDITY (PERCENT)
 HIGHEST    89           200 AM
 LOWEST     72           200 PM
 AVERAGE    81

..........................................................


THE OAKLAND AIRPORT CLIMATE NORMALS FOR TODAY
                         NORMAL    RECORD    YEAR
 MAXIMUM TEMPERATURE (F)   57        67      2011
 MINIMUM TEMPERATURE (F)   42        31      1963


SUNRISE AND SUNSET
JANUARY 20 2017.......SUNRISE   721 AM PST   SUNSET   520 PM PST
JANUARY 21 2017.......SUNRISE   720 AM PST   SUNSET   521 PM PST


-  INDICATES NEGATIVE NUMBERS.
R  INDICATES RECORD WAS SET OR TIED.
MM INDICATES DATA IS MISSING.
T  INDICATES TRACE AMOUNT.




$$
