000
CDUS43 KOAX 190641
CLIOAX


CLIMATE REPORT
NATIONAL WEATHER SERVICE OMAHA NEBRASKA
140 AM CDT TUE SEP 19 2017


...................................

...THE VALLEY  NWS, NEBRASKA CLIMATE SUMMARY FOR SEPTEMBER 18 2017...

CLIMATE NORMAL PERIOD 1981 TO 2010
CLIMATE RECORD PERIOD 1997 TO 2017


WEATHER ITEM   OBSERVED TIME   NORMAL DEPARTURE LAST
                VALUE   (LST)  VALUE  FROM      YEAR
                                      NORMAL
......................................................
TEMPERATURE (F)
 YESTERDAY
  MAXIMUM         74    449 PM  76     -2       84
  MINIMUM         63    228 AM  53     10       61
  AVERAGE         69            65      4       73

PRECIPITATION (IN)
  YESTERDAY        1.08          0.09   0.99     0.00
  MONTH TO DATE    1.45          1.82  -0.37     2.16
  SINCE SEP 1      1.45          1.82  -0.37     2.16
  SINCE JAN 1     26.67         26.74  -0.07    39.60

SNOWFALL (IN)
  YESTERDAY        0.0                           0.0
  MONTH TO DATE    0.0                           0.0
  SINCE JUL 1      0.0                           0.0
  SNOW DEPTH       0

DEGREE DAYS
 HEATING
  YESTERDAY        0             3     -3        0
  MONTH TO DATE   17            32    -15       10
  SINCE SEP 1     17            32    -15       10
  SINCE JUL 1     17            38    -21       12

 COOLING
  YESTERDAY        4             3      1        8
  MONTH TO DATE  112            83     29      100
  SINCE SEP 1    112            83     29      100
  SINCE JAN 1   1117          1034     83     1197
......................................................


WIND (MPH)
  HIGHEST WIND SPEED    MM   HIGHEST WIND DIRECTION    MM
  HIGHEST GUST SPEED    22   HIGHEST GUST DIRECTION    MM


SKY COVER
  POSSIBLE SUNSHINE  MM


WEATHER CONDITIONS
 THE FOLLOWING WEATHER WAS RECORDED YESTERDAY.
  THUNDERSTORM
  HEAVY RAIN
  RAIN
  LIGHT RAIN
  FOG


..........................................................


THE VALLEY  NWS, NEBRASKA CLIMATE NORMALS FOR TODAY
                         NORMAL
 MAXIMUM TEMPERATURE (F)   76
 MINIMUM TEMPERATURE (F)   53


SUNRISE AND SUNSET
SEPTEMBER 19 2017.....SUNRISE   710 AM CDT   SUNSET   727 PM CDT
SEPTEMBER 20 2017.....SUNRISE   711 AM CDT   SUNSET   726 PM CDT


-  INDICATES NEGATIVE NUMBERS.
R  INDICATES RECORD WAS SET OR TIED.
MM INDICATES DATA IS MISSING.
T  INDICATES TRACE AMOUNT.




$$
