000
CDUS43 KOAX 280628
CLIOAX


CLIMATE REPORT
NATIONAL WEATHER SERVICE OMAHA NEBRASKA
125 AM CDT SUN MAY 28 2017


...................................

...THE VALLEY  NWS, NEBRASKA CLIMATE SUMMARY FOR MAY 27 2017...

CLIMATE NORMAL PERIOD 1981 TO 2010
CLIMATE RECORD PERIOD 1997 TO 2017


WEATHER ITEM   OBSERVED TIME   NORMAL DEPARTURE LAST
                VALUE   (LST)  VALUE  FROM      YEAR
                                      NORMAL
......................................................
TEMPERATURE (F)
 YESTERDAY
  MAXIMUM         75    333 PM  77     -2       77
  MINIMUM         56    346 AM  56      0       59
  AVERAGE         66            66      0       68

PRECIPITATION (IN)
  YESTERDAY        0.01          0.14  -0.13     0.16
  MONTH TO DATE    7.25          3.94   3.31     6.91
  SINCE MAR 1     13.64          8.97   4.67    14.70
  SINCE JAN 1     15.35         10.68   4.67    16.44

SNOWFALL (IN)
  YESTERDAY        0.0                           0.0
  MONTH TO DATE    T                             0.0
  SINCE JUL 1     11.8                          28.7
  SNOW DEPTH       0

DEGREE DAYS
 HEATING
  YESTERDAY        0             2     -2        0
  MONTH TO DATE  131           143    -12      129
  SINCE MAR 1   1169          1410   -241     1011
  SINCE JUL 1   5046          6241  -1195     4999

 COOLING
  YESTERDAY        1             3     -2        3
  MONTH TO DATE   58            49      9       33
  SINCE MAR 1     61            56      5       33
  SINCE JAN 1     61            56      5       33
......................................................


WIND (MPH)
  HIGHEST WIND SPEED    MM   HIGHEST WIND DIRECTION    MM
  HIGHEST GUST SPEED    30   HIGHEST GUST DIRECTION    MM


SKY COVER
  POSSIBLE SUNSHINE  MM


WEATHER CONDITIONS
 THE FOLLOWING WEATHER WAS RECORDED YESTERDAY.
  LIGHT RAIN


..........................................................


THE VALLEY  NWS, NEBRASKA CLIMATE NORMALS FOR TODAY
                         NORMAL
 MAXIMUM TEMPERATURE (F)   77
 MINIMUM TEMPERATURE (F)   57


SUNRISE AND SUNSET
MAY 28 2017...........SUNRISE   557 AM CDT   SUNSET   850 PM CDT
MAY 29 2017...........SUNRISE   556 AM CDT   SUNSET   850 PM CDT


-  INDICATES NEGATIVE NUMBERS.
R  INDICATES RECORD WAS SET OR TIED.
MM INDICATES DATA IS MISSING.
T  INDICATES TRACE AMOUNT.




$$
