000
CDUS43 KGID 290631
CLIODX


CLIMATE REPORT
NATIONAL WEATHER SERVICE HASTINGS NE
129 AM CDT FRI MAY 29 2015


...................................

...THE ORD NE CLIMATE SUMMARY FOR MAY 28 2015...

CLIMATE NORMAL PERIOD 1981 TO 2010
CLIMATE RECORD PERIOD 1895 TO 2015


WEATHER ITEM   OBSERVED TIME   NORMAL DEPARTURE LAST
                VALUE   (LST)  VALUE  FROM      YEAR
                                      NORMAL
......................................................
TEMPERATURE (F)
 YESTERDAY
  MAXIMUM         77    344 PM  76      1       91
  MINIMUM         53    544 AM  51      2       55
  AVERAGE         65            64      1       73

PRECIPITATION (IN)
  YESTERDAY        0.10          0.14  -0.04     0.00
  MONTH TO DATE    2.95          3.36  -0.41     0.49
  SINCE MAR 1      5.69          7.40  -1.71     1.95
  SINCE JAN 1      6.43          8.21  -1.78     2.20

DEGREE DAYS
 HEATING
  YESTERDAY        0             4     -4        0
  MONTH TO DATE  223           207     16      256
  SINCE MAR 1   1372          1543   -171     1702
  SINCE JUL 1   6504          6560    -56     6855

 COOLING
  YESTERDAY        0             2     -2        8
  MONTH TO DATE    5            33    -28       44
  SINCE MAR 1      9            35    -26       45
  SINCE JAN 1      9            35    -26       45
......................................................


WIND (MPH)
  HIGHEST WIND SPEED    26   HIGHEST WIND DIRECTION     W (280)
  HIGHEST GUST SPEED    33   HIGHEST GUST DIRECTION     W (270)
  AVERAGE WIND SPEED     8.0


SKY COVER
  AVERAGE SKY COVER 0.2


WEATHER CONDITIONS
 THE FOLLOWING WEATHER WAS RECORDED YESTERDAY.
  THUNDERSTORM
  LIGHT RAIN
  FOG


RELATIVE HUMIDITY (PERCENT)
 HIGHEST    93           100 AM
 LOWEST     50           200 PM
 AVERAGE    72

..........................................................


THE ORD NE CLIMATE NORMALS FOR TODAY
                         NORMAL
 MAXIMUM TEMPERATURE (F)   76
 MINIMUM TEMPERATURE (F)   52


SUNRISE AND SUNSET
MAY 29 2015...........SUNRISE   606 AM CDT   SUNSET   901 PM CDT
MAY 30 2015...........SUNRISE   605 AM CDT   SUNSET   902 PM CDT


-  INDICATES NEGATIVE NUMBERS.
R  INDICATES RECORD WAS SET OR TIED.
MM INDICATES DATA IS MISSING.
T  INDICATES TRACE AMOUNT.

$$

HALBLAUB
