267
CDUS43 KGID 260632
CLIODX


CLIMATE REPORT
NATIONAL WEATHER SERVICE HASTINGS NE
130 AM CDT MON SEP 26 2016


...................................

...THE ORD NE CLIMATE SUMMARY FOR SEPTEMBER 25 2016...

CLIMATE NORMAL PERIOD 1981 TO 2010
CLIMATE RECORD PERIOD 1895 TO 2016


WEATHER ITEM   OBSERVED TIME   NORMAL DEPARTURE LAST
                VALUE   (LST)  VALUE  FROM      YEAR
                                      NORMAL
......................................................
TEMPERATURE (F)
 YESTERDAY
  MAXIMUM         70    325 PM  74     -4       69
  MINIMUM         38   1159 PM  44     -6       57
  AVERAGE         54            59     -5       63

PRECIPITATION (IN)
  YESTERDAY        0.00          0.07  -0.07     0.06
  MONTH TO DATE    1.70          2.13  -0.43     3.14
  SINCE SEP 1      1.70          2.13  -0.43     3.14
  SINCE JAN 1     28.86         21.04   7.82    17.68

DEGREE DAYS
 HEATING
  YESTERDAY       11             7      4        2
  MONTH TO DATE   46            82    -36       24
  SINCE SEP 1     46            82    -36       24
  SINCE JUL 1     60            96    -36       47

 COOLING
  YESTERDAY        0             1     -1        0
  MONTH TO DATE   77            77      0      144
  SINCE SEP 1     77            77      0      144
  SINCE JAN 1    883           834     49      807
......................................................


WIND (MPH)
  HIGHEST WIND SPEED    31   HIGHEST WIND DIRECTION    NW (320)
  HIGHEST GUST SPEED    42   HIGHEST GUST DIRECTION    NW (320)
  AVERAGE WIND SPEED    15.2


SKY COVER
  AVERAGE SKY COVER 0.0


WEATHER CONDITIONS
 THE FOLLOWING WEATHER WAS RECORDED YESTERDAY.
  NO SIGNIFICANT WEATHER WAS OBSERVED.


RELATIVE HUMIDITY (PERCENT)
 HIGHEST    73          1100 PM
 LOWEST     20           300 PM
 AVERAGE    47

..........................................................


THE ORD NE CLIMATE NORMALS FOR TODAY
                         NORMAL
 MAXIMUM TEMPERATURE (F)   74
 MINIMUM TEMPERATURE (F)   44


SUNRISE AND SUNSET
SEPTEMBER 26 2016.....SUNRISE   728 AM CDT   SUNSET   725 PM CDT
SEPTEMBER 27 2016.....SUNRISE   729 AM CDT   SUNSET   723 PM CDT


-  INDICATES NEGATIVE NUMBERS.
R  INDICATES RECORD WAS SET OR TIED.
MM INDICATES DATA IS MISSING.
T  INDICATES TRACE AMOUNT.

$$

KELLEY
