000
CDUS43 KGID 190623
CLIODX


CLIMATE REPORT
NATIONAL WEATHER SERVICE HASTINGS NE
1222 AM CST MON FEB 19 2018


...................................

...THE ORD NE CLIMATE SUMMARY FOR FEBRUARY 18 2018...

CLIMATE NORMAL PERIOD 1981 TO 2010
CLIMATE RECORD PERIOD 1895 TO 2018


WEATHER ITEM   OBSERVED TIME   NORMAL DEPARTURE LAST
                VALUE   (LST)  VALUE  FROM      YEAR
                                      NORMAL
......................................................
TEMPERATURE (F)
 YESTERDAY
  MAXIMUM         56    405 PM  41     15       63
  MINIMUM         22   1159 PM  16      6       25
  AVERAGE         39            28     11       44

PRECIPITATION (IN)
  YESTERDAY        0.00          0.01  -0.01     0.00
  MONTH TO DATE    0.39          0.31   0.08     0.26
  SINCE DEC 1      1.65          1.27   0.38     1.82
  SINCE JAN 1      1.22          0.68   0.54     1.41

DEGREE DAYS
 HEATING
  YESTERDAY       26            37    -11       21
  MONTH TO DATE  823           689    134      575
  SINCE DEC 1   3363          3184    179     3113
  SINCE JUL 1   4708          4665     43     4229

 COOLING
  YESTERDAY        0             0      0        0
  MONTH TO DATE    0             0      0        0
  SINCE DEC 1      0             0      0        0
  SINCE JAN 1      0             0      0        0
......................................................


WIND (MPH)
  HIGHEST WIND SPEED    31   HIGHEST WIND DIRECTION     N (360)
  HIGHEST GUST SPEED    40   HIGHEST GUST DIRECTION     N (360)
  AVERAGE WIND SPEED    19.8


SKY COVER
  AVERAGE SKY COVER 0.2


WEATHER CONDITIONS
 THE FOLLOWING WEATHER WAS RECORDED YESTERDAY.
  NO SIGNIFICANT WEATHER WAS OBSERVED.


RELATIVE HUMIDITY (PERCENT)
 HIGHEST    88          1100 PM
 LOWEST     38           400 PM
 AVERAGE    63

..........................................................


THE ORD NE CLIMATE NORMALS FOR TODAY
                         NORMAL
 MAXIMUM TEMPERATURE (F)   41
 MINIMUM TEMPERATURE (F)   16


SUNRISE AND SUNSET
FEBRUARY 19 2018......SUNRISE   725 AM CST   SUNSET   614 PM CST
FEBRUARY 20 2018......SUNRISE   724 AM CST   SUNSET   616 PM CST


-  INDICATES NEGATIVE NUMBERS.
R  INDICATES RECORD WAS SET OR TIED.
MM INDICATES DATA IS MISSING.
T  INDICATES TRACE AMOUNT.




$$
