000
CDUS43 KGID 110633
CLIODX


CLIMATE REPORT
NATIONAL WEATHER SERVICE HASTINGS NE
132 AM CDT FRI JUL 11 2014


...................................

...THE ORD NE CLIMATE SUMMARY FOR JULY 10 2014...

CLIMATE NORMAL PERIOD 1981 TO 2010
CLIMATE RECORD PERIOD 1895 TO 2014


WEATHER ITEM   OBSERVED TIME   NORMAL DEPARTURE LAST
                VALUE   (LST)  VALUE  FROM      YEAR
                                      NORMAL
......................................................
TEMPERATURE (F)
 YESTERDAY
  MAXIMUM         84    454 PM  87     -3       84
  MINIMUM         61    552 AM  61      0       61
  AVERAGE         73            74     -1       73

PRECIPITATION (IN)
  YESTERDAY        0.00          0.08  -0.08     0.00
  MONTH TO DATE    1.11          0.89   0.22     1.71
  SINCE JUN 1      9.19          5.01   4.18     3.64
  SINCE JAN 1     11.41         13.67  -2.26    13.78

DEGREE DAYS
 HEATING
  YESTERDAY        0             0      0        0
  MONTH TO DATE    6             0      6        1
  SINCE JUN 1     38            37      1       48
  SINCE JUL 1      6             0      6        1

 COOLING
  YESTERDAY        8             9     -1        8
  MONTH TO DATE   49            88    -39       92
  SINCE JUN 1    195           250    -55      258
  SINCE JAN 1    264           291    -27      305
......................................................


WIND (MPH)
  HIGHEST WIND SPEED    20   HIGHEST WIND DIRECTION     S (180)
  HIGHEST GUST SPEED    27   HIGHEST GUST DIRECTION    SE (140)
  AVERAGE WIND SPEED    10.4


SKY COVER
  AVERAGE SKY COVER 0.2


WEATHER CONDITIONS
 THE FOLLOWING WEATHER WAS RECORDED YESTERDAY.
  FOG


RELATIVE HUMIDITY (PERCENT)
 HIGHEST   100           500 AM
 LOWEST     58           400 PM
 AVERAGE    79

..........................................................


THE ORD NE CLIMATE NORMALS FOR TODAY
                         NORMAL
 MAXIMUM TEMPERATURE (F)   87
 MINIMUM TEMPERATURE (F)   61


SUNRISE AND SUNSET
JULY 11 2014..........SUNRISE   612 AM CDT   SUNSET   911 PM CDT
JULY 12 2014..........SUNRISE   612 AM CDT   SUNSET   910 PM CDT


-  INDICATES NEGATIVE NUMBERS.
R  INDICATES RECORD WAS SET OR TIED.
MM INDICATES DATA IS MISSING.
T  INDICATES TRACE AMOUNT.




$$
