000
CDUS43 KGID 062325
CLIODX


CLIMATE REPORT
NATIONAL WEATHER SERVICE HASTINGS NE
524 PM CST FRI MAR 6 2015


...................................

...THE ORD NE CLIMATE SUMMARY FOR MARCH 6 2015...
VALID TODAY AS OF 0500 PM LOCAL TIME.

CLIMATE NORMAL PERIOD 1981 TO 2010
CLIMATE RECORD PERIOD 1895 TO 2015


WEATHER ITEM   OBSERVED TIME   NORMAL DEPARTURE LAST
                VALUE   (LST)  VALUE  FROM      YEAR
                                      NORMAL
......................................................
TEMPERATURE (F)
 TODAY
  MAXIMUM         63    322 PM  47     16       62
  MINIMUM         12    448 AM  21     -9       20
  AVERAGE         38            34      4       41

PRECIPITATION (IN)
  TODAY            0.00          0.02  -0.02     0.00
  MONTH TO DATE    T             0.10  -0.10     0.01
  SINCE MAR 1      T             0.10  -0.10     0.01
  SINCE JAN 1      0.74          0.91  -0.17     0.26

DEGREE DAYS
 HEATING
  TODAY           27            31     -4       24
  MONTH TO DATE  243           194     49      281
  SINCE MAR 1    243           194     49      281
  SINCE JUL 1   5375          5211    164     5434

 COOLING
  TODAY            0             0      0        0
  MONTH TO DATE    0             0      0        0
  SINCE MAR 1      0             0      0        0
  SINCE JAN 1      0             0      0        0
......................................................


WIND (MPH)
  HIGHEST WIND SPEED    21   HIGHEST WIND DIRECTION     W (290)
  HIGHEST GUST SPEED    27   HIGHEST GUST DIRECTION    NW (310)
  AVERAGE WIND SPEED     6.5


SKY COVER
  AVERAGE SKY COVER 0.0


WEATHER CONDITIONS
 THE FOLLOWING WEATHER WAS RECORDED TODAY.
  NO SIGNIFICANT WEATHER WAS OBSERVED.


RELATIVE HUMIDITY (PERCENT)
 HIGHEST    76           400 AM
 LOWEST     14           400 PM
 AVERAGE    45

..........................................................


THE ORD NE CLIMATE NORMALS FOR TOMORROW
                         NORMAL
 MAXIMUM TEMPERATURE (F)   47
 MINIMUM TEMPERATURE (F)   21


SUNRISE AND SUNSET
MARCH  6 2015.........SUNRISE   703 AM CST   SUNSET   632 PM CST
MARCH  7 2015.........SUNRISE   701 AM CST   SUNSET   633 PM CST


-  INDICATES NEGATIVE NUMBERS.
R  INDICATES RECORD WAS SET OR TIED.
MM INDICATES DATA IS MISSING.
T  INDICATES TRACE AMOUNT.




$$
