000
CDUS43 KGID 110634
CLIODX


CLIMATE REPORT
NATIONAL WEATHER SERVICE HASTINGS NE
1233 AM CST MON DEC 11 2017


...................................

...THE ORD NE CLIMATE SUMMARY FOR DECEMBER 10 2017...

CLIMATE NORMAL PERIOD 1981 TO 2010
CLIMATE RECORD PERIOD 1895 TO 2017


WEATHER ITEM   OBSERVED TIME   NORMAL DEPARTURE LAST
                VALUE   (LST)  VALUE  FROM      YEAR
                                      NORMAL
......................................................
TEMPERATURE (F)
 YESTERDAY
  MAXIMUM         64    233 PM  37     27       31
  MINIMUM         31   1107 PM  14     17       12
  AVERAGE         48            26     22       22

PRECIPITATION (IN)
  YESTERDAY        0.00          0.03  -0.03     0.01
  MONTH TO DATE    0.01          0.39  -0.38     0.01
  SINCE DEC 1      0.01          0.39  -0.38     0.01
  SINCE JAN 1     28.65         24.74   3.91    30.22

DEGREE DAYS
 HEATING
  YESTERDAY       17            39    -22       43
  MONTH TO DATE  300           379    -79      404
  SINCE DEC 1    300           379    -79      404
  SINCE JUL 1   1645          1860   -215     1520

 COOLING
  YESTERDAY        0             0      0        0
  MONTH TO DATE    0             0      0        0
  SINCE DEC 1      0             0      0        0
  SINCE JAN 1    840           845     -5      887
......................................................


WIND (MPH)
  HIGHEST WIND SPEED    28   HIGHEST WIND DIRECTION    NW (310)
  HIGHEST GUST SPEED    37   HIGHEST GUST DIRECTION    NW (320)
  AVERAGE WIND SPEED    13.1


SKY COVER
  AVERAGE SKY COVER 0.0


WEATHER CONDITIONS
 THE FOLLOWING WEATHER WAS RECORDED YESTERDAY.
  NO SIGNIFICANT WEATHER WAS OBSERVED.


RELATIVE HUMIDITY (PERCENT)
 HIGHEST    43          1100 PM
 LOWEST     13           200 PM
 AVERAGE    28

..........................................................


THE ORD NE CLIMATE NORMALS FOR TODAY
                         NORMAL
 MAXIMUM TEMPERATURE (F)   37
 MINIMUM TEMPERATURE (F)   14


SUNRISE AND SUNSET
DECEMBER 11 2017......SUNRISE   753 AM CST   SUNSET   506 PM CST
DECEMBER 12 2017......SUNRISE   753 AM CST   SUNSET   506 PM CST


-  INDICATES NEGATIVE NUMBERS.
R  INDICATES RECORD WAS SET OR TIED.
MM INDICATES DATA IS MISSING.
T  INDICATES TRACE AMOUNT.




$$
