000
CDUS43 KGID 030713
CLIODX


CLIMATE REPORT
NATIONAL WEATHER SERVICE HASTINGS NE
206 AM CDT WED SEP 3 2014


...................................

...THE ORD NE CLIMATE SUMMARY FOR SEPTEMBER 2 2014...

CLIMATE NORMAL PERIOD 1981 TO 2010
CLIMATE RECORD PERIOD 1895 TO 2014


WEATHER ITEM   OBSERVED TIME   NORMAL DEPARTURE LAST
                VALUE   (LST)  VALUE  FROM      YEAR
                                      NORMAL
......................................................
TEMPERATURE (F)
 YESTERDAY
  MAXIMUM         81    353 PM  83     -2       84
  MINIMUM         48    605 AM  56     -8       50
  AVERAGE         65            69     -4       67

PRECIPITATION (IN)
  YESTERDAY        0.00          0.10  -0.10     0.00
  MONTH TO DATE    0.42          0.20   0.22     0.00
  SINCE SEP 1      0.42          0.20   0.22     0.00
  SINCE JAN 1     18.06         19.11  -1.05    19.43

DEGREE DAYS
 HEATING
  YESTERDAY        0             1     -1        0
  MONTH TO DATE    0             2     -2        0
  SINCE SEP 1      0             2     -2        0
  SINCE JUL 1     19            16      3        7

 COOLING
  YESTERDAY        0             6     -6        2
  MONTH TO DATE    1            12    -11        7
  SINCE SEP 1      1            12    -11        7
  SINCE JAN 1    636           769   -133      767
......................................................


WIND (MPH)
  HIGHEST WIND SPEED    16   HIGHEST WIND DIRECTION     S (190)
  HIGHEST GUST SPEED    21   HIGHEST GUST DIRECTION     S (200)
  AVERAGE WIND SPEED     6.9


SKY COVER
  AVERAGE SKY COVER 0.0


WEATHER CONDITIONS
 THE FOLLOWING WEATHER WAS RECORDED YESTERDAY.
  NO SIGNIFICANT WEATHER WAS OBSERVED.


RELATIVE HUMIDITY (PERCENT)
 HIGHEST   100          1200 AM
 LOWEST     39           300 PM
 AVERAGE    70

..........................................................


THE ORD NE CLIMATE NORMALS FOR TODAY
                         NORMAL
 MAXIMUM TEMPERATURE (F)   83
 MINIMUM TEMPERATURE (F)   55


SUNRISE AND SUNSET
SEPTEMBER  3 2014.....SUNRISE   704 AM CDT   SUNSET   806 PM CDT
SEPTEMBER  4 2014.....SUNRISE   705 AM CDT   SUNSET   804 PM CDT


-  INDICATES NEGATIVE NUMBERS.
R  INDICATES RECORD WAS SET OR TIED.
MM INDICATES DATA IS MISSING.
T  INDICATES TRACE AMOUNT.




$$
