000
CDUS43 KOAX 032239
CLIOFK


CLIMATE REPORT
NATIONAL WEATHER SERVICE OMAHA NEBRASKA
439 PM CST SAT DEC 3 2016


...................................

...THE NORFOLK, NEBRASKA CLIMATE SUMMARY FOR DECEMBER 3 2016...
VALID TODAY AS OF 400 PM LOCAL TIME.

CLIMATE NORMAL PERIOD 1981 TO 2010
CLIMATE RECORD PERIOD 1888 TO 2016


WEATHER ITEM   OBSERVED TIME   RECORD YEAR NORMAL DEPARTURE LAST
                VALUE   (LST)  VALUE       VALUE  FROM      YEAR
                                                  NORMAL
..................................................................
TEMPERATURE (F)
 TODAY
  MAXIMUM         34    348 PM  66    1998  37     -3       39
                                      1959
  MINIMUM         18    616 AM -15    1919  18      0        8
  AVERAGE         26                        28     -2       24

PRECIPITATION (IN)
  TODAY            0.02          1.20 1897   0.03  -0.01     0.00
  MONTH TO DATE    0.02                      0.09  -0.07     0.03
  SINCE DEC 1      0.02                      0.09  -0.07     0.03
  SINCE JAN 1     30.61                     26.75   3.86    25.60

SNOWFALL (IN)
  TODAY            T                         0.2   -0.2      0.0
  MONTH TO DATE    T                         0.6   -0.6      0.4
  SINCE JUL 1      2.5                       5.5   -3.0      9.2
  SNOW DEPTH       T

DEGREE DAYS
 HEATING
  TODAY           39                        38      1       41
  MONTH TO DATE  110                       112     -2      116
  SINCE DEC 1    110                       112     -2      116
  SINCE JUL 1   1155                      1557   -402     1137

 COOLING
  TODAY            0                         0      0        0
  MONTH TO DATE    0                         0      0        0
  SINCE DEC 1      0                         0      0        0
  SINCE JAN 1    963                       915     48      917
..................................................................


WIND (MPH)
  HIGHEST WIND SPEED    17   HIGHEST WIND DIRECTION     S (180)
  HIGHEST GUST SPEED    22   HIGHEST GUST DIRECTION     S (190)
  AVERAGE WIND SPEED     7.0


SKY COVER
  POSSIBLE SUNSHINE  MM
  AVERAGE SKY COVER 0.6


WEATHER CONDITIONS
 THE FOLLOWING WEATHER WAS RECORDED TODAY.
  LIGHT SNOW
  FOG


RELATIVE HUMIDITY (PERCENT)
 HIGHEST    96           800 AM
 LOWEST     84           600 AM
 AVERAGE    90

..........................................................


THE NORFOLK, NEBRASKA CLIMATE NORMALS FOR TOMORROW
                         NORMAL    RECORD    YEAR
 MAXIMUM TEMPERATURE (F)   37        65      1916
 MINIMUM TEMPERATURE (F)   17       -12      1902


SUNRISE AND SUNSET
DECEMBER  3 2016......SUNRISE   741 AM CST   SUNSET   459 PM CST
DECEMBER  4 2016......SUNRISE   742 AM CST   SUNSET   458 PM CST


-  INDICATES NEGATIVE NUMBERS.
R  INDICATES RECORD WAS SET OR TIED.
MM INDICATES DATA IS MISSING.
T  INDICATES TRACE AMOUNT.




$$

KLISH
