000
CDUS43 KOAX 260650
CLIOFK


CLIMATE REPORT
NATIONAL WEATHER SERVICE OMAHA NEBRASKA
148 AM CDT TUE MAY 26 2015


...................................

...THE NORFOLK, NEBRASKA CLIMATE SUMMARY FOR MAY 25 2015...

CLIMATE NORMAL PERIOD 1981 TO 2010
CLIMATE RECORD PERIOD 1888 TO 2015


WEATHER ITEM   OBSERVED TIME   RECORD YEAR NORMAL DEPARTURE LAST
                VALUE   (LST)  VALUE       VALUE  FROM      YEAR
                                                  NORMAL
..................................................................
TEMPERATURE (F)
 YESTERDAY
  MAXIMUM         78    344 PM 103    1967  75      3       84
  MINIMUM         55    251 AM  30    1925  52      3       60
  AVERAGE         67                        63      4       72

PRECIPITATION (IN)
  YESTERDAY        T             2.29 1982   0.13  -0.13     0.00
  MONTH TO DATE    3.29                      3.09   0.20     0.43
  SINCE MAR 1      6.05                      7.51  -1.46     4.11
  SINCE JAN 1      6.93                      8.86  -1.93     4.67

SNOWFALL (IN)
  YESTERDAY        0.0                       0.0    0.0      0.0
  MONTH TO DATE    0.0                       0.3   -0.3      0.0
  SINCE JUL 1     20.7                      30.8  -10.1     19.9
  SNOW DEPTH       0

DEGREE DAYS
 HEATING
  YESTERDAY        0                         4     -4        0
  MONTH TO DATE  168                       170     -2      202
  SINCE MAR 1   1222                      1500   -278     1582
  SINCE JUL 1   6268                      6593   -325     6932

 COOLING
  YESTERDAY        2                         2      0        7
  MONTH TO DATE   20                        34    -14       39
  SINCE MAR 1     25                        46    -21       41
  SINCE JAN 1     25                        46    -21       41
..................................................................


WIND (MPH)
  HIGHEST WIND SPEED    21   HIGHEST WIND DIRECTION     S (200)
  HIGHEST GUST SPEED    25   HIGHEST GUST DIRECTION     S (200)
  AVERAGE WIND SPEED     7.8


SKY COVER
  POSSIBLE SUNSHINE  MM
  AVERAGE SKY COVER 0.6


WEATHER CONDITIONS
 THE FOLLOWING WEATHER WAS RECORDED YESTERDAY.
  LIGHT RAIN
  FOG
  FOG W/VISIBILITY <= 1/4 MILE


RELATIVE HUMIDITY (PERCENT)
 HIGHEST   100          1200 AM
 LOWEST     47           200 PM
 AVERAGE    74

..........................................................


THE NORFOLK, NEBRASKA CLIMATE NORMALS FOR TODAY
                         NORMAL    RECORD    YEAR
 MAXIMUM TEMPERATURE (F)   75        95      1914
                                             1912
 MINIMUM TEMPERATURE (F)   52        33      1992


SUNRISE AND SUNSET
MAY 26 2015...........SUNRISE   600 AM CDT   SUNSET   854 PM CDT
MAY 27 2015...........SUNRISE   600 AM CDT   SUNSET   855 PM CDT


-  INDICATES NEGATIVE NUMBERS.
R  INDICATES RECORD WAS SET OR TIED.
MM INDICATES DATA IS MISSING.
T  INDICATES TRACE AMOUNT.




$$
