000
CDUS43 KOAX 202241
CLIOFK


CLIMATE REPORT
NATIONAL WEATHER SERVICE OMAHA NEBRASKA
441 PM CST THU NOV 20 2014


...................................

...THE NORFOLK, NEBRASKA CLIMATE SUMMARY FOR NOVEMBER 20 2014...
VALID TODAY AS OF 400 PM LOCAL TIME.

CLIMATE NORMAL PERIOD 1981 TO 2010
CLIMATE RECORD PERIOD 1888 TO 2014


WEATHER ITEM   OBSERVED TIME   RECORD YEAR NORMAL DEPARTURE LAST
                VALUE   (LST)  VALUE       VALUE  FROM      YEAR
                                                  NORMAL
..................................................................
TEMPERATURE (F)
 TODAY
  MAXIMUM         29    121 PM  75    1933  44    -15       58
  MINIMUM          8    612 AM  -1    1950  23    -15       33
  AVERAGE         19                        34    -15       46

PRECIPITATION (IN)
  TODAY            0.00          1.53 1930   0.05  -0.05     0.00
  MONTH TO DATE    0.27                      0.96  -0.69     0.82
  SINCE SEP 1      3.24                      5.72  -2.48     6.37
  SINCE JAN 1     28.46                     26.25   2.21    24.78

SNOWFALL (IN)
  TODAY            0.0                       0.1   -0.1      0.0
  MONTH TO DATE    3.7                       2.2    1.5      0.8
  SINCE JUL 1      3.7                       3.0    0.7      0.8
  SNOW DEPTH       1

DEGREE DAYS
 HEATING
  TODAY           46                        31     15       19
  MONTH TO DATE  669                       518    151      471
  SINCE SEP 1   1160                      1087     73      977
  SINCE JUL 1   1172                      1103     69      993

 COOLING
  TODAY            0                         0      0        0
  MONTH TO DATE    0                         0      0        0
  SINCE SEP 1     85                        99    -14      181
  SINCE JAN 1    812                       915   -103     1005
..................................................................


WIND (MPH)
  HIGHEST WIND SPEED    10   HIGHEST WIND DIRECTION     W (290)
  HIGHEST GUST SPEED    11   HIGHEST GUST DIRECTION     W (290)
  AVERAGE WIND SPEED     5.1


SKY COVER
  POSSIBLE SUNSHINE  MM
  AVERAGE SKY COVER 0.5


WEATHER CONDITIONS
 THE FOLLOWING WEATHER WAS RECORDED TODAY.
  NO SIGNIFICANT WEATHER WAS OBSERVED.


RELATIVE HUMIDITY (PERCENT)
 HIGHEST    92           100 AM
 LOWEST     62          1100 AM
 AVERAGE    77

..........................................................


THE NORFOLK, NEBRASKA CLIMATE NORMALS FOR TOMORROW
                         NORMAL    RECORD    YEAR
 MAXIMUM TEMPERATURE (F)   44        72      2012
 MINIMUM TEMPERATURE (F)   23        -5      1926


SUNRISE AND SUNSET
NOVEMBER 20 2014......SUNRISE   726 AM CST   SUNSET   505 PM CST
NOVEMBER 21 2014......SUNRISE   727 AM CST   SUNSET   504 PM CST


-  INDICATES NEGATIVE NUMBERS.
R  INDICATES RECORD WAS SET OR TIED.
MM INDICATES DATA IS MISSING.
T  INDICATES TRACE AMOUNT.




$$

KLISH
