000
CDUS43 KOAX 250639
CLIOFK


CLIMATE REPORT
NATIONAL WEATHER SERVICE OMAHA NEBRASKA
1237 AM CST THU DEC 25 2014


...................................

...THE NORFOLK, NEBRASKA CLIMATE SUMMARY FOR DECEMBER 24 2014...

CLIMATE NORMAL PERIOD 1981 TO 2010
CLIMATE RECORD PERIOD 1888 TO 2014


WEATHER ITEM   OBSERVED TIME   RECORD YEAR NORMAL DEPARTURE LAST
                VALUE   (LST)  VALUE       VALUE  FROM      YEAR
                                                  NORMAL
..................................................................
TEMPERATURE (F)
 YESTERDAY
  MAXIMUM         31   1037 PM  59    1941  33     -2       29
  MINIMUM         23    905 PM -23    1920  13     10        2
  AVERAGE         27                        23      4       16

PRECIPITATION (IN)
  YESTERDAY        0.00          1.46 1893   0.02  -0.02      T
  MONTH TO DATE    0.99                      0.61   0.38     0.13
  SINCE DEC 1      0.99                      0.61   0.38     0.13
  SINCE JAN 1     29.50                     27.27   2.23    24.92

SNOWFALL (IN)
  YESTERDAY        0.0                       0.2   -0.2       T
  MONTH TO DATE    2.5                       4.8   -2.3      2.1
  SINCE JUL 1      6.2                       9.7   -3.5      3.0
  SNOW DEPTH       T

DEGREE DAYS
 HEATING
  YESTERDAY       38                        42     -4       49
  MONTH TO DATE  784                       964   -180     1106
  SINCE DEC 1    784                       964   -180     1106
  SINCE JUL 1   2277                      2409   -132     2492

 COOLING
  YESTERDAY        0                         0      0        0
  MONTH TO DATE    0                         0      0        0
  SINCE DEC 1      0                         0      0        0
  SINCE JAN 1    812                       915   -103     1005
..................................................................


WIND (MPH)
  HIGHEST WIND SPEED    26   HIGHEST WIND DIRECTION    NW (320)
  HIGHEST GUST SPEED    32   HIGHEST GUST DIRECTION    NW (320)
  AVERAGE WIND SPEED    11.5


SKY COVER
  POSSIBLE SUNSHINE  MM
  AVERAGE SKY COVER 0.7


WEATHER CONDITIONS
 THE FOLLOWING WEATHER WAS RECORDED YESTERDAY.
  NO SIGNIFICANT WEATHER WAS OBSERVED.


RELATIVE HUMIDITY (PERCENT)
 HIGHEST    96           900 PM
 LOWEST     72          1100 PM
 AVERAGE    84

..........................................................


THE NORFOLK, NEBRASKA CLIMATE NORMALS FOR TODAY
                         NORMAL    RECORD    YEAR
 MAXIMUM TEMPERATURE (F)   33        63      1963
 MINIMUM TEMPERATURE (F)   13       -16      1983
                                             1924


SUNRISE AND SUNSET
DECEMBER 25 2014......SUNRISE   756 AM CST   SUNSET   504 PM CST
DECEMBER 26 2014......SUNRISE   756 AM CST   SUNSET   504 PM CST


-  INDICATES NEGATIVE NUMBERS.
R  INDICATES RECORD WAS SET OR TIED.
MM INDICATES DATA IS MISSING.
T  INDICATES TRACE AMOUNT.




$$
