000
CDUS42 KCAE 202231
CLIOGB


CLIMATE REPORT
NATIONAL WEATHER SERVICE COLUMBIA SC
531 PM EST MON NOV 20 2017


...................................

...THE ORANGEBURG AIRPORT SC CLIMATE SUMMARY FOR NOVEMBER 20 2017...
VALID TODAY AS OF 0500 PM LOCAL TIME.

CLIMATE NORMAL PERIOD 1981 TO 2010
CLIMATE RECORD PERIOD 9999 TO 9999


WEATHER ITEM   OBSERVED TIME   NORMAL DEPARTURE LAST
                VALUE   (LST)  VALUE  FROM      YEAR
                                      NORMAL
......................................................
TEMPERATURE (F)
 TODAY
  MAXIMUM         61    236 PM  67     -6       59
  MINIMUM         31    733 AM  43    -12       33
  AVERAGE         46            55     -9       46

PRECIPITATION (IN)
  TODAY            0.00          0.10  -0.10     0.00
  MONTH TO DATE    1.27          1.89  -0.62     0.13
  SINCE SEP 1      8.05          9.07  -1.02    16.65
  SINCE JAN 1     36.24         42.38  -6.14    41.17

DEGREE DAYS
 HEATING
  TODAY           19            10      9       19
  MONTH TO DATE  159           159      0      176
  SINCE SEP 1    240           249     -9      209
  SINCE JUL 1    240           249     -9      209

 COOLING
  TODAY            0             0      0        0
  MONTH TO DATE   18            12      6        7
  SINCE SEP 1    523           406    117      501
  SINCE JAN 1   2410          2099    311     2545
......................................................


WIND (MPH)
  HIGHEST WIND SPEED    10   HIGHEST WIND DIRECTION     N (20)
  HIGHEST GUST SPEED    12   HIGHEST GUST DIRECTION    NE (30)
  AVERAGE WIND SPEED     2.8


SKY COVER
  AVERAGE SKY COVER 0.0


WEATHER CONDITIONS
 THE FOLLOWING WEATHER WAS RECORDED TODAY.
  NO SIGNIFICANT WEATHER WAS OBSERVED.


RELATIVE HUMIDITY (PERCENT)
 HIGHEST   100           500 AM
 LOWEST     29           300 PM

..........................................................


THE ORANGEBURG AIRPORT SC CLIMATE NORMALS FOR TOMORROW
                         NORMAL
 MAXIMUM TEMPERATURE (F)   67
 MINIMUM TEMPERATURE (F)   43


SUNRISE AND SUNSET
NOVEMBER 20 2017......SUNRISE   700 AM EST   SUNSET   518 PM EST
NOVEMBER 21 2017......SUNRISE   701 AM EST   SUNSET   518 PM EST


-  INDICATES NEGATIVE NUMBERS.
R  INDICATES RECORD WAS SET OR TIED.
MM INDICATES DATA IS MISSING.
T  INDICATES TRACE AMOUNT.




$$
