000
CDUS42 KCAE 032137
CLIOGB


CLIMATE REPORT
NATIONAL WEATHER SERVICE COLUMBIA SC
536 PM EDT MON AUG 3 2015


...................................

...THE ORANGEBURG AIRPORT SC CLIMATE SUMMARY FOR AUGUST 3 2015...
VALID TODAY AS OF 0500 PM LOCAL TIME.

CLIMATE NORMAL PERIOD 1981 TO 2010
CLIMATE RECORD PERIOD 9999 TO 9999


WEATHER ITEM   OBSERVED TIME   NORMAL DEPARTURE LAST
                VALUE   (LST)  VALUE  FROM      YEAR
                                      NORMAL
......................................................
TEMPERATURE (F)
 TODAY
  MAXIMUM         84    312 PM  92     -8       84
  MINIMUM         73    319 AM  72      1       67
  AVERAGE         79            82     -3       76

PRECIPITATION (IN)
  TODAY            0.04          0.18  -0.14     0.01
  MONTH TO DATE    0.05          0.52  -0.47     0.46
  SINCE JUN 1      9.02         10.93  -1.91    12.75
  SINCE JAN 1     24.28         28.55  -4.27    31.58

DEGREE DAYS
 HEATING
  TODAY            0             0      0        0
  MONTH TO DATE    0             0      0        0
  SINCE JUN 1      0             1     -1        0
  SINCE JUL 1      0             0      0        0

 COOLING
  TODAY           14            17     -3       11
  MONTH TO DATE   54            51      3       35
  SINCE JUN 1   1136           970    166      983
  SINCE JAN 1   1512          1273    239     1338
......................................................


WIND (MPH)
  HIGHEST WIND SPEED    15   HIGHEST WIND DIRECTION    SE (150)
  HIGHEST GUST SPEED    19   HIGHEST GUST DIRECTION    SE (150)
  AVERAGE WIND SPEED     4.4


SKY COVER
  AVERAGE SKY COVER 0.6


WEATHER CONDITIONS
 THE FOLLOWING WEATHER WAS RECORDED TODAY.
  THUNDERSTORM
  RAIN
  LIGHT RAIN
  FOG


RELATIVE HUMIDITY (PERCENT)
 HIGHEST    93           100 AM
 LOWEST     69           100 PM

..........................................................


THE ORANGEBURG AIRPORT SC CLIMATE NORMALS FOR TOMORROW
                         NORMAL
 MAXIMUM TEMPERATURE (F)   91
 MINIMUM TEMPERATURE (F)   72


SUNRISE AND SUNSET
AUGUST  3 2015........SUNRISE   637 AM EDT   SUNSET   822 PM EDT
AUGUST  4 2015........SUNRISE   638 AM EDT   SUNSET   821 PM EDT


-  INDICATES NEGATIVE NUMBERS.
R  INDICATES RECORD WAS SET OR TIED.
MM INDICATES DATA IS MISSING.
T  INDICATES TRACE AMOUNT.




$$
