000
CDHW42 PHFO 171245
CLIOGG


CLIMATE REPORT
NATIONAL WEATHER SERVICE HONOLULU HI
245 AM HST TUE OCT 17 2017


...................................

...THE KAHULUI HI CLIMATE SUMMARY FOR OCTOBER 16 2017...

CLIMATE NORMAL PERIOD 1981 TO 2010
CLIMATE RECORD PERIOD 1946 TO 2017


WEATHER ITEM   OBSERVED TIME   RECORD YEAR NORMAL DEPARTURE LAST
                VALUE   (LST)  VALUE       VALUE  FROM      YEAR
                                                  NORMAL
..................................................................
TEMPERATURE (F)
 YESTERDAY
  MAXIMUM         87    241 PM  93    1991  87      0       88
  MINIMUM         73    122 AM  63    2009  70      3       74
                                      1967
                                      1962
  AVERAGE         80                        78      2       81

PRECIPITATION (IN)
  YESTERDAY        0.04          3.26 2006   0.04   0.00     0.00
  MONTH TO DATE    0.34                      0.50  -0.16     0.11
  SINCE SEP 1      0.40                      0.88  -0.48     1.35
  SINCE JAN 1     15.50                     11.58   3.92    11.16

SNOWFALL (IN)
  YESTERDAY        0.0
  MONTH TO DATE    0.0
  SINCE SEP 1      0.0
  SINCE JUL 1      0.0
  SNOW DEPTH      MM

DEGREE DAYS
 HEATING
  YESTERDAY        0                         0      0        0
  MONTH TO DATE    0                         0      0        0
  SINCE SEP 1      0                         0      0        0
  SINCE JUL 1      0                         0      0        0

 COOLING
  YESTERDAY       15                        13      2       16
  MONTH TO DATE  203                       217    -14      245
  SINCE SEP 1    667                       643     24      733
  SINCE JAN 1   3431                      3185    246     3634
..................................................................


WIND (MPH)
  HIGHEST WIND SPEED    25   HIGHEST WIND DIRECTION    NE (60)
  HIGHEST GUST SPEED    35   HIGHEST GUST DIRECTION    NE (60)
  AVERAGE WIND SPEED    14.0


SKY COVER
  POSSIBLE SUNSHINE  MM
  AVERAGE SKY COVER  MM


WEATHER CONDITIONS
 THE FOLLOWING WEATHER WAS RECORDED YESTERDAY.
  NO SIGNIFICANT WEATHER WAS OBSERVED.


RELATIVE HUMIDITY (PERCENT)
 HIGHEST    MM
 LOWEST     MM
 AVERAGE    MM

..........................................................


THE KAHULUI HI CLIMATE NORMALS FOR TODAY
                         NORMAL    RECORD    YEAR
 MAXIMUM TEMPERATURE (F)   87        93      1950
 MINIMUM TEMPERATURE (F)   70        59      1953


SUNRISE AND SUNSET
OCTOBER 17 2017.......SUNRISE   622 AM HST   SUNSET   600 PM HST
OCTOBER 18 2017.......SUNRISE   622 AM HST   SUNSET   559 PM HST


-  INDICATES NEGATIVE NUMBERS.
R  INDICATES RECORD WAS SET OR TIED.
MM INDICATES DATA IS MISSING.
T  INDICATES TRACE AMOUNT.




$$
