000
CDHW42 PHFO 231236
CLIOGG


CLIMATE REPORT
NATIONAL WEATHER SERVICE HONOLULU HI
226 AM HST SAT JUL 23 2016


...................................

...THE KAHULUI HI CLIMATE SUMMARY FOR JULY 22 2016...

CLIMATE NORMAL PERIOD 1981 TO 2010
CLIMATE RECORD PERIOD 1946 TO 2016


WEATHER ITEM   OBSERVED TIME   RECORD YEAR NORMAL DEPARTURE LAST
                VALUE   (LST)  VALUE       VALUE  FROM      YEAR
                                                  NORMAL
..................................................................
TEMPERATURE (F)
 YESTERDAY
  MAXIMUM         88        MM  96    1951  87      1       91
  MINIMUM         74        MM  60    1972  71      3       70
  AVERAGE         81                        79      2       81

PRECIPITATION (IN)
  YESTERDAY        0.02          1.04 1989   0.02   0.00     0.00
  MONTH TO DATE    0.48                      0.33   0.15     0.82
  SINCE JUN 1      0.84                      0.53   0.31     0.92
  SINCE JAN 1      8.57                     10.03  -1.46    19.88

SNOWFALL (IN)
  YESTERDAY        0.0
  MONTH TO DATE    0.0
  SINCE JUN 1      0.0
  SINCE JUL 1      0.0
  SNOW DEPTH      MM

DEGREE DAYS
 HEATING
  YESTERDAY        0                         0      0        0
  MONTH TO DATE    0                         0      0        0
  SINCE JUN 1      0                         0      0        0
  SINCE JUL 1      0                         0      0        0

 COOLING
  YESTERDAY       16                        14      2       16
  MONTH TO DATE  336                       308     28      336
  SINCE JUN 1    762                       696     66      752
  SINCE JAN 1   2251                      1955    296     2074
..................................................................


WIND (MPH)
  HIGHEST WIND SPEED    28   HIGHEST WIND DIRECTION    NE (40)
  HIGHEST GUST SPEED    35   HIGHEST GUST DIRECTION    NE (40)
  AVERAGE WIND SPEED    18.6


SKY COVER
  POSSIBLE SUNSHINE  MM
  AVERAGE SKY COVER 0.5


WEATHER CONDITIONS
 THE FOLLOWING WEATHER WAS RECORDED YESTERDAY.
  LIGHT RAIN


RELATIVE HUMIDITY (PERCENT)
 HIGHEST    82           600 AM
 LOWEST     55          1100 AM
 AVERAGE    69

..........................................................


THE KAHULUI HI CLIMATE NORMALS FOR TODAY
                         NORMAL    RECORD    YEAR
 MAXIMUM TEMPERATURE (F)   87        97      1951
 MINIMUM TEMPERATURE (F)   71        61      1955


SUNRISE AND SUNSET
JULY 23 2016..........SUNRISE   557 AM HST   SUNSET   708 PM HST
JULY 24 2016..........SUNRISE   557 AM HST   SUNSET   707 PM HST


-  INDICATES NEGATIVE NUMBERS.
R  INDICATES RECORD WAS SET OR TIED.
MM INDICATES DATA IS MISSING.
T  INDICATES TRACE AMOUNT.




$$
