000
CDUS43 KEAX 021232
CLIOJC


CLIMATE REPORT
NATIONAL WEATHER SERVICE KANSAS CITY/PLEASANT HILL MO
732 AM CDT THU OCT 2 2014


...................................

...THE JOHNSON COUNTY EXECUTIVE KS CLIMATE SUMMARY FOR OCTOBER 2 2014...
VALID AS OF 0700 AM LOCAL TIME.

CLIMATE NORMAL PERIOD 1981 TO 2010
CLIMATE RECORD PERIOD 9999 TO 9999


WEATHER ITEM   OBSERVED TIME   NORMAL DEPARTURE LAST
                VALUE   (LST)  VALUE  FROM      YEAR
                                      NORMAL
......................................................
TEMPERATURE (F)
 TODAY
  MAXIMUM         68    559 AM  72     -4       82
  MINIMUM         64    223 AM  52     12       61
  AVERAGE         66            62      4       72

PRECIPITATION (IN)
  TODAY            0.03          0.15  -0.12     0.00
  MONTH TO DATE    0.74          0.30   0.44     0.00
  SINCE SEP 1      3.44          4.81  -1.37     2.99
  SINCE JAN 1     25.39         32.77  -7.38    29.50

DEGREE DAYS
 HEATING
  TODAY            0             5     -5        0
  MONTH TO DATE    0            10    -10        0
  SINCE SEP 1     57            58     -1       27
  SINCE JUL 1     58            59     -1       27

 COOLING
  TODAY            1             2     -1        7
  MONTH TO DATE    9             4      5       11
  SINCE SEP 1    138           160    -22      227
  SINCE JAN 1   1227          1325    -98     1340
......................................................


WIND (MPH)
  HIGHEST WIND SPEED    12   HIGHEST WIND DIRECTION     S (160)
  HIGHEST GUST SPEED    17   HIGHEST GUST DIRECTION    SE (150)
  AVERAGE WIND SPEED     5.5


SKY COVER
  AVERAGE SKY COVER 0.6


WEATHER CONDITIONS
 THE FOLLOWING WEATHER WAS RECORDED TODAY.
  THUNDERSTORM
  HEAVY RAIN
  LIGHT RAIN
  FOG


RELATIVE HUMIDITY (PERCENT)
 HIGHEST   100           300 AM
 LOWEST     93           200 AM
 AVERAGE    97

..........................................................


THE JOHNSON COUNTY EXECUTIVE KS CLIMATE NORMALS FOR TOMORROW
                         NORMAL
 MAXIMUM TEMPERATURE (F)   72
 MINIMUM TEMPERATURE (F)   52


SUNRISE AND SUNSET
OCTOBER  2 2014.......SUNRISE   716 AM CDT   SUNSET   700 PM CDT
OCTOBER  3 2014.......SUNRISE   717 AM CDT   SUNSET   658 PM CDT


-  INDICATES NEGATIVE NUMBERS.
R  INDICATES RECORD WAS SET OR TIED.
MM INDICATES DATA IS MISSING.
T  INDICATES TRACE AMOUNT.




$$
