000
CDUS43 KEAX 180632
CLIOJC


CLIMATE REPORT
NATIONAL WEATHER SERVICE KANSAS CITY/PLEASANT HILL MO
1232 AM CST MON DEC 18 2017


...................................

...THE JOHNSON COUNTY EXECUTIVE KS CLIMATE SUMMARY FOR DECEMBER 17 2017...

CLIMATE NORMAL PERIOD 1981 TO 2010
CLIMATE RECORD PERIOD 9999 TO 9999


WEATHER ITEM   OBSERVED TIME   NORMAL DEPARTURE LAST
                VALUE   (LST)  VALUE  FROM      YEAR
                                      NORMAL
......................................................
TEMPERATURE (F)
 YESTERDAY
  MAXIMUM         48    238 AM  40      8       31
  MINIMUM         39   1018 PM  23     16        2
  AVERAGE         44            32     12       17

PRECIPITATION (IN)
  YESTERDAY        0.35          0.04   0.31    MM
  MONTH TO DATE    0.35          0.85  -0.50     0.55
  SINCE DEC 1      0.35          0.85  -0.50     0.55
  SINCE JAN 1     45.06         39.25   5.81    37.39

DEGREE DAYS
 HEATING
  YESTERDAY       21            33    -12       48
  MONTH TO DATE  430           528    -98      544
  SINCE DEC 1    430           528    -98      544
  SINCE JUL 1   1300          1483   -183     1126

 COOLING
  YESTERDAY        0             0      0        0
  MONTH TO DATE    0             0      0        0
  SINCE DEC 1      0             0      0        0
  SINCE JAN 1   1236          1349   -113     1468
......................................................


WIND (MPH)
  HIGHEST WIND SPEED    17   HIGHEST WIND DIRECTION     S (200)
  HIGHEST GUST SPEED    24   HIGHEST GUST DIRECTION     S (190)
  AVERAGE WIND SPEED     6.3


SKY COVER
  AVERAGE SKY COVER 0.8


WEATHER CONDITIONS
 THE FOLLOWING WEATHER WAS RECORDED YESTERDAY.
  RAIN
  LIGHT RAIN
  FOG


RELATIVE HUMIDITY (PERCENT)
 HIGHEST   100           500 AM
 LOWEST     53           200 AM
 AVERAGE    77

..........................................................


THE JOHNSON COUNTY EXECUTIVE KS CLIMATE NORMALS FOR TODAY
                         NORMAL
 MAXIMUM TEMPERATURE (F)   40
 MINIMUM TEMPERATURE (F)   23


SUNRISE AND SUNSET
DECEMBER 18 2017......SUNRISE   732 AM CST   SUNSET   459 PM CST
DECEMBER 19 2017......SUNRISE   733 AM CST   SUNSET   500 PM CST


-  INDICATES NEGATIVE NUMBERS.
R  INDICATES RECORD WAS SET OR TIED.
MM INDICATES DATA IS MISSING.
T  INDICATES TRACE AMOUNT.




$$
