000
CDUS43 KEAX 280633
CLIOJC


CLIMATE REPORT
NATIONAL WEATHER SERVICE KANSAS CITY/PLEASANT HILL MO
132 AM CDT SAT MAY 28 2016


...................................

...THE JOHNSON COUNTY EXECUTIVE KS CLIMATE SUMMARY FOR MAY 27 2016...

CLIMATE NORMAL PERIOD 1981 TO 2010
CLIMATE RECORD PERIOD 9999 TO 9999


WEATHER ITEM   OBSERVED TIME   NORMAL DEPARTURE LAST
                VALUE   (LST)  VALUE  FROM      YEAR
                                      NORMAL
......................................................
TEMPERATURE (F)
 YESTERDAY
  MAXIMUM         78    122 PM  78      0       81
  MINIMUM         58   1159 PM  59     -1       60
  AVERAGE         68            68      0       71

PRECIPITATION (IN)
  YESTERDAY        0.57          0.17   0.40     0.00
  MONTH TO DATE    7.53          4.74   2.79     9.74
  SINCE MAR 1     14.12         11.36   2.76    13.77
  SINCE JAN 1     15.37         14.05   1.32    15.36

DEGREE DAYS
 HEATING
  YESTERDAY        0             1     -1        0
  MONTH TO DATE  131            89     42       78
  SINCE MAR 1    794          1027   -233      835
  SINCE JUL 1   4139          4920   -781     4870

 COOLING
  YESTERDAY        3             5     -2        6
  MONTH TO DATE   31            65    -34       64
  SINCE MAR 1     37            83    -46       73
  SINCE JAN 1     37            83    -46       73
......................................................


WIND (MPH)
  HIGHEST WIND SPEED    21   HIGHEST WIND DIRECTION     W (260)
  HIGHEST GUST SPEED    28   HIGHEST GUST DIRECTION     W (270)
  AVERAGE WIND SPEED     8.0


SKY COVER
  AVERAGE SKY COVER 0.7


WEATHER CONDITIONS
 THE FOLLOWING WEATHER WAS RECORDED YESTERDAY.
  THUNDERSTORM
  HEAVY RAIN
  RAIN
  LIGHT RAIN
  FOG


RELATIVE HUMIDITY (PERCENT)
 HIGHEST   100           600 AM
 LOWEST     68           500 PM
 AVERAGE    84

..........................................................


THE JOHNSON COUNTY EXECUTIVE KS CLIMATE NORMALS FOR TODAY
                         NORMAL
 MAXIMUM TEMPERATURE (F)   78
 MINIMUM TEMPERATURE (F)   59


SUNRISE AND SUNSET
MAY 28 2016...........SUNRISE   557 AM CDT   SUNSET   836 PM CDT
MAY 29 2016...........SUNRISE   557 AM CDT   SUNSET   837 PM CDT


-  INDICATES NEGATIVE NUMBERS.
R  INDICATES RECORD WAS SET OR TIED.
MM INDICATES DATA IS MISSING.
T  INDICATES TRACE AMOUNT.




$$
