000
CDUS43 KEAX 050638
CLIOJC


CLIMATE REPORT
NATIONAL WEATHER SERVICE KANSAS CITY/PLEASANT HILL MO
137 AM CDT SAT SEP 5 2015


...................................

...THE JOHNSON COUNTY EXECUTIVE KS CLIMATE SUMMARY FOR SEPTEMBER 4 2015...

CLIMATE NORMAL PERIOD 1981 TO 2010
CLIMATE RECORD PERIOD 9999 TO 9999


WEATHER ITEM   OBSERVED TIME   NORMAL DEPARTURE LAST
                VALUE   (LST)  VALUE  FROM      YEAR
                                      NORMAL
......................................................
TEMPERATURE (F)
 YESTERDAY
  MAXIMUM         89    231 PM  83      6       91
  MINIMUM         69    631 AM  63      6       74
  AVERAGE         79            73      6       83

PRECIPITATION (IN)
  YESTERDAY        0.00          0.21  -0.21     0.00
  MONTH TO DATE    T             0.80  -0.80     0.98
  SINCE SEP 1      T             0.80  -0.80     0.98
  SINCE JAN 1     33.39         28.76   4.63    22.93

DEGREE DAYS
 HEATING
  YESTERDAY        0             0      0        0
  MONTH TO DATE    0             0      0        0
  SINCE SEP 1      0             0      0        0
  SINCE JUL 1      2             1      1        1

 COOLING
  YESTERDAY       14             8      6       18
  MONTH TO DATE   54            35     19       43
  SINCE SEP 1     54            35     19       43
  SINCE JAN 1   1172          1200    -28     1132
......................................................


WIND (MPH)
  HIGHEST WIND SPEED    18   HIGHEST WIND DIRECTION     S (170)
  HIGHEST GUST SPEED    22   HIGHEST GUST DIRECTION     S (180)
  AVERAGE WIND SPEED     8.0


SKY COVER
  AVERAGE SKY COVER 0.0


WEATHER CONDITIONS
 THE FOLLOWING WEATHER WAS RECORDED YESTERDAY.
  NO SIGNIFICANT WEATHER WAS OBSERVED.


RELATIVE HUMIDITY (PERCENT)
 HIGHEST    90          1200 AM
 LOWEST     53           100 PM
 AVERAGE    72

..........................................................


THE JOHNSON COUNTY EXECUTIVE KS CLIMATE NORMALS FOR TODAY
                         NORMAL
 MAXIMUM TEMPERATURE (F)   83
 MINIMUM TEMPERATURE (F)   63


SUNRISE AND SUNSET
SEPTEMBER  5 2015.....SUNRISE   651 AM CDT   SUNSET   743 PM CDT
SEPTEMBER  6 2015.....SUNRISE   652 AM CDT   SUNSET   742 PM CDT


-  INDICATES NEGATIVE NUMBERS.
R  INDICATES RECORD WAS SET OR TIED.
MM INDICATES DATA IS MISSING.
T  INDICATES TRACE AMOUNT.




$$
