000
CDUS43 KEAX 170633
CLIOJC


CLIMATE REPORT
NATIONAL WEATHER SERVICE KANSAS CITY/PLEASANT HILL MO
133 AM CDT WED SEP 17 2014


...................................

...THE JOHNSON COUNTY EXECUTIVE KS CLIMATE SUMMARY FOR SEPTEMBER 16 2014...

CLIMATE NORMAL PERIOD 1981 TO 2010
CLIMATE RECORD PERIOD 9999 TO 9999


WEATHER ITEM   OBSERVED TIME   NORMAL DEPARTURE LAST
                VALUE   (LST)  VALUE  FROM      YEAR
                                      NORMAL
......................................................
TEMPERATURE (F)
 YESTERDAY
  MAXIMUM         71    339 PM  79     -8       63
  MINIMUM         47    620 AM  58    -11       59
  AVERAGE         59            68     -9       61

PRECIPITATION (IN)
  YESTERDAY        0.00          0.11  -0.11     0.19
  MONTH TO DATE    1.41          2.78  -1.37     1.11
  SINCE SEP 1      1.41          2.78  -1.37     1.11
  SINCE JAN 1     23.36         30.74  -7.38    27.62

DEGREE DAYS
 HEATING
  YESTERDAY        6             1      5        4
  MONTH TO DATE   52             7     45        4
  SINCE SEP 1     52             7     45        4
  SINCE JUL 1     53             8     45        4

 COOLING
  YESTERDAY        0             5     -5        0
  MONTH TO DATE   76           111    -35      171
  SINCE SEP 1     76           111    -35      171
  SINCE JAN 1   1165          1276   -111     1284
......................................................


WIND (MPH)
  HIGHEST WIND SPEED     9   HIGHEST WIND DIRECTION    SE (150)
  HIGHEST GUST SPEED    12   HIGHEST GUST DIRECTION    SE (120)
  AVERAGE WIND SPEED     5.2


SKY COVER
  AVERAGE SKY COVER 0.1


WEATHER CONDITIONS
 THE FOLLOWING WEATHER WAS RECORDED YESTERDAY.
  NO SIGNIFICANT WEATHER WAS OBSERVED.


RELATIVE HUMIDITY (PERCENT)
 HIGHEST   100           400 AM
 LOWEST     57           100 PM
 AVERAGE    79

..........................................................


THE JOHNSON COUNTY EXECUTIVE KS CLIMATE NORMALS FOR TODAY
                         NORMAL
 MAXIMUM TEMPERATURE (F)   78
 MINIMUM TEMPERATURE (F)   58


SUNRISE AND SUNSET
SEPTEMBER 17 2014.....SUNRISE   702 AM CDT   SUNSET   724 PM CDT
SEPTEMBER 18 2014.....SUNRISE   703 AM CDT   SUNSET   722 PM CDT


-  INDICATES NEGATIVE NUMBERS.
R  INDICATES RECORD WAS SET OR TIED.
MM INDICATES DATA IS MISSING.
T  INDICATES TRACE AMOUNT.




$$
