000
CDUS46 KSGX 280021
CLIOKB


CLIMATE REPORT
NATIONAL WEATHER SERVICE SAN DIEGO, CA
421 PM PST MON FEB 27 2017


...................................

...THE OCEANSIDE AIRPORT CA CLIMATE SUMMARY FOR FEBRUARY 27 2017...
VALID TODAY AS OF 0400 PM LOCAL TIME.

CLIMATE NORMAL PERIOD 1981 TO 2010
CLIMATE RECORD PERIOD 1999 TO 2017


WEATHER ITEM   OBSERVED TIME   RECORD YEAR NORMAL DEPARTURE LAST
                VALUE   (LST)  VALUE       VALUE  FROM      YEAR
                                                  NORMAL
..................................................................
TEMPERATURE (F)
 TODAY
  MAXIMUM         59    252 PM  81    2005  65     -6       73
  MINIMUM         48   1208 AM  34    2013  45      3       42
  AVERAGE         54                        55     -1       58

PRECIPITATION (IN)
  TODAY            0.95          1.42 2010   0.11   0.84     0.00
  MONTH TO DATE    3.54                      2.97   0.57     0.13
  SINCE OCT 1     12.95                      9.50   3.45     4.91
  SINCE JAN 1      7.80                      5.62   2.18     2.74

DEGREE DAYS
 HEATING
  TODAY           11                        10      1        7
  MONTH TO DATE  231                       294    -63      184
  SINCE DEC 1    818                      1049   -231      924
  SINCE JUL 1   1004                      1399   -395     1155

 COOLING
  TODAY            0                         0      0        0
  MONTH TO DATE    0                         0      0        6
  SINCE DEC 1      0                         0      0        6
  SINCE JAN 1      0                         0      0        6
..................................................................


WIND (MPH)
  RESULTANT WIND SPEED   1   RESULTANT WIND DIRECTION   S (170)
  HIGHEST WIND SPEED    22   HIGHEST WIND DIRECTION     S (200)
  HIGHEST GUST SPEED    36   HIGHEST GUST DIRECTION    SE (140)
  AVERAGE WIND SPEED     9.3


SKY COVER
  POSSIBLE SUNSHINE  MM
  AVERAGE SKY COVER 1.0


WEATHER CONDITIONS
 THE FOLLOWING WEATHER WAS RECORDED TODAY.
  HEAVY RAIN
  RAIN
  LIGHT RAIN
  FOG


RELATIVE HUMIDITY (PERCENT)
 HIGHEST   100           400 AM
 LOWEST     93          1200 AM
 AVERAGE    97

..........................................................


THE OCEANSIDE AIRPORT CA CLIMATE NORMALS FOR TOMORROW
                         NORMAL    RECORD    YEAR
 MAXIMUM TEMPERATURE (F)   65        80      2005
 MINIMUM TEMPERATURE (F)   45        33      2013


SUNRISE AND SUNSET
FEBRUARY 27 2017......SUNRISE   619 AM PST   SUNSET   545 PM PST
FEBRUARY 28 2017......SUNRISE   618 AM PST   SUNSET   546 PM PST


-  INDICATES NEGATIVE NUMBERS.
R  INDICATES RECORD WAS SET OR TIED.
MM INDICATES DATA IS MISSING.
T  INDICATES TRACE AMOUNT.




$$
