000
CDUS46 KSGX 211417
CLIOKB


CLIMATE REPORT
NATIONAL WEATHER SERVICE SAN DIEGO, CA
617 AM PST FRI NOV 21 2014


...................................

...THE OCEANSIDE AIRPORT CA CLIMATE SUMMARY FOR NOVEMBER 20 2014...

CLIMATE NORMAL PERIOD 1981 TO 2010
CLIMATE RECORD PERIOD 1999 TO 2014


WEATHER ITEM   OBSERVED TIME   RECORD YEAR NORMAL DEPARTURE LAST
                VALUE   (LST)  VALUE       VALUE  FROM      YEAR
                                                  NORMAL
..................................................................
TEMPERATURE (F)
 YESTERDAY
  MAXIMUM         70    138 PM  91    2002  69      1       70
  MINIMUM         42    545 AM  35    2009  43     -1       56
  AVERAGE         56                        56      0       63

PRECIPITATION (IN)
  YESTERDAY        T             0.60 2011   0.03  -0.03     0.08
  MONTH TO DATE    0.50                      0.75  -0.25     0.08
  SINCE JUL 1      0.64                      1.96  -1.32     0.52
  SINCE JAN 1      3.24                     11.23  -7.99     2.84

SNOWFALL (IN)
  YESTERDAY       MM
  MONTH TO DATE    0.0
  SINCE JAN 1      0.0
  SINCE JUL 1      0.0
  SNOW DEPTH       0

DEGREE DAYS
 HEATING
  YESTERDAY        9                         9      0        2
  MONTH TO DATE   78                       147    -69      104
  SINCE SEP 1     85                       244   -159      218
  SINCE JUL 1     85                       249   -164      218

 COOLING
  YESTERDAY        0                         0      0        0
  MONTH TO DATE    7                         0      7        5
  SINCE SEP 1    348                       116    232      134
  SINCE JAN 1    855                       416    439      535
..................................................................


WIND (MPH)
  RESULTANT WIND SPEED   2   RESULTANT WIND DIRECTION   W (270)
  HIGHEST WIND SPEED    14   HIGHEST WIND DIRECTION    SW (240)
  HIGHEST GUST SPEED    17   HIGHEST GUST DIRECTION     W (290)
  AVERAGE WIND SPEED     3.9


SKY COVER
  POSSIBLE SUNSHINE  MM
  AVERAGE SKY COVER 0.2


WEATHER CONDITIONS
 THE FOLLOWING WEATHER WAS RECORDED YESTERDAY.
  NO SIGNIFICANT WEATHER WAS OBSERVED.


RELATIVE HUMIDITY (PERCENT)
 HIGHEST    96           300 AM
 LOWEST     48          1000 AM
 AVERAGE    72

..........................................................


THE OCEANSIDE AIRPORT CA CLIMATE NORMALS FOR TODAY
                         NORMAL    RECORD    YEAR
 MAXIMUM TEMPERATURE (F)   69        86      2002
 MINIMUM TEMPERATURE (F)   43        41      2012


SUNRISE AND SUNSET
NOVEMBER 21 2014......SUNRISE   626 AM PST   SUNSET   444 PM PST
NOVEMBER 22 2014......SUNRISE   627 AM PST   SUNSET   444 PM PST


-  INDICATES NEGATIVE NUMBERS.
R  INDICATES RECORD WAS SET OR TIED.
MM INDICATES DATA IS MISSING.
T  INDICATES TRACE AMOUNT.




$$
