000
CDUS46 KSGX 250017
CLIOKB


CLIMATE REPORT
NATIONAL WEATHER SERVICE SAN DIEGO, CA
417 PM PST FRI NOV 24 2017


...................................

...THE OCEANSIDE AIRPORT CA CLIMATE SUMMARY FOR NOVEMBER 24 2017...
VALID TODAY AS OF 0400 PM LOCAL TIME.

CLIMATE NORMAL PERIOD 1981 TO 2010
CLIMATE RECORD PERIOD 1999 TO 2017


WEATHER ITEM   OBSERVED TIME   RECORD YEAR NORMAL DEPARTURE LAST
                VALUE   (LST)  VALUE       VALUE  FROM      YEAR
                                                  NORMAL
..................................................................
TEMPERATURE (F)
 TODAY
  MAXIMUM         85   1234 PM  88    2014  68     17       84
  MINIMUM         46    538 AM  31    1999  42      4       47
  AVERAGE         66                        55     11       66

PRECIPITATION (IN)
  TODAY            0.00          0.56 2001   0.03  -0.03     0.00
  MONTH TO DATE    0.01                      0.87  -0.86     0.33
  SINCE OCT 1      0.01                      1.57  -1.56     0.66
  SINCE JAN 1      9.85                     11.35  -1.50     5.85

DEGREE DAYS
 HEATING
  TODAY            0                        10    -10        0
  MONTH TO DATE   92                       186    -94       79
  SINCE SEP 1    121                       283   -162      121
  SINCE JUL 1    121                       288   -167      121

 COOLING
  TODAY            1                         0      1        1
  MONTH TO DATE   12                         0     12       29
  SINCE SEP 1    240                       116    124      200
  SINCE JAN 1    759                       416    343      657
..................................................................


WIND (MPH)
  RESULTANT WIND SPEED   2   RESULTANT WIND DIRECTION  SW (230)
  HIGHEST WIND SPEED    10   HIGHEST WIND DIRECTION    SW (230)
  HIGHEST GUST SPEED    12   HIGHEST GUST DIRECTION     W (250)
  AVERAGE WIND SPEED     2.8


SKY COVER
  POSSIBLE SUNSHINE  MM
  AVERAGE SKY COVER 0.0


WEATHER CONDITIONS
 THE FOLLOWING WEATHER WAS RECORDED TODAY.
  NO SIGNIFICANT WEATHER WAS OBSERVED.


RELATIVE HUMIDITY (PERCENT)
 HIGHEST    77           600 AM
 LOWEST     20           100 PM
 AVERAGE    49

..........................................................


THE OCEANSIDE AIRPORT CA CLIMATE NORMALS FOR TOMORROW
                         NORMAL    RECORD    YEAR
 MAXIMUM TEMPERATURE (F)   68        80      2009
 MINIMUM TEMPERATURE (F)   42        34      2010


SUNRISE AND SUNSET
NOVEMBER 24 2017......SUNRISE   629 AM PST   SUNSET   443 PM PST
NOVEMBER 25 2017......SUNRISE   630 AM PST   SUNSET   443 PM PST


-  INDICATES NEGATIVE NUMBERS.
R  INDICATES RECORD WAS SET OR TIED.
MM INDICATES DATA IS MISSING.
T  INDICATES TRACE AMOUNT.




$$
