000
CDUS46 KSGX 210017
CLIOKB


CLIMATE REPORT
NATIONAL WEATHER SERVICE SAN DIEGO, CA
517 PM PDT WED SEP 20 2017


...................................

...THE OCEANSIDE AIRPORT CA CLIMATE SUMMARY FOR SEPTEMBER 20 2017...
VALID TODAY AS OF 0500 PM LOCAL TIME.

CLIMATE NORMAL PERIOD 1981 TO 2010
CLIMATE RECORD PERIOD 1999 TO 2017


WEATHER ITEM   OBSERVED TIME   RECORD YEAR NORMAL DEPARTURE LAST
                VALUE   (LST)  VALUE       VALUE  FROM      YEAR
                                                  NORMAL
..................................................................
TEMPERATURE (F)
 TODAY
  MAXIMUM         76   1251 PM  94    2015  76      0       84
  MINIMUM         67    437 AM  50    2007  59      8       69
  AVERAGE         72                        67      5       77

PRECIPITATION (IN)
  TODAY            0.00          0.18 2016   0.00   0.00     0.18
  MONTH TO DATE    T                         0.18  -0.18     0.18
  SINCE OCT 1     14.99                     13.60   1.39     7.30
  SINCE JAN 1      9.84                      9.72   0.12     5.13

DEGREE DAYS
 HEATING
  TODAY            0                         0      0        0
  MONTH TO DATE    0                         0      0       11
  SINCE SEP 1      0                         0      0       11
  SINCE JUL 1      0                         5     -5       11

 COOLING
  TODAY            7                         3      4       12
  MONTH TO DATE  142                        72     70       59
  SINCE SEP 1    142                        72     70       59
  SINCE JAN 1    661                       372    289      516
..................................................................


WIND (MPH)
  RESULTANT WIND SPEED   6   RESULTANT WIND DIRECTION  SW (220)
  HIGHEST WIND SPEED    15   HIGHEST WIND DIRECTION    SW (240)
  HIGHEST GUST SPEED    20   HIGHEST GUST DIRECTION     S (180)
  AVERAGE WIND SPEED     6.0


SKY COVER
  POSSIBLE SUNSHINE  MM
  AVERAGE SKY COVER 0.9


WEATHER CONDITIONS
 THE FOLLOWING WEATHER WAS RECORDED TODAY.
  NO SIGNIFICANT WEATHER WAS OBSERVED.


RELATIVE HUMIDITY (PERCENT)
 HIGHEST    84           800 AM
 LOWEST     60           100 PM
 AVERAGE    72

..........................................................


THE OCEANSIDE AIRPORT CA CLIMATE NORMALS FOR TOMORROW
                         NORMAL    RECORD    YEAR
 MAXIMUM TEMPERATURE (F)   76        90      2004
 MINIMUM TEMPERATURE (F)   58        46      2007


SUNRISE AND SUNSET
SEPTEMBER 20 2017.....SUNRISE   636 AM PDT   SUNSET   648 PM PDT
SEPTEMBER 21 2017.....SUNRISE   637 AM PDT   SUNSET   647 PM PDT


-  INDICATES NEGATIVE NUMBERS.
R  INDICATES RECORD WAS SET OR TIED.
MM INDICATES DATA IS MISSING.
T  INDICATES TRACE AMOUNT.




$$
