000
CDUS44 KOUN 180631
CLIOKC

CLIMATE REPORT
NATIONAL WEATHER SERVICE NORMAN OK
1230 AM CST WED JAN 18 2017


...................................

...THE OKLAHOMA CITY CLIMATE SUMMARY FOR JANUARY 17 2017...

CLIMATE NORMAL PERIOD 1981 TO 2010
CLIMATE RECORD PERIOD 1890 TO 2017


WEATHER ITEM   OBSERVED TIME   RECORD YEAR NORMAL DEPARTURE LAST
                VALUE   (LST)  VALUE       VALUE  FROM      YEAR
                                                  NORMAL
..................................................................
TEMPERATURE (F)
 YESTERDAY
  MAXIMUM         54    400 PM  73    1894  50      4       38
  MINIMUM         33    750 AM  -9    1930  29      4       22
  AVERAGE         44                        39      5       30

PRECIPITATION (IN)
  YESTERDAY        T             1.16 1926   0.05  -0.05     0.00
  MONTH TO DATE    1.55                      0.69   0.86     0.11
  SINCE JAN 1      1.55                      0.69   0.86     0.11

SNOWFALL (IN)
  YESTERDAY        0.0           5.7  1893   0.1   -0.1      0.0
  MONTH TO DATE    1.7                       1.5    0.2      0.6
  SINCE JUL 1      2.1                       4.0   -1.9      1.2
  SNOW DEPTH       0

DEGREE DAYS
 HEATING
  YESTERDAY       21                        26     -5       35
  MONTH TO DATE  475                       442     33      471
  SINCE JUL 1   1581                      1797   -216     1561
..................................................................


WIND (MPH)
  HIGHEST WIND SPEED    16   HIGHEST WIND DIRECTION     N (360)
  HIGHEST GUST SPEED    20   HIGHEST GUST DIRECTION     N (340)
  AVERAGE WIND SPEED     7.1


SKY COVER
  AVERAGE SKY COVER 0.6


WEATHER CONDITIONS
 THE FOLLOWING WEATHER WAS RECORDED YESTERDAY.
  LIGHT RAIN


RELATIVE HUMIDITY (PERCENT)
 HIGHEST    96           800 AM
 LOWEST     35           300 PM
 AVERAGE    66

..........................................................


THE OKLAHOMA CITY CLIMATE NORMALS FOR TODAY
                         NORMAL    RECORD    YEAR
 MAXIMUM TEMPERATURE (F)   50        74      1951
 MINIMUM TEMPERATURE (F)   29        -9      1930


SUNRISE AND SUNSET
JANUARY 18 2017.......SUNRISE   738 AM CST   SUNSET   544 PM CST
JANUARY 19 2017.......SUNRISE   737 AM CST   SUNSET   545 PM CST


-  INDICATES NEGATIVE NUMBERS.
R  INDICATES RECORD WAS SET OR TIED.
MM INDICATES DATA IS MISSING.
T  INDICATES TRACE AMOUNT.




$$
