204
CDUS44 KOUN 240735
CLIOKC

CLIMATE REPORT
NATIONAL WEATHER SERVICE NORMAN OK
126 AM CDT MON JUL 24 2017


...................................

...THE OKLAHOMA CITY CLIMATE SUMMARY FOR JULY 23 2017...

CLIMATE NORMAL PERIOD 1981 TO 2010
CLIMATE RECORD PERIOD 1890 TO 2017


WEATHER ITEM   OBSERVED TIME   RECORD YEAR NORMAL DEPARTURE LAST
                VALUE   (LST)  VALUE       VALUE  FROM      YEAR
                                                  NORMAL
..................................................................
TEMPERATURE (F)
 YESTERDAY
  MAXIMUM         99    214 PM 105    1998  95      4      100
  MINIMUM         71   1149 PM  55    1970  73     -2       71
  AVERAGE         85                        84      1       86

PRECIPITATION (IN)
  YESTERDAY        0.00          3.02 1960   0.09  -0.09     0.00
  MONTH TO DATE    1.31                      2.22  -0.91     1.44
  SINCE JUN 1      1.42                      7.15  -5.73     4.74
  SINCE JAN 1     16.08                     20.90  -4.82    17.15

SNOWFALL (IN)
  YESTERDAY        0.0

DEGREE DAYS
 HEATING
  YESTERDAY        0                         0      0        0
  MONTH TO DATE    0                         0      0        0
  SINCE JUN 1      0                         1     -1        0
  SINCE JUL 1      0                         0      0        0

 COOLING
  YESTERDAY       20                        19      1       21
  MONTH TO DATE  414                       410      4      432
  SINCE JUN 1    804                       800      4      868
  SINCE JAN 1   1029                      1050    -21     1054
..................................................................


WIND (MPH)
  HIGHEST WIND SPEED    24   HIGHEST WIND DIRECTION     E (80)
  HIGHEST GUST SPEED    29   HIGHEST GUST DIRECTION    SE (150)
  AVERAGE WIND SPEED     8.5


SKY COVER
  AVERAGE SKY COVER 0.5


WEATHER CONDITIONS
 THE FOLLOWING WEATHER WAS RECORDED YESTERDAY.
  THUNDERSTORM


RELATIVE HUMIDITY (PERCENT)
 HIGHEST    87          1100 PM
 LOWEST     38           400 PM
 AVERAGE    63

..........................................................


THE OKLAHOMA CITY CLIMATE NORMALS FOR TODAY
                         NORMAL    RECORD    YEAR
 MAXIMUM TEMPERATURE (F)   95       106      1998
                                             1943
 MINIMUM TEMPERATURE (F)   73        61      1970
                                             1927


SUNRISE AND SUNSET
JULY 24 2017..........SUNRISE   633 AM CDT   SUNSET   840 PM CDT
JULY 25 2017..........SUNRISE   634 AM CDT   SUNSET   839 PM CDT


-  INDICATES NEGATIVE NUMBERS.
R  INDICATES RECORD WAS SET OR TIED.
MM INDICATES DATA IS MISSING.
T  INDICATES TRACE AMOUNT.




$$
