000
CDUS44 KOUN 010636
CLIOKC

CLIMATE REPORT
NATIONAL WEATHER SERVICE NORMAN OK
134 AM CDT SAT AUG 1 2015


...................................

...THE OKLAHOMA CITY CLIMATE SUMMARY FOR JULY 31 2015...

CLIMATE NORMAL PERIOD 1981 TO 2010
CLIMATE RECORD PERIOD 1890 TO 2015


WEATHER ITEM   OBSERVED TIME   RECORD YEAR NORMAL DEPARTURE LAST
                VALUE   (LST)  VALUE       VALUE  FROM      YEAR
                                                  NORMAL
..................................................................
TEMPERATURE (F)
 YESTERDAY
  MAXIMUM         91    157 PM 108    2012  95     -4       80
  MINIMUM         73   1117 PM  53    1971  73      0       67
  AVERAGE         82                        84     -2       74

PRECIPITATION (IN)
  YESTERDAY        0.09          1.07 1978   0.09   0.00     0.06
  MONTH TO DATE    7.31                      2.93   4.38     4.18
  SINCE JAN 1     41.74                     21.61  20.13    19.91

DEGREE DAYS
 COOLING
  YESTERDAY       17                        19     -2        9
  MONTH TO DATE  519                       559    -40      449
  SINCE JAN 1   1123                      1199    -76     1139
..................................................................


WIND (MPH)
  HIGHEST WIND SPEED    17   HIGHEST WIND DIRECTION     E (100)
  HIGHEST GUST SPEED    22   HIGHEST GUST DIRECTION    SE (130)
  AVERAGE WIND SPEED     5.4


SKY COVER
  AVERAGE SKY COVER 0.8


WEATHER CONDITIONS
 THE FOLLOWING WEATHER WAS RECORDED YESTERDAY.
  THUNDERSTORM
  RAIN
  LIGHT RAIN
  FOG


RELATIVE HUMIDITY (PERCENT)
 HIGHEST    94           300 AM
 LOWEST     59           100 PM
 AVERAGE    77

..........................................................


THE OKLAHOMA CITY CLIMATE NORMALS FOR TODAY
                         NORMAL    RECORD    YEAR
 MAXIMUM TEMPERATURE (F)   95       112      2012
 MINIMUM TEMPERATURE (F)   73        58      1971


SUNRISE AND SUNSET
AUGUST  1 2015........SUNRISE   639 AM CDT   SUNSET   834 PM CDT
AUGUST  2 2015........SUNRISE   640 AM CDT   SUNSET   833 PM CDT


-  INDICATES NEGATIVE NUMBERS.
R  INDICATES RECORD WAS SET OR TIED.
MM INDICATES DATA IS MISSING.
T  INDICATES TRACE AMOUNT.




$$
