000
CDUS45 KGGW 281231
CLIOLF


CLIMATE REPORT
NATIONAL WEATHER SERVICE GLASGOW MT
631 AM MDT SAT MAY 28 2016


...................................

...THE WOLF POINT MT CLIMATE SUMMARY FOR MAY 28 2016...
VALID AS OF 0600 AM LOCAL TIME.

CLIMATE NORMAL PERIOD 1981 TO 2010
CLIMATE RECORD PERIOD 9999 TO 9999


WEATHER ITEM   OBSERVED RECORD YEAR NORMAL DEPARTURE
                VALUE   VALUE       VALUE  FROM
                                           NORMAL
........................................................
TEMPERATURE (F)
 TODAY
  MAXIMUM         56     MM      MM  72
  MINIMUM         50     MM      MM  44
  AVERAGE         53

PRECIPITATION (IN)
  TODAY            0.00  MM      MM   0.09  -0.09
  MONTH TO DATE    1.30               1.48  -0.18
  SINCE OCT 1      6.25               4.90   1.35
  SINCE JAN 1      4.58               3.40   1.18

SNOWFALL (IN)
  TODAY            0.0   MM      MM  MM
  MONTH TO DATE    0.0               MM
  SINCE MAR 1      0.0               MM
  SINCE JUL 1      0.0               MM

DEGREE DAYS
 HEATING
  TODAY           12

 COOLING
  TODAY            0
........................................................







THE WOLF POINT MT CLIMATE NORMALS FOR TOMORROW
                         NORMAL    RECORD    YEAR
 MAXIMUM TEMPERATURE (F)   73        MM        MM
 MINIMUM TEMPERATURE (F)   44        MM        MM


SUNRISE AND SUNSET
MAY 28 2016...........SUNRISE   509 AM MDT   SUNSET   851 PM MDT
MAY 29 2016...........SUNRISE   508 AM MDT   SUNSET   852 PM MDT


-  INDICATES NEGATIVE NUMBERS.
R  INDICATES RECORD WAS SET OR TIED.
MM INDICATES DATA IS MISSING.
T  INDICATES TRACE AMOUNT.




$$
