076
CDUS46 KSEW 250117
CLIOLM


CLIMATE REPORT
NATIONAL WEATHER SERVICE SEATTLE WA
617 PM PDT MON JUL 24 2017


...................................

...THE OLYMPIA WA AIRPORT CLIMATE SUMMARY FOR JULY 24 2017...
VALID TODAY AS OF 0600 PM LOCAL TIME.

CLIMATE NORMAL PERIOD 1981 TO 2010
CLIMATE RECORD PERIOD 1948 TO 2017


WEATHER ITEM   OBSERVED TIME   RECORD YEAR NORMAL DEPARTURE LAST
                VALUE   (LST)  VALUE       VALUE  FROM      YEAR
                                                  NORMAL
..................................................................
TEMPERATURE (F)
 TODAY
  MAXIMUM         83    459 PM  99    2004  78      5       82
  MINIMUM         49    458 AM  38    1973  51     -2       49
  AVERAGE         66                        65      1       66

PRECIPITATION (IN)
  TODAY            0.00          0.25 1991   0.01  -0.01     0.00
  MONTH TO DATE    0.05                      0.53  -0.48     0.62
  SINCE OCT 1     62.42                     47.25  15.17    60.24
  SINCE JAN 1     34.32                     26.56   7.76    27.24

DEGREE DAYS
 HEATING
  TODAY            0                         2     -2        0
  MONTH TO DATE   34                        66    -32       55
  SINCE JUN 1    185                       254    -69      221
  SINCE JUL 1     34                        66    -32       55

 COOLING
  TODAY            1                         2     -1        1
  MONTH TO DATE   20                        32    -12        8
  SINCE JUN 1     42                        43     -1       42
  SINCE JAN 1     52                        46      6       43
..................................................................


WIND (MPH)
  RESULTANT WIND SPEED   4   RESULTANT WIND DIRECTION   N (20)
  HIGHEST WIND SPEED    14   HIGHEST WIND DIRECTION    NE (30)
  HIGHEST GUST SPEED    17   HIGHEST GUST DIRECTION    NE (30)
  AVERAGE WIND SPEED     5.2


SKY COVER
  AVERAGE SKY COVER 0.0


WEATHER CONDITIONS
 THE FOLLOWING WEATHER WAS RECORDED TODAY.
  NO SIGNIFICANT WEATHER WAS OBSERVED.


RELATIVE HUMIDITY (PERCENT)
 HIGHEST    93           300 AM
 LOWEST     37           300 PM
 AVERAGE    65

..........................................................


THE OLYMPIA WA AIRPORT CLIMATE NORMALS FOR TOMORROW
                         NORMAL    RECORD    YEAR
 MAXIMUM TEMPERATURE (F)   78        93      1988
 MINIMUM TEMPERATURE (F)   52        39      1960


SUNRISE AND SUNSET
JULY 24 2017..........SUNRISE   542 AM PDT   SUNSET   854 PM PDT
JULY 25 2017..........SUNRISE   543 AM PDT   SUNSET   852 PM PDT


-  INDICATES NEGATIVE NUMBERS.
R  INDICATES RECORD WAS SET OR TIED.
MM INDICATES DATA IS MISSING.
T  INDICATES TRACE AMOUNT.




$$
