000
CDUS46 KSEW 280832
CLIOLM


CLIMATE REPORT
NATIONAL WEATHER SERVICE SEATTLE WA
132 AM PDT SAT MAR 28 2015


...................................

...THE OLYMPIA WA AIRPORT CLIMATE SUMMARY FOR MARCH 27 2015...

CLIMATE NORMAL PERIOD 1981 TO 2010
CLIMATE RECORD PERIOD 1948 TO 2015


WEATHER ITEM   OBSERVED TIME   RECORD YEAR NORMAL DEPARTURE LAST
                VALUE   (LST)  VALUE       VALUE  FROM      YEAR
                                                  NORMAL
..................................................................
TEMPERATURE (F)
 YESTERDAY
  MAXIMUM         67   1242 PM  75    1994  56     11       55
  MINIMUM         41    615 AM  20    1975  36      5       40
  AVERAGE         54                        46      8       48

PRECIPITATION (IN)
  YESTERDAY        0.07          1.51 1968   0.15  -0.08     0.12
  MONTH TO DATE    5.62                      4.67   0.95     7.91
  SINCE OCT 1     36.61                     38.47  -1.86    29.79
  SINCE JAN 1     17.58                     17.78  -0.20    20.95

DEGREE DAYS
 HEATING
  YESTERDAY       11                        19     -8       17
  MONTH TO DATE  473                       560    -87      503
  SINCE MAR 1    473                       560    -87      503
  SINCE JUL 1   3508                      4282   -774     4286

 COOLING
  YESTERDAY        0                         0      0        0
  MONTH TO DATE    0                         0      0        0
  SINCE MAR 1      0                         0      0        0
  SINCE JAN 1      0                         0      0        0
..................................................................


WIND (MPH)
  RESULTANT WIND SPEED   6   RESULTANT WIND DIRECTION  SW (240)
  HIGHEST WIND SPEED    17   HIGHEST WIND DIRECTION     S (200)
  HIGHEST GUST SPEED    26   HIGHEST GUST DIRECTION    SW (240)
  AVERAGE WIND SPEED     7.3


SKY COVER
  AVERAGE SKY COVER 0.6


WEATHER CONDITIONS
 THE FOLLOWING WEATHER WAS RECORDED YESTERDAY.
  RAIN
  LIGHT RAIN
  FOG
  FOG W/VISIBILITY <= 1/4 MILE


RELATIVE HUMIDITY (PERCENT)
 HIGHEST   100           300 AM
 LOWEST     52           300 PM
 AVERAGE    76

..........................................................


THE OLYMPIA WA AIRPORT CLIMATE NORMALS FOR TODAY
                         NORMAL    RECORD    YEAR
 MAXIMUM TEMPERATURE (F)   56        76      1994
 MINIMUM TEMPERATURE (F)   36        23      1996


SUNRISE AND SUNSET
MARCH 28 2015.........SUNRISE   659 AM PDT   SUNSET   735 PM PDT
MARCH 29 2015.........SUNRISE   657 AM PDT   SUNSET   737 PM PDT


-  INDICATES NEGATIVE NUMBERS.
R  INDICATES RECORD WAS SET OR TIED.
MM INDICATES DATA IS MISSING.
T  INDICATES TRACE AMOUNT.




$$
