000
CDUS46 KSEW 251840 CCA
CLIOLM

CLIMATE REPORT...CORRECTED AVERAGE WIND
NATIONAL WEATHER SERVICE SEATTLE WA
1140 AM PDT THU MAY 25 2017


...................................

...THE OLYMPIA WA AIRPORT CLIMATE SUMMARY FOR MAY 24 2017...

CLIMATE NORMAL PERIOD 1981 TO 2010
CLIMATE RECORD PERIOD 1948 TO 2017


WEATHER ITEM   OBSERVED TIME   RECORD YEAR NORMAL DEPARTURE LAST
                VALUE   (LST)  VALUE       VALUE  FROM      YEAR
                                                  NORMAL
..................................................................
TEMPERATURE (F)
 YESTERDAY
  MAXIMUM         63    428 PM  89    1992  67     -4       68
  MINIMUM         44    542 AM  33    1980  45     -1       45
                                      1964
                                      1950
  AVERAGE         54                        56     -2       57

PRECIPITATION (IN)
  YESTERDAY        0.00          0.48 1953   0.07  -0.07     0.00
  MONTH TO DATE    2.98                      1.82   1.16     0.11
  SINCE OCT 1     60.95                     44.45  16.50    58.34
  SINCE JAN 1     32.85                     23.76   9.09    25.34

DEGREE DAYS
 HEATING
  YESTERDAY       11                         9      2        8
  MONTH TO DATE  256                       277    -21      173
  SINCE MAR 1   1404                      1414    -10     1100
  SINCE JUL 1   5132                      5136     -4     4458

 COOLING
  YESTERDAY        0                         0      0        0
  MONTH TO DATE    5                         0      5        0
  SINCE MAR 1      5                         0      5        1
  SINCE JAN 1      5                         0      5        1
..................................................................


WIND (MPH)
  RESULTANT WIND SPEED   5   RESULTANT WIND DIRECTION  SW (220)
  HIGHEST WIND SPEED    15   HIGHEST WIND DIRECTION    SW (240)
  HIGHEST GUST SPEED    25   HIGHEST GUST DIRECTION    SW (230)
  AVERAGE WIND SPEED     5.8


SKY COVER
  AVERAGE SKY COVER 0.7


WEATHER CONDITIONS
 THE FOLLOWING WEATHER WAS RECORDED YESTERDAY.
  NO SIGNIFICANT WEATHER WAS OBSERVED.


RELATIVE HUMIDITY (PERCENT)
 HIGHEST   100          1100 PM
 LOWEST     51          1100 AM
 AVERAGE    76

..........................................................


THE OLYMPIA WA AIRPORT CLIMATE NORMALS FOR TODAY
                         NORMAL    RECORD    YEAR
 MAXIMUM TEMPERATURE (F)   67        83      1958
                                             1950
 MINIMUM TEMPERATURE (F)   45        30      1975


SUNRISE AND SUNSET
MAY 25 2017...........SUNRISE   525 AM PDT   SUNSET   852 PM PDT
MAY 26 2017...........SUNRISE   525 AM PDT   SUNSET   853 PM PDT


-  INDICATES NEGATIVE NUMBERS.
R  INDICATES RECORD WAS SET OR TIED.
MM INDICATES DATA IS MISSING.
T  INDICATES TRACE AMOUNT.




$$
