000
CDUS46 KSEW 280830
CLIOLM


CLIMATE REPORT
NATIONAL WEATHER SERVICE SEATTLE WA
129 AM PDT THU JUL 28 2016


...................................

...THE OLYMPIA WA AIRPORT CLIMATE SUMMARY FOR JULY 27 2016...

CLIMATE NORMAL PERIOD 1981 TO 2010
CLIMATE RECORD PERIOD 1948 TO 2016


WEATHER ITEM   OBSERVED TIME   RECORD YEAR NORMAL DEPARTURE LAST
                VALUE   (LST)  VALUE       VALUE  FROM      YEAR
                                                  NORMAL
..................................................................
TEMPERATURE (F)
 YESTERDAY
  MAXIMUM         87    516 PM  99    1998  78      9       75
                                      1958
  MINIMUM         52    404 AM  41    1986  52      0       47
  AVERAGE         70                        65      5       61

PRECIPITATION (IN)
  YESTERDAY        0.00          0.29 1950   0.02  -0.02     0.00
  MONTH TO DATE    0.62                      0.58   0.04     0.15
  SINCE OCT 1     60.24                     47.30  12.94    39.81
  SINCE JAN 1     27.24                     26.61   0.63    20.78

DEGREE DAYS
 HEATING
  YESTERDAY        0                         2     -2        4
  MONTH TO DATE   55                        72    -17       17
  SINCE JUN 1    221                       260    -39       80
  SINCE JUL 1     55                        72    -17       17

 COOLING
  YESTERDAY        5                         2      3        0
  MONTH TO DATE   22                        38    -16       96
  SINCE JUN 1     56                        49      7      168
  SINCE JAN 1     57                        52      5      169
..................................................................


WIND (MPH)
  RESULTANT WIND SPEED   2   RESULTANT WIND DIRECTION  NE (40)
  HIGHEST WIND SPEED    12   HIGHEST WIND DIRECTION    NW (310)
  HIGHEST GUST SPEED    16   HIGHEST GUST DIRECTION    NW (310)
  AVERAGE WIND SPEED     2.8


SKY COVER
  AVERAGE SKY COVER 0.2


WEATHER CONDITIONS
 THE FOLLOWING WEATHER WAS RECORDED YESTERDAY.
  FOG
  FOG W/VISIBILITY <= 1/4 MILE


RELATIVE HUMIDITY (PERCENT)
 HIGHEST   100           600 AM
 LOWEST     35           400 PM
 AVERAGE    68

..........................................................


THE OLYMPIA WA AIRPORT CLIMATE NORMALS FOR TODAY
                         NORMAL    RECORD    YEAR
 MAXIMUM TEMPERATURE (F)   79       101      2009
 MINIMUM TEMPERATURE (F)   52        40      1976


SUNRISE AND SUNSET
JULY 28 2016..........SUNRISE   547 AM PDT   SUNSET   848 PM PDT
JULY 29 2016..........SUNRISE   548 AM PDT   SUNSET   847 PM PDT


-  INDICATES NEGATIVE NUMBERS.
R  INDICATES RECORD WAS SET OR TIED.
MM INDICATES DATA IS MISSING.
T  INDICATES TRACE AMOUNT.




$$
