000
CDUS46 KSEW 200120
CLIOLM


CLIMATE REPORT
NATIONAL WEATHER SERVICE SEATTLE WA
619 PM PDT SAT APR 19 2014


...................................

...THE OLYMPIA WA AIRPORT CLIMATE SUMMARY FOR APRIL 19 2014...
VALID TODAY AS OF 0600 PM LOCAL TIME.

CLIMATE NORMAL PERIOD 1981 TO 2010
CLIMATE RECORD PERIOD 1948 TO 2014


WEATHER ITEM   OBSERVED TIME   RECORD YEAR NORMAL DEPARTURE LAST
                VALUE   (LST)  VALUE       VALUE  FROM      YEAR
                                                  NORMAL
..................................................................
TEMPERATURE (F)
 TODAY
  MAXIMUM         52    420 PM  78    1950  59     -7       55
  MINIMUM         37    244 AM  26    1966  38     -1       47
                                      1964
  AVERAGE         45                        49     -4       51

PRECIPITATION (IN)
  TODAY            0.43          2.31 1965   0.11   0.32     0.15
  MONTH TO DATE    2.00                      2.43  -0.43     4.29
  SINCE OCT 1     33.05                     41.52  -8.47    43.08
  SINCE JAN 1     24.21                     20.83   3.38    16.12

DEGREE DAYS
 HEATING
  TODAY           20                        16      4       14
  MONTH TO DATE  292                       333    -41      339
  SINCE MAR 1    869                       969   -100      948
  SINCE JUL 1   4652                      4691    -39     4635

 COOLING
  TODAY            0                         0      0        0
  MONTH TO DATE    0                         0      0        0
  SINCE MAR 1      0                         0      0        0
  SINCE JAN 1      0                         0      0        0
..................................................................


WIND (MPH)
  RESULTANT WIND SPEED   3   RESULTANT WIND DIRECTION   S (170)
  HIGHEST WIND SPEED    25   HIGHEST WIND DIRECTION    SW (210)
  HIGHEST GUST SPEED    31   HIGHEST GUST DIRECTION    SW (220)
  AVERAGE WIND SPEED     5.3


SKY COVER
  AVERAGE SKY COVER 0.7


WEATHER CONDITIONS
 THE FOLLOWING WEATHER WAS RECORDED TODAY.
  HEAVY RAIN
  RAIN
  LIGHT RAIN
  FOG


RELATIVE HUMIDITY (PERCENT)
 HIGHEST    93           500 AM
 LOWEST     76           700 AM
 AVERAGE    85

..........................................................


THE OLYMPIA WA AIRPORT CLIMATE NORMALS FOR TOMORROW
                         NORMAL    RECORD    YEAR
 MAXIMUM TEMPERATURE (F)   60        78      1956
 MINIMUM TEMPERATURE (F)   38        26      1951


SUNRISE AND SUNSET
APRIL 19 2014.........SUNRISE   616 AM PDT   SUNSET   806 PM PDT
APRIL 20 2014.........SUNRISE   615 AM PDT   SUNSET   807 PM PDT


-  INDICATES NEGATIVE NUMBERS.
R  INDICATES RECORD WAS SET OR TIED.
MM INDICATES DATA IS MISSING.
T  INDICATES TRACE AMOUNT.




$$
