000
CDUS43 KOAX 300634
CLIOMA


CLIMATE REPORT
NATIONAL WEATHER SERVICE OMAHA NEBRASKA
132 AM CDT SAT JUL 30 2016


...................................

...THE OMAHA EPPLEY, NEBRASKA CLIMATE SUMMARY FOR JULY 29 2016...

CLIMATE NORMAL PERIOD 1981 TO 2010
CLIMATE RECORD PERIOD 1871 TO 2016


WEATHER ITEM   OBSERVED TIME   RECORD YEAR NORMAL DEPARTURE LAST
                VALUE   (LST)  VALUE       VALUE  FROM      YEAR
                                                  NORMAL
..................................................................
TEMPERATURE (F)
 YESTERDAY
  MAXIMUM         83    416 PM 104    1917  87     -4       86
  MINIMUM         65   1150 PM  50    1971  66     -1       62
  AVERAGE         74                        76     -2       74

PRECIPITATION (IN)
  YESTERDAY        T             4.35 1871   0.13  -0.13     0.00
  MONTH TO DATE    6.60                      3.58   3.02     2.33
  SINCE JUN 1      7.54                      7.76  -0.22     6.94
  SINCE JAN 1     20.53                     19.04   1.49    17.63

SNOWFALL (IN)
  YESTERDAY        0.0                       0.0    0.0      0.0
  MONTH TO DATE    T                         0.0    0.0      0.0
  SINCE JUL 1      T                         0.0    0.0      0.0
  SNOW DEPTH       0

DEGREE DAYS
 HEATING
  YESTERDAY        0                         0      0        0
  MONTH TO DATE    0                         0      0        1
  SINCE JUN 1      0                        17    -17        1
  SINCE JUL 1      0                         0      0        1

 COOLING
  YESTERDAY        9                        12     -3        9
  MONTH TO DATE  382                       344     38      351
  SINCE JUN 1    800                       574    226      613
  SINCE JAN 1    883                       656    227      659
..................................................................


WIND (MPH)
  HIGHEST WIND SPEED    14   HIGHEST WIND DIRECTION     N (10)
  HIGHEST GUST SPEED    17   HIGHEST GUST DIRECTION    NW (330)
  AVERAGE WIND SPEED     6.3


SKY COVER
  POSSIBLE SUNSHINE  MM
  AVERAGE SKY COVER 0.5


WEATHER CONDITIONS
 THE FOLLOWING WEATHER WAS RECORDED YESTERDAY.
  LIGHT RAIN


RELATIVE HUMIDITY (PERCENT)
 HIGHEST    87           400 AM
 LOWEST     47           300 PM
 AVERAGE    67

..........................................................


THE OMAHA EPPLEY, NEBRASKA CLIMATE NORMALS FOR TODAY
                         NORMAL    RECORD    YEAR
 MAXIMUM TEMPERATURE (F)   87       104      1955
 MINIMUM TEMPERATURE (F)   66        45      1971


SUNRISE AND SUNSET
JULY 30 2016..........SUNRISE   617 AM CDT   SUNSET   842 PM CDT
JULY 31 2016..........SUNRISE   618 AM CDT   SUNSET   841 PM CDT


-  INDICATES NEGATIVE NUMBERS.
R  INDICATES RECORD WAS SET OR TIED.
MM INDICATES DATA IS MISSING.
T  INDICATES TRACE AMOUNT.




$$
