000
CDUS43 KOAX 230644
CLIOMA


CLIMATE REPORT
NATIONAL WEATHER SERVICE OMAHA NEBRASKA
1242 AM CST THU FEB 23 2017


...................................

...THE OMAHA EPPLEY, NEBRASKA CLIMATE SUMMARY FOR FEBRUARY 22 2017...

CLIMATE NORMAL PERIOD 1981 TO 2010
CLIMATE RECORD PERIOD 1871 TO 2017


WEATHER ITEM   OBSERVED TIME   RECORD YEAR NORMAL DEPARTURE LAST
                VALUE   (LST)  VALUE       VALUE  FROM      YEAR
                                                  NORMAL
..................................................................
TEMPERATURE (F)
 YESTERDAY
  MAXIMUM         75R   233 PM  71    1982  41     34       44
  MINIMUM         41   1125 PM  -8    1910  20     21       36
                                      1889
  AVERAGE         58                        30     28       40

PRECIPITATION (IN)
  YESTERDAY        0.00          1.05 1971   0.04  -0.04      T
  MONTH TO DATE    0.38                      0.63  -0.25     0.60
  SINCE DEC 1      2.71                      2.39   0.32     6.97
  SINCE JAN 1      1.24                      1.35  -0.11     1.71

SNOWFALL (IN)
  YESTERDAY        0.0                       0.2   -0.2      0.0
  MONTH TO DATE    2.8                       5.0   -2.2      6.3
  SINCE JUL 1      8.7                      20.1  -11.4     27.4
  SNOW DEPTH       0

DEGREE DAYS
 HEATING
  YESTERDAY        7                        35    -28       25
  MONTH TO DATE  576                       833   -257      723
  SINCE DEC 1   2896                      3328   -432     2925
  SINCE JUL 1   3647                      4598   -951     3803

 COOLING
  YESTERDAY        0                         0      0        0
  MONTH TO DATE    0                         0      0        0
  SINCE DEC 1      0                         0      0        0
  SINCE JAN 1      0                         0      0        0
..................................................................


WIND (MPH)
  HIGHEST WIND SPEED    21   HIGHEST WIND DIRECTION    NW (310)
  HIGHEST GUST SPEED    26   HIGHEST GUST DIRECTION    NW (330)
  AVERAGE WIND SPEED    10.4


SKY COVER
  POSSIBLE SUNSHINE  MM
  AVERAGE SKY COVER 0.1


WEATHER CONDITIONS
 THE FOLLOWING WEATHER WAS RECORDED YESTERDAY.
  NO SIGNIFICANT WEATHER WAS OBSERVED.


RELATIVE HUMIDITY (PERCENT)
 HIGHEST    76          1100 PM
 LOWEST     25           300 PM
 AVERAGE    51

..........................................................


THE OMAHA EPPLEY, NEBRASKA CLIMATE NORMALS FOR TODAY
                         NORMAL    RECORD    YEAR
 MAXIMUM TEMPERATURE (F)   41        68      2002
                                             1871
 MINIMUM TEMPERATURE (F)   21       -10      1889


SUNRISE AND SUNSET
FEBRUARY 23 2017......SUNRISE   707 AM CST   SUNSET   608 PM CST
FEBRUARY 24 2017......SUNRISE   705 AM CST   SUNSET   609 PM CST


-  INDICATES NEGATIVE NUMBERS.
R  INDICATES RECORD WAS SET OR TIED.
MM INDICATES DATA IS MISSING.
T  INDICATES TRACE AMOUNT.




$$
