000
CDUS43 KOAX 030654
CLIOMA


CLIMATE REPORT
NATIONAL WEATHER SERVICE OMAHA NEBRASKA
1253 AM CST SAT DEC 3 2016


...................................

...THE OMAHA EPPLEY, NEBRASKA CLIMATE SUMMARY FOR DECEMBER 2 2016...

CLIMATE NORMAL PERIOD 1981 TO 2010
CLIMATE RECORD PERIOD 1871 TO 2016


WEATHER ITEM   OBSERVED TIME   RECORD YEAR NORMAL DEPARTURE LAST
                VALUE   (LST)  VALUE       VALUE  FROM      YEAR
                                                  NORMAL
..................................................................
TEMPERATURE (F)
 YESTERDAY
  MAXIMUM         43    207 PM  67    1973  40      3       40
  MINIMUM         27   1148 PM  -4    1886  21      6       25
  AVERAGE         35                        30      5       33

PRECIPITATION (IN)
  YESTERDAY        0.00          0.63 1902   0.04  -0.04      T
  MONTH TO DATE    0.00                      0.08  -0.08     0.03
  SINCE DEC 1      0.00                      0.08  -0.08     0.03
  SINCE JAN 1     33.17                     29.66   3.51    39.29

SNOWFALL (IN)
  YESTERDAY        0.0                       0.2   -0.2       T
  MONTH TO DATE    0.0                       0.4   -0.4      0.6
  SINCE JUL 1      T                         3.2   -3.2      2.5
  SNOW DEPTH       0

DEGREE DAYS
 HEATING
  YESTERDAY       30                        35     -5       32
  MONTH TO DATE   59                        69    -10       67
  SINCE DEC 1     59                        69    -10       67
  SINCE JUL 1    810                      1339   -529      945

 COOLING
  YESTERDAY        0                         0      0        0
  MONTH TO DATE    0                         0      0        0
  SINCE DEC 1      0                         0      0        0
  SINCE JAN 1   1476                      1113    363     1215
..................................................................


WIND (MPH)
  HIGHEST WIND SPEED    13   HIGHEST WIND DIRECTION     N (360)
  HIGHEST GUST SPEED    16   HIGHEST GUST DIRECTION    NW (330)
  AVERAGE WIND SPEED     3.2


SKY COVER
  POSSIBLE SUNSHINE  MM
  AVERAGE SKY COVER 0.7


WEATHER CONDITIONS
 THE FOLLOWING WEATHER WAS RECORDED YESTERDAY.
  NO SIGNIFICANT WEATHER WAS OBSERVED.


RELATIVE HUMIDITY (PERCENT)
 HIGHEST    85           900 AM
 LOWEST     64          1200 PM
 AVERAGE    75

..........................................................


THE OMAHA EPPLEY, NEBRASKA CLIMATE NORMALS FOR TODAY
                         NORMAL    RECORD    YEAR
 MAXIMUM TEMPERATURE (F)   39        64      1959
 MINIMUM TEMPERATURE (F)   20        -8      1871


SUNRISE AND SUNSET
DECEMBER  3 2016......SUNRISE   732 AM CST   SUNSET   455 PM CST
DECEMBER  4 2016......SUNRISE   733 AM CST   SUNSET   454 PM CST


-  INDICATES NEGATIVE NUMBERS.
R  INDICATES RECORD WAS SET OR TIED.
MM INDICATES DATA IS MISSING.
T  INDICATES TRACE AMOUNT.




$$
