000
CDUS43 KOAX 090644
CLIOMA


CLIMATE REPORT
NATIONAL WEATHER SERVICE OMAHA NEBRASKA
1244 AM CST TUE FEB 9 2016


...................................

...THE OMAHA EPPLEY, NEBRASKA CLIMATE SUMMARY FOR FEBRUARY 8 2016...

CLIMATE NORMAL PERIOD 1981 TO 2010
CLIMATE RECORD PERIOD 1871 TO 2016


WEATHER ITEM   OBSERVED TIME   RECORD YEAR NORMAL DEPARTURE LAST
                VALUE   (LST)  VALUE       VALUE  FROM      YEAR
                                                  NORMAL
..................................................................
TEMPERATURE (F)
 YESTERDAY
  MAXIMUM         31    157 AM  66    1954  36     -5       45
  MINIMUM         23   1159 PM -21    1899  16      7       32
  AVERAGE         27                        26      1       39

PRECIPITATION (IN)
  YESTERDAY        T             0.60 1871   0.02  -0.02      T
  MONTH TO DATE    0.49                      0.21   0.28     0.39
  SINCE DEC 1      6.86                      1.97   4.89     2.76
  SINCE JAN 1      1.60                      0.93   0.67     1.08

SNOWFALL (IN)
  YESTERDAY        T                         0.3   -0.3      0.0
  MONTH TO DATE    6.1                       1.9    4.2      5.9
  SINCE JUL 1     27.2                      17.0   10.2     13.1
  SNOW DEPTH       2

DEGREE DAYS
 HEATING
  YESTERDAY       38                        39     -1       26
  MONTH TO DATE  291                       317    -26      350
  SINCE DEC 1   2493                      2812   -319     2528
  SINCE JUL 1   3371                      4082   -711     3829

 COOLING
  YESTERDAY        0                         0      0        0
  MONTH TO DATE    0                         0      0        0
  SINCE DEC 1      0                         0      0        0
  SINCE JAN 1      0                         0      0        0
..................................................................


WIND (MPH)
  HIGHEST WIND SPEED    39   HIGHEST WIND DIRECTION     N (340)
  HIGHEST GUST SPEED    49   HIGHEST GUST DIRECTION     N (340)
  AVERAGE WIND SPEED    22.0


SKY COVER
  POSSIBLE SUNSHINE  MM
  AVERAGE SKY COVER 0.8


WEATHER CONDITIONS
 THE FOLLOWING WEATHER WAS RECORDED YESTERDAY.
  LIGHT SNOW


RELATIVE HUMIDITY (PERCENT)
 HIGHEST    81          1000 PM
 LOWEST     58           400 PM
 AVERAGE    70

..........................................................


THE OMAHA EPPLEY, NEBRASKA CLIMATE NORMALS FOR TODAY
                         NORMAL    RECORD    YEAR
 MAXIMUM TEMPERATURE (F)   36        63      1954
 MINIMUM TEMPERATURE (F)   16       -23      1899


SUNRISE AND SUNSET
FEBRUARY  9 2016......SUNRISE   727 AM CST   SUNSET   550 PM CST
FEBRUARY 10 2016......SUNRISE   725 AM CST   SUNSET   551 PM CST


-  INDICATES NEGATIVE NUMBERS.
R  INDICATES RECORD WAS SET OR TIED.
MM INDICATES DATA IS MISSING.
T  INDICATES TRACE AMOUNT.




$$
