000
CDUS43 KOAX 210621
CLIOMA


CLIMATE REPORT
NATIONAL WEATHER SERVICE OMAHA NEBRASKA
121 AM CDT THU SEP 21 2017


...................................

...THE OMAHA EPPLEY, NEBRASKA CLIMATE SUMMARY FOR SEPTEMBER 20 2017...

CLIMATE NORMAL PERIOD 1981 TO 2010
CLIMATE RECORD PERIOD 1871 TO 2017


WEATHER ITEM   OBSERVED TIME   RECORD YEAR NORMAL DEPARTURE LAST
                VALUE   (LST)  VALUE       VALUE  FROM      YEAR
                                                  NORMAL
..................................................................
TEMPERATURE (F)
 YESTERDAY
  MAXIMUM         81    341 PM  93    2016  76      5       93
                                      1931
  MINIMUM         59   1126 PM  35    1943  52      7       56
                                      1918
  AVERAGE         70                        64      6       75

PRECIPITATION (IN)
  YESTERDAY        0.00          2.05 1955   0.08  -0.08     0.00
  MONTH TO DATE    1.31                      1.87  -0.56     3.12
  SINCE SEP 1      1.31                      1.87  -0.56     3.12
  SINCE JAN 1     20.28                     24.98  -4.70    29.44

SNOWFALL (IN)
  YESTERDAY        0.0                       0.0    0.0      0.0
  MONTH TO DATE    0.0                       0.0    0.0      0.0
  SINCE JUL 1      0.0                       0.0    0.0       T
  SNOW DEPTH       0

DEGREE DAYS
 HEATING
  YESTERDAY        0                         4     -4        0
  MONTH TO DATE   14                        40    -26        6
  SINCE SEP 1     14                        40    -26        6
  SINCE JUL 1     14                        48    -34        6

 COOLING
  YESTERDAY        5                         3      2       10
  MONTH TO DATE  138                        97     41      144
  SINCE SEP 1    138                        97     41      144
  SINCE JAN 1   1267                      1077    190     1391
..................................................................


WIND (MPH)
  HIGHEST WIND SPEED    24   HIGHEST WIND DIRECTION     S (170)
  HIGHEST GUST SPEED    28   HIGHEST GUST DIRECTION     S (170)
  AVERAGE WIND SPEED    10.8


SKY COVER
  POSSIBLE SUNSHINE  MM
  AVERAGE SKY COVER 0.3


WEATHER CONDITIONS
 THE FOLLOWING WEATHER WAS RECORDED YESTERDAY.
  NO SIGNIFICANT WEATHER WAS OBSERVED.


RELATIVE HUMIDITY (PERCENT)
 HIGHEST    84          1100 PM
 LOWEST     36           400 PM
 AVERAGE    60

..........................................................


THE OMAHA EPPLEY, NEBRASKA CLIMATE NORMALS FOR TODAY
                         NORMAL    RECORD    YEAR
 MAXIMUM TEMPERATURE (F)   76        98      2005
 MINIMUM TEMPERATURE (F)   51        34      1999
                                             1983


SUNRISE AND SUNSET
SEPTEMBER 21 2017.....SUNRISE   710 AM CDT   SUNSET   722 PM CDT
SEPTEMBER 22 2017.....SUNRISE   711 AM CDT   SUNSET   720 PM CDT


-  INDICATES NEGATIVE NUMBERS.
R  INDICATES RECORD WAS SET OR TIED.
MM INDICATES DATA IS MISSING.
T  INDICATES TRACE AMOUNT.




$$
