000
CDUS43 KOAX 020607
CLIOMA


CLIMATE REPORT
NATIONAL WEATHER SERVICE OMAHA NEBRASKA
106 AM CDT SUN AUG 2 2015


...................................

...THE OMAHA EPPLEY, NEBRASKA CLIMATE SUMMARY FOR AUGUST 1 2015...

CLIMATE NORMAL PERIOD 1981 TO 2010
CLIMATE RECORD PERIOD 1871 TO 2015


WEATHER ITEM   OBSERVED TIME   RECORD YEAR NORMAL DEPARTURE LAST
                VALUE   (LST)  VALUE       VALUE  FROM      YEAR
                                                  NORMAL
..................................................................
TEMPERATURE (F)
 YESTERDAY
  MAXIMUM         85        MM 103    1964  87     -2       86
  MINIMUM         68        MM  55    1973  66      2       65
                                      1968
                                      1898
  AVERAGE         77                        76      1       76

PRECIPITATION (IN)
  YESTERDAY        T             2.49 1981   0.13  -0.13     0.01
  MONTH TO DATE    T                         0.13  -0.13     0.01
  SINCE JUN 1      7.01                      8.14  -1.13    12.25
  SINCE JAN 1     17.70                     19.42  -1.72    19.07

SNOWFALL (IN)
  YESTERDAY        0.0                       0.0    0.0      0.0
  MONTH TO DATE    0.0                       0.0    0.0      0.0
  SINCE JUL 1      0.0                       0.0    0.0      0.0
  SNOW DEPTH       0

DEGREE DAYS
 HEATING
  YESTERDAY        0                         0      0        0
  MONTH TO DATE    0                         0      0        0
  SINCE JUN 1      1                        18    -17       10
  SINCE JUL 1      1                         1      0        4

 COOLING
  YESTERDAY       12                        11      1       11
  MONTH TO DATE   12                        11      1       11
  SINCE JUN 1    654                       606     48      559
  SINCE JAN 1    700                       688     12      702
..................................................................


WIND (MPH)
  HIGHEST WIND SPEED    12   HIGHEST WIND DIRECTION     S (160)
  HIGHEST GUST SPEED    31   HIGHEST GUST DIRECTION     N (20)
  AVERAGE WIND SPEED     5.9


SKY COVER
  POSSIBLE SUNSHINE  MM
  AVERAGE SKY COVER 0.5


WEATHER CONDITIONS
 THE FOLLOWING WEATHER WAS RECORDED YESTERDAY.
  LIGHT RAIN


RELATIVE HUMIDITY (PERCENT)
 HIGHEST    93           600 AM
 LOWEST     55           100 PM
 AVERAGE    74

..........................................................


THE OMAHA EPPLEY, NEBRASKA CLIMATE NORMALS FOR TODAY
                         NORMAL    RECORD    YEAR
 MAXIMUM TEMPERATURE (F)   87       107      1964
 MINIMUM TEMPERATURE (F)   66        53      1973


SUNRISE AND SUNSET
AUGUST  2 2015........SUNRISE   620 AM CDT   SUNSET   840 PM CDT
AUGUST  3 2015........SUNRISE   621 AM CDT   SUNSET   838 PM CDT


-  INDICATES NEGATIVE NUMBERS.
R  INDICATES RECORD WAS SET OR TIED.
MM INDICATES DATA IS MISSING.
T  INDICATES TRACE AMOUNT.




$$
