000
CDUS43 KOAX 250650
CLIOMA


CLIMATE REPORT
NATIONAL WEATHER SERVICE OMAHA NEBRASKA
147 AM CDT TUE JUL 25 2017


...................................

...THE OMAHA EPPLEY, NEBRASKA CLIMATE SUMMARY FOR JULY 24 2017...

CLIMATE NORMAL PERIOD 1981 TO 2010
CLIMATE RECORD PERIOD 1871 TO 2017


WEATHER ITEM   OBSERVED TIME   RECORD YEAR NORMAL DEPARTURE LAST
                VALUE   (LST)  VALUE       VALUE  FROM      YEAR
                                                  NORMAL
..................................................................
TEMPERATURE (F)
 YESTERDAY
  MAXIMUM         87    421 PM 107    1940  87      0       87
  MINIMUM         60    521 AM  54    1911  66     -6       71
  AVERAGE         74                        77     -3       79

PRECIPITATION (IN)
  YESTERDAY        0.00          2.30 1995   0.12  -0.12     0.00
  MONTH TO DATE    0.66                      2.95  -2.29     6.60
  SINCE JUN 1      3.80                      7.13  -3.33     7.54
  SINCE JAN 1     15.11                     18.41  -3.30    20.53

SNOWFALL (IN)
  YESTERDAY        0.0                       0.0    0.0      0.0
  MONTH TO DATE    0.0                       0.0    0.0       T
  SINCE JUL 1      0.0                       0.0    0.0       T
  SNOW DEPTH       0

DEGREE DAYS
 HEATING
  YESTERDAY        0                         0      0        0
  MONTH TO DATE    0                         0      0        0
  SINCE JUN 1      0                        17    -17        0
  SINCE JUL 1      0                         0      0        0

 COOLING
  YESTERDAY        9                        12     -3       14
  MONTH TO DATE  390                       284    106      322
  SINCE JUN 1    717                       514    203      740
  SINCE JAN 1    802                       596    206      823
..................................................................


WIND (MPH)
  HIGHEST WIND SPEED    18   HIGHEST WIND DIRECTION    SE (150)
  HIGHEST GUST SPEED    24   HIGHEST GUST DIRECTION    SE (150)
  AVERAGE WIND SPEED     8.1


SKY COVER
  POSSIBLE SUNSHINE  MM
  AVERAGE SKY COVER 0.2


WEATHER CONDITIONS
 THE FOLLOWING WEATHER WAS RECORDED YESTERDAY.
  NO SIGNIFICANT WEATHER WAS OBSERVED.


RELATIVE HUMIDITY (PERCENT)
 HIGHEST    90           500 AM
 LOWEST     46           400 PM
 AVERAGE    68

..........................................................


THE OMAHA EPPLEY, NEBRASKA CLIMATE NORMALS FOR TODAY
                         NORMAL    RECORD    YEAR
 MAXIMUM TEMPERATURE (F)   87       114      1936
 MINIMUM TEMPERATURE (F)   66        52      1975


SUNRISE AND SUNSET
JULY 25 2017..........SUNRISE   612 AM CDT   SUNSET   847 PM CDT
JULY 26 2017..........SUNRISE   613 AM CDT   SUNSET   846 PM CDT


-  INDICATES NEGATIVE NUMBERS.
R  INDICATES RECORD WAS SET OR TIED.
MM INDICATES DATA IS MISSING.
T  INDICATES TRACE AMOUNT.




$$
