000
CDUS43 KOAX 212222
CLIOMA


CLIMATE REPORT
NATIONAL WEATHER SERVICE OMAHA NEBRASKA
422 PM CST SUN DEC 21 2014


...................................

...THE OMAHA EPPLEY, NEBRASKA CLIMATE SUMMARY FOR DECEMBER 21 2014...
VALID TODAY AS OF 0400 PM LOCAL TIME.

CLIMATE NORMAL PERIOD 1981 TO 2010
CLIMATE RECORD PERIOD 1871 TO 2014


WEATHER ITEM   OBSERVED TIME   RECORD YEAR NORMAL DEPARTURE LAST
                VALUE   (LST)  VALUE       VALUE  FROM      YEAR
                                                  NORMAL
..................................................................
TEMPERATURE (F)
 TODAY
  MAXIMUM         42    359 PM  62    1941  34      8       25
  MINIMUM         35   1245 AM -22    1989  15     20       18
  AVERAGE         39                        24     15       22

PRECIPITATION (IN)
  TODAY            0.00          0.53 1984   0.03  -0.03     0.00
  MONTH TO DATE    0.77                      0.77   0.00     0.16
  SINCE DEC 1      0.77                      0.77   0.00     0.16
  SINCE JAN 1     38.23                     30.35   7.88    28.96

SNOWFALL (IN)
  TODAY            0.0                       0.2   -0.2      0.0
  MONTH TO DATE    0.3                       4.2   -3.9      2.6
  SINCE JUL 1      2.7                       7.0   -4.3      3.0
  SNOW DEPTH       0

DEGREE DAYS
 HEATING
  TODAY           26                        41    -15       43
  MONTH TO DATE  640                       798   -158      892
  SINCE DEC 1    640                       798   -158      892
  SINCE JUL 1   1941                      2068   -127     2118

 COOLING
  TODAY            0                         0      0        0
  MONTH TO DATE    0                         0      0        0
  SINCE DEC 1      0                         0      0        0
  SINCE JAN 1   1149                      1113     36     1294
..................................................................


WIND (MPH)
  HIGHEST WIND SPEED    23   HIGHEST WIND DIRECTION     S (180)
  HIGHEST GUST SPEED    29   HIGHEST GUST DIRECTION     S (170)
  AVERAGE WIND SPEED    15.5


SKY COVER
  POSSIBLE SUNSHINE  MM
  AVERAGE SKY COVER 1.0


WEATHER CONDITIONS
 THE FOLLOWING WEATHER WAS RECORDED TODAY.
  FOG


RELATIVE HUMIDITY (PERCENT)
 HIGHEST   100           100 AM
 LOWEST     82           100 PM
 AVERAGE    91

..........................................................


THE OMAHA EPPLEY, NEBRASKA CLIMATE NORMALS FOR TOMORROW
                         NORMAL    RECORD    YEAR
 MAXIMUM TEMPERATURE (F)   34        63      1933
                                             1875
 MINIMUM TEMPERATURE (F)   15       -25      1989


SUNRISE AND SUNSET
DECEMBER 21 2014......SUNRISE   746 AM CST   SUNSET   458 PM CST
DECEMBER 22 2014......SUNRISE   746 AM CST   SUNSET   458 PM CST


-  INDICATES NEGATIVE NUMBERS.
R  INDICATES RECORD WAS SET OR TIED.
MM INDICATES DATA IS MISSING.
T  INDICATES TRACE AMOUNT.




$$
