000
CDUS43 KOAX 222251
CLIOMA


CLIMATE REPORT
NATIONAL WEATHER SERVICE OMAHA NEBRASKA
449 PM CST WED NOV 22 2017


...................................

...THE OMAHA EPPLEY, NEBRASKA CLIMATE SUMMARY FOR NOVEMBER 22 2017...
VALID TODAY AS OF 0400 PM LOCAL TIME.

CLIMATE NORMAL PERIOD 1981 TO 2010
CLIMATE RECORD PERIOD 1871 TO 2017


WEATHER ITEM   OBSERVED TIME   RECORD YEAR NORMAL DEPARTURE LAST
                VALUE   (LST)  VALUE       VALUE  FROM      YEAR
                                                  NORMAL
..................................................................
TEMPERATURE (F)
 TODAY
  MAXIMUM         41    359 PM  70    1966  45     -4       45
  MINIMUM         15    436 AM  -4    1871  26    -11       41
  AVERAGE         28                        35     -7       43

PRECIPITATION (IN)
  TODAY            0.00          0.80 1999   0.05  -0.05     0.47
  MONTH TO DATE    0.36                      1.26  -0.90     0.49
  SINCE SEP 1      7.01                      6.09   0.92     6.57
  SINCE JAN 1     25.98                     29.20  -3.22    32.89

SNOWFALL (IN)
  TODAY            0.0                       0.1   -0.1      0.0
  MONTH TO DATE    0.0                       1.3   -1.3       T
  SINCE JUL 1      T                         1.6   -1.6       T
  SNOW DEPTH       0

DEGREE DAYS
 HEATING
  TODAY           37                        30      7       22
  MONTH TO DATE  568                       529     39      334
  SINCE SEP 1    905                      1006   -101      562
  SINCE JUL 1    905                      1014   -109      562

 COOLING
  TODAY            0                         0      0        0
  MONTH TO DATE    0                         0      0        0
  SINCE SEP 1    220                       132     88      229
  SINCE JAN 1   1349                      1112    237     1476
..................................................................


WIND (MPH)
  HIGHEST WIND SPEED    20   HIGHEST WIND DIRECTION     S (180)
  HIGHEST GUST SPEED    23   HIGHEST GUST DIRECTION     S (180)
  AVERAGE WIND SPEED     7.9


SKY COVER
  POSSIBLE SUNSHINE  MM
  AVERAGE SKY COVER 0.4


WEATHER CONDITIONS
 THE FOLLOWING WEATHER WAS RECORDED TODAY.
  NO SIGNIFICANT WEATHER WAS OBSERVED.


RELATIVE HUMIDITY (PERCENT)
 HIGHEST    80           800 AM
 LOWEST     34           400 PM
 AVERAGE    57

..........................................................


THE OMAHA EPPLEY, NEBRASKA CLIMATE NORMALS FOR TOMORROW
                         NORMAL    RECORD    YEAR
 MAXIMUM TEMPERATURE (F)   44        64      2006
 MINIMUM TEMPERATURE (F)   25         1      1898


SUNRISE AND SUNSET
NOVEMBER 22 2017......SUNRISE   720 AM CST   SUNSET   459 PM CST
NOVEMBER 23 2017......SUNRISE   721 AM CST   SUNSET   458 PM CST


-  INDICATES NEGATIVE NUMBERS.
R  INDICATES RECORD WAS SET OR TIED.
MM INDICATES DATA IS MISSING.
T  INDICATES TRACE AMOUNT.




$$
