000
CDUS43 KOAX 022202
CLIOMA


CLIMATE REPORT
NATIONAL WEATHER SERVICE OMAHA NEBRASKA
500 PM CDT MON MAY 2 2016


...................................

...THE OMAHA EPPLEY, NEBRASKA CLIMATE SUMMARY FOR MAY 2 2016...
VALID TODAY AS OF 0500 PM LOCAL TIME.

CLIMATE NORMAL PERIOD 1981 TO 2010
CLIMATE RECORD PERIOD 1871 TO 2016


WEATHER ITEM   OBSERVED TIME   RECORD YEAR NORMAL DEPARTURE LAST
                VALUE   (LST)  VALUE       VALUE  FROM      YEAR
                                                  NORMAL
..................................................................
TEMPERATURE (F)
 TODAY
  MAXIMUM         66    228 PM  92    1965  69     -3       73
  MINIMUM         43    518 AM  28    1875  46     -3       54
  AVERAGE         55                        58     -3       64

PRECIPITATION (IN)
  TODAY            0.00          2.99 1959   0.13  -0.13     0.55
  MONTH TO DATE    0.07                      0.26  -0.19     0.55
  SINCE MAR 1      6.50                      5.21   1.29     4.76
  SINCE JAN 1      8.22                      6.78   1.44     5.90

SNOWFALL (IN)
  TODAY            0.0                       0.0    0.0      0.0
  MONTH TO DATE    0.0                       0.0    0.0      0.0
  SINCE JUL 1     27.4                      26.4    1.0     13.8
  SNOW DEPTH       0

DEGREE DAYS
 HEATING
  TODAY           10                         8      2        1
  MONTH TO DATE   27                        16     11        6
  SINCE MAR 1    867                      1220   -353      977
  SINCE JUL 1   4833                      6018  -1185     5688

 COOLING
  TODAY            0                         1     -1        0
  MONTH TO DATE    0                         2     -2        0
  SINCE MAR 1     13                        18     -5        5
  SINCE JAN 1     13                        18     -5        5
..................................................................


WIND (MPH)
  HIGHEST WIND SPEED     9   HIGHEST WIND DIRECTION     N (360)
  HIGHEST GUST SPEED    14   HIGHEST GUST DIRECTION     N (350)
  AVERAGE WIND SPEED     4.1


SKY COVER
  POSSIBLE SUNSHINE  MM
  AVERAGE SKY COVER 0.7


WEATHER CONDITIONS
 THE FOLLOWING WEATHER WAS RECORDED TODAY.
  NO SIGNIFICANT WEATHER WAS OBSERVED.


RELATIVE HUMIDITY (PERCENT)
 HIGHEST    93           200 AM
 LOWEST     40           200 PM
 AVERAGE    67

..........................................................


THE OMAHA EPPLEY, NEBRASKA CLIMATE NORMALS FOR TOMORROW
                         NORMAL    RECORD    YEAR
 MAXIMUM TEMPERATURE (F)   70        92      1949
 MINIMUM TEMPERATURE (F)   47        26      1907


SUNRISE AND SUNSET
MAY  2 2016...........SUNRISE   619 AM CDT   SUNSET   823 PM CDT
MAY  3 2016...........SUNRISE   618 AM CDT   SUNSET   824 PM CDT


-  INDICATES NEGATIVE NUMBERS.
R  INDICATES RECORD WAS SET OR TIED.
MM INDICATES DATA IS MISSING.
T  INDICATES TRACE AMOUNT.




$$
