000
CDUS43 KOAX 210646
CLIOMA


CLIMATE REPORT
NATIONAL WEATHER SERVICE OMAHA NEBRASKA
146 AM CDT THU AUG 21 2014


...................................

...THE OMAHA EPPLEY, NEBRASKA CLIMATE SUMMARY FOR AUGUST 20 2014...

CLIMATE NORMAL PERIOD 1981 TO 2010
CLIMATE RECORD PERIOD 1871 TO 2014


WEATHER ITEM   OBSERVED TIME   RECORD YEAR NORMAL DEPARTURE LAST
                VALUE   (LST)  VALUE       VALUE  FROM      YEAR
                                                  NORMAL
..................................................................
TEMPERATURE (F)
 YESTERDAY
  MAXIMUM         91    242 PM 100    1975  85      6       90
                                      1898
  MINIMUM         73    904 AM  43    1950  64      9       70
  AVERAGE         82                        74      8       80

PRECIPITATION (IN)
  YESTERDAY        T             1.98 1969   0.13  -0.13     0.00
  MONTH TO DATE    2.09                      2.55  -0.46     1.69
  SINCE JUN 1     14.33                     10.56   3.77     6.87
  SINCE JAN 1     21.15                     21.84  -0.69    21.21

SNOWFALL (IN)
  YESTERDAY        0.0                       0.0    0.0      0.0
  MONTH TO DATE    0.0                       0.0    0.0      0.0
  SINCE JUL 1      0.0                       0.0    0.0      0.0
  SNOW DEPTH       0

DEGREE DAYS
 HEATING
  YESTERDAY        0                         0      0        0
  MONTH TO DATE    0                         0      0        0
  SINCE JUN 1     10                        18     -8       21
  SINCE JUL 1      4                         1      3        5

 COOLING
  YESTERDAY       17                         9      8       15
  MONTH TO DATE  200                       210    -10      165
  SINCE JUN 1    748                       805    -57      760
  SINCE JAN 1    891                       887      4      856
..................................................................


WIND (MPH)
  HIGHEST WIND SPEED    26   HIGHEST WIND DIRECTION    SE (150)
  HIGHEST GUST SPEED    31   HIGHEST GUST DIRECTION    SE (150)
  AVERAGE WIND SPEED    13.7


SKY COVER
  POSSIBLE SUNSHINE  MM
  AVERAGE SKY COVER 0.7


WEATHER CONDITIONS
 THE FOLLOWING WEATHER WAS RECORDED YESTERDAY.
  LIGHT RAIN


RELATIVE HUMIDITY (PERCENT)
 HIGHEST    79           200 AM
 LOWEST     56           200 PM
 AVERAGE    68

..........................................................


THE OMAHA EPPLEY, NEBRASKA CLIMATE NORMALS FOR TODAY
                         NORMAL    RECORD    YEAR
 MAXIMUM TEMPERATURE (F)   85       100      1975
                                             1898
 MINIMUM TEMPERATURE (F)   63        50      2004


SUNRISE AND SUNSET
AUGUST 21 2014........SUNRISE   639 AM CDT   SUNSET   814 PM CDT
AUGUST 22 2014........SUNRISE   640 AM CDT   SUNSET   812 PM CDT


-  INDICATES NEGATIVE NUMBERS.
R  INDICATES RECORD WAS SET OR TIED.
MM INDICATES DATA IS MISSING.
T  INDICATES TRACE AMOUNT.




$$
