000
CDUS43 KOAX 230650
CLIOMA


CLIMATE REPORT
NATIONAL WEATHER SERVICE OMAHA NEBRASKA
1249 AM CST MON JAN 23 2017


...................................

...THE OMAHA EPPLEY, NEBRASKA CLIMATE SUMMARY FOR JANUARY 22 2017...

CLIMATE NORMAL PERIOD 1981 TO 2010
CLIMATE RECORD PERIOD 1871 TO 2017


WEATHER ITEM   OBSERVED TIME   RECORD YEAR NORMAL DEPARTURE LAST
                VALUE   (LST)  VALUE       VALUE  FROM      YEAR
                                                  NORMAL
..................................................................
TEMPERATURE (F)
 YESTERDAY
  MAXIMUM         40    435 PM  58    2002  34      6       26
                                      1989
  MINIMUM         25   1027 PM -19    1883  14     11       18
  AVERAGE         33                        24      9       22

PRECIPITATION (IN)
  YESTERDAY        0.00          0.94 1982   0.02  -0.02      T
  MONTH TO DATE    0.74                      0.49   0.25     1.09
  SINCE DEC 1      2.21                      1.53   0.68     6.35
  SINCE JAN 1      0.74                      0.49   0.25     1.09

SNOWFALL (IN)
  YESTERDAY        0.0                       0.2   -0.2       T
  MONTH TO DATE    0.6                       4.2   -3.6      6.6
  SINCE JUL 1      3.8                      13.2   -9.4     20.8
  SNOW DEPTH       0

DEGREE DAYS
 HEATING
  YESTERDAY       32                        41     -9       43
  MONTH TO DATE  858                       923    -65      955
  SINCE DEC 1   2031                      2132   -101     1902
  SINCE JUL 1   2782                      3402   -620     2780

 COOLING
  YESTERDAY        0                         0      0        0
  MONTH TO DATE    0                         0      0        0
  SINCE DEC 1      0                         0      0        0
  SINCE JAN 1      0                         0      0        0
..................................................................


WIND (MPH)
  HIGHEST WIND SPEED    20   HIGHEST WIND DIRECTION     N (340)
  HIGHEST GUST SPEED    25   HIGHEST GUST DIRECTION    NW (330)
  AVERAGE WIND SPEED    10.1


SKY COVER
  POSSIBLE SUNSHINE  MM
  AVERAGE SKY COVER 0.6


WEATHER CONDITIONS
 THE FOLLOWING WEATHER WAS RECORDED YESTERDAY.
  FOG
  HAZE


RELATIVE HUMIDITY (PERCENT)
 HIGHEST    85           100 AM
 LOWEST     75          1100 AM
 AVERAGE    80

..........................................................


THE OMAHA EPPLEY, NEBRASKA CLIMATE NORMALS FOR TODAY
                         NORMAL    RECORD    YEAR
 MAXIMUM TEMPERATURE (F)   34        63      1994
                                             1947
 MINIMUM TEMPERATURE (F)   14       -17      1963
                                             1948


SUNRISE AND SUNSET
JANUARY 23 2017.......SUNRISE   742 AM CST   SUNSET   529 PM CST
JANUARY 24 2017.......SUNRISE   742 AM CST   SUNSET   530 PM CST


-  INDICATES NEGATIVE NUMBERS.
R  INDICATES RECORD WAS SET OR TIED.
MM INDICATES DATA IS MISSING.
T  INDICATES TRACE AMOUNT.




$$
