000
CDAK49 PAOM 170905
CLIOME

CLIMATE REPORT
NATIONAL WEATHER SERVICE NOME, AK
105 AM AKDT WED SEP 17 2014

...................................
...THE NOME WSO AP CLIMATE SUMMARY FOR SEPTEMBER 16 2014...

CLIMATE NORMAL PERIOD  1981 TO  2010
CLIMATE RECORD PERIOD  1906 TO  2014

WEATHER ITEM   OBSERVED TIME    RECORD YEAR NORMAL DEPARTURE LAST
               VALUE    (LST)   VALUE       VALUE  FROM      YEAR
                                                   NORMAL
...................................................................
TEMPERATURE
YESTERDAY
 MAXIMUM            53  0351 PM    63  1967     49       4     51
 MINIMUM            47  1159 PM    22  1996     37      10     37
 AVERAGE            50                          43       7     44

PRECIPITATION
(INCHES)
 YESTERDAY        0.26           0.79  1947   0.08    0.18   0.00
 MONTH TO DATE    2.30                        1.42    0.88   1.77
 SINCE SEP 1      2.30                        1.42    0.88   1.77
 SINCE JAN 1     11.32                       11.87   -0.55  14.88

SNOWFALL
(INCHES)
 YESTERDAY         0.0              T  1993    0.0     0.0    0.0
 MONTH TO DATE     0.0                         0.1    -0.1    0.0
 SINCE SEP 1       0.0                         0.1    -0.1    0.0
 SINCE JUL 1       0.0                         0.1    -0.1    0.0
 SNOW DEPTH (IN)     0                                          0

DEGREE DAYS
 HEATING
  YESTERDAY         15                          22      -7     21
  MONTH TO DATE    255                         309     -54    315
  SINCE SEP 1      255                         309     -54    315
  SINCE JUL 1      958                        1173    -215   1089

 COOLING
  YESTERDAY          0                           0       0      0
  MONTH TO DATE      0                           0       0      0
  SINCE SEP 1        0                           0       0      0
  SINCE JAN 1        3                           0       3      7
...................................................................

WIND (MPH)
 HIGHEST WIND SPEED     9     HIGHEST WIND DIRECTION    340
 HIGHEST GUST SPEED    11     HIGHEST GUST DIRECTION    340
 AVERAGE WIND SPEED   2.6

SKY COVER
  POSSIBLE SUNSHINE    MM          AVERAGE SKY COVER     MM

WEATHER CONDITIONS
 THE FOLLOWING WEATHER WAS RECORDED YESTERDAY.
  FOG
  RAIN


RELATIVE HUMIDITY
 HIGHEST RH     MM PERCENT       MM
 LOWEST  RH     MM PERCENT       MM
 AVERAGE RH     MM PERCENT       MM
...................................................................

THE NOME CLIMATE NORMALS FOR TODAY
                           NORMAL    RECORD   YEAR
 MAXIMUM TEMPERATURE (F)     48        59     1999
 MINIMUM TEMPERATURE (F)     37        20     1930

SUNRISE AND SUNSET
 SEP 17 2014..........SUNRISE  8:31 AM      SUNSET  9:20 PM
 SEP 18 2014..........SUNRISE  8:34 AM      SUNSET  9:17 PM

-  INDICATES NEGATIVE NUMBERS.
R  INDICATES RECORD HAS BEEN SET OR TIED.
MM INDICATES DATA IS MISSING.
T  INDICATES TRACE OF PRECIPITATION.

&&
-------------------------------------------------------------------

AMOUNT OF DAYLIGHT TODAY  (HOUR:MIN)........12 HOURS 49 MINUTES
GAIN/LOSS SINCE YESTERDAY (HOUR:MIN:SEC)....-0:06:32

TIDES FOR WEDNESDAY SEPTEMBER 17 2014

12:39 AM HIGH 1.2 FT
 5:41 AM LOW  0.7 FT
11:59 AM HIGH 1.3 FT
 6:57 PM LOW  0.2 FT

$$
RCT SEP 14
