000
CDAK49 PAOM 280915
CLIOME

CLIMATE REPORT
NATIONAL WEATHER SERVICE NOME, AK
1215 AM AKST FRI NOV 28 2014

...................................
...THE NOME WSO AP CLIMATE SUMMARY FOR NOVEMBER 27 2014...

CLIMATE NORMAL PERIOD  1981 TO  2010
CLIMATE RECORD PERIOD  1906 TO  2014

WEATHER ITEM   OBSERVED TIME    RECORD YEAR NORMAL DEPARTURE LAST
               VALUE    (LST)   VALUE       VALUE  FROM      YEAR
                                                   NORMAL
...................................................................
TEMPERATURE
YESTERDAY
 MAXIMUM            27  1240 AM    40  1943     20       7     22
 MINIMUM            22  0803 PM   -24  1948      7      15      4
 AVERAGE            25                          14      11     13

PRECIPITATION
(INCHES)
 YESTERDAY        0.09           0.68  1972   0.04    0.05      T
 MONTH TO DATE    1.01                        1.12   -0.11   1.59
 SINCE SEP 1      4.22                        5.18   -0.96   7.12
 SINCE JAN 1     13.24                       15.63   -2.39  20.23

SNOWFALL
(INCHES)
 YESTERDAY         1.9            7.0  1972    0.4     1.5    0.2
 MONTH TO DATE     8.0                        10.9    -2.9   11.2
 SINCE SEP 1      12.9                        16.1    -3.2   12.8
 SINCE JUL 1      12.9                        16.1    -3.2   12.8
 SNOW DEPTH (IN)     4                                          5

DEGREE DAYS
 HEATING
  YESTERDAY         40                          52     -12     52
  MONTH TO DATE   1045                        1287    -242   1220
  SINCE SEP 1     2732                        3078    -346   2870
  SINCE JUL 1     3435                        3942    -507   3644

 COOLING
  YESTERDAY          0                           0       0      0
  MONTH TO DATE      0                           0       0      0
  SINCE SEP 1        0                           0       0      0
  SINCE JAN 1        3                           0       3      7
...................................................................

WIND (MPH)
 HIGHEST WIND SPEED    30     HIGHEST WIND DIRECTION     90
 HIGHEST GUST SPEED    37     HIGHEST GUST DIRECTION     90
 AVERAGE WIND SPEED  22.7

SKY COVER
  POSSIBLE SUNSHINE    MM          AVERAGE SKY COVER     MM

WEATHER CONDITIONS
 THE FOLLOWING WEATHER WAS RECORDED YESTERDAY.
  PATCHY FOG
  BLOWING SNOW
  LIGHT SNOWFALL
  MODERATE SNOWFALL

RELATIVE HUMIDITY
 HIGHEST RH     MM PERCENT       MM
 LOWEST  RH     MM PERCENT       MM
 AVERAGE RH     MM PERCENT       MM
...................................................................

THE NOME CLIMATE NORMALS FOR TODAY
                           NORMAL    RECORD   YEAR
 MAXIMUM TEMPERATURE (F)     20        39     1983
 MINIMUM TEMPERATURE (F)      7       -34     1948

SUNRISE AND SUNSET
 NOV 28 2014..........SUNRISE 11:18 AM      SUNSET  4:23 PM
 NOV 29 2014..........SUNRISE 11:21 AM      SUNSET  4:20 PM

-  INDICATES NEGATIVE NUMBERS.
R  INDICATES RECORD HAS BEEN SET OR TIED.
MM INDICATES DATA IS MISSING.
T  INDICATES TRACE OF PRECIPITATION.

&&
-------------------------------------------------------------------

AMOUNT OF DAYLIGHT TODAY  (HOUR:MIN)........5 HOURS 5 MINUTES
GAIN/LOSS SINCE YESTERDAY (HOUR:MIN:SEC)....-0:05:24

NOME TIDAL INFORMATION FOR 28 NOVEMBER 2014
02:27 AM +0.8
08:07 AM +1.4
03:16 PM -0.1
10:09 PM +1.3

$$

CKC NOV 14
