546
CDAK49 PAOM 292339
CLIOME

CLIMATE REPORT
NATIONAL WEATHER SERVICE NOME, AK
339 PM AKDT MON AUG 29 2016

...................................
...THE NOME WSO AP CLIMATE SUMMARY FOR AUGUST 29 2016...
VALID TODAY AS OF 2:00 PM LOCAL TIME

CLIMATE NORMAL PERIOD  1981 TO  2010
CLIMATE RECORD PERIOD  1906 TO  2016

WEATHER ITEM   OBSERVED TIME    RECORD YEAR NORMAL DEPARTURE LAST
               VALUE    (LST)   VALUE       VALUE  FROM      YEAR
                                                   NORMAL
...................................................................
TEMPERATURE
TODAY
 MAXIMUM            61  0158 PM    67  1981     54       7     46
 MINIMUM            50  0717 AM    27  1927     43       7     33
 AVERAGE            56                          49       7     40

PRECIPITATION
(INCHES)
 TODAY            0.00           0.76  1996   0.09   -0.09      T
 MONTH TO DATE    3.03                        3.03    0.00   3.70
 SINCE JUN 1      7.19                        6.12    1.07   5.80
 SINCE JAN 1     10.28                       10.26    0.02  10.24

SNOWFALL
(INCHES)
 TODAY             0.0              T  1959    0.0     0.0    0.0
 MONTH TO DATE     0.0                         0.0     0.0    0.0
 SINCE JUN 1       0.0                         0.3    -0.3    0.0
 SINCE JUL 1       0.0                         0.0     0.0    0.0
 SNOW DEPTH (IN)     0                                          0

DEGREE DAYS
 HEATING
  TODAY              9                          16      -7     25
  MONTH TO DATE    336                         430     -94    453
  SINCE JUN 1     1203                        1346    -143   1285
  SINCE JUL 1      739                         830     -91    760

 COOLING
  TODAY              0                           0       0      0
  MONTH TO DATE      0                           0       0      0
  SINCE JUN 1        0                           0       0      5
  SINCE JAN 1        0                           0       0      5
...................................................................

WIND (MPH)
 HIGHEST WIND SPEED    10     HIGHEST WIND DIRECTION    260
 HIGHEST GUST SPEED    12     HIGHEST GUST DIRECTION    230
 AVERAGE WIND SPEED    MM

SKY COVER
  POSSIBLE SUNSHINE  MM            AVERAGE SKY COVER MM

WEATHER CONDITIONS
 THE FOLLOWING WEATHER WAS RECORDED TODAY.
NO SIGNIFICANT WEATHER WAS OBSERVED.

RELATIVE HUMIDITY
 HIGHEST RH     MM PERCENT       MM
 LOWEST  RH     MM PERCENT       MM
 AVERAGE RH     MM PERCENT       MM
...................................................................

THE NOME CLIMATE NORMALS FOR TOMORROW
                        NORMAL    RECORD   YEAR
 MAXIMUM TEMPERATURE      54        64     1970
 MINIMUM TEMPERATURE      42        23     1913

SUNRISE AND SUNSET
 AUG 29 2016..........SUNRISE  7:37 AM      SUNSET 10:27 PM
 AUG 30 2016..........SUNRISE  7:40 AM      SUNSET 10:24 PM

-  INDICATES NEGATIVE NUMBERS.
R  INDICATES RECORD HAS BEEN SET OR TIED.
MM INDICATES DATA IS MISSING.
T  INDICATES TRACE OF PRECIPITATION.

&&
-------------------------------------------------------------------

AMOUNT OF DAYLIGHT TODAY  (HOUR:MIN)........14 HOURS 50 MINUTES
GAIN/LOSS SINCE YESTERDAY (HOUR:MIN:SEC)....-0:06:38

$$
RCT AUG 16
