000
CDAK49 PAOM 022205
CLIOME

CLIMATE REPORT
NATIONAL WEATHER SERVICE NOME, AK
205 PM AKDT MON MAY 2 2016

...................................
...THE NOME WSO AP CLIMATE SUMMARY FOR MAY 2 2016...
VALID TODAY AS OF 2:00 PM LOCAL TIME

CLIMATE NORMAL PERIOD  1981 TO  2010
CLIMATE RECORD PERIOD  1906 TO  2016

WEATHER ITEM   OBSERVED TIME    RECORD YEAR NORMAL DEPARTURE LAST
               VALUE    (LST)   VALUE       VALUE  FROM      YEAR
                                                   NORMAL
...................................................................
TEMPERATURE
TODAY
 MAXIMUM            39  1259 PM    56  2004     36       3     29
 MINIMUM            28  0320 AM   -11  1949     24       4     25
 AVERAGE            34                          30       4     27

PRECIPITATION
(INCHES)
 TODAY            0.00           0.46  1981   0.02   -0.02   0.00
 MONTH TO DATE       T                        0.05   -0.05   0.00
 SINCE MAR 1      0.84                        1.46   -0.62   1.31
 SINCE JAN 1      1.87                        3.33   -1.46   2.95

SNOWFALL
(INCHES)
 TODAY             0.0            4.6  1981    0.2    -0.2    0.0
 MONTH TO DATE     0.0                         0.3    -0.3    0.0
 SINCE MAR 1       6.6                        16.7   -10.1   16.4
 SINCE JUL 1      48.9                        73.4   -24.5   59.7
 SNOW DEPTH (IN)     0                                          2

DEGREE DAYS
 HEATING
  TODAY             31                          35      -4     38
  MONTH TO DATE     56                          70     -14     77
  SINCE MAR 1     2613                        3101    -488   3184
  SINCE JUL 1    10850                       12383   -1533  11362

 COOLING
  TODAY              0                           0       0      0
  MONTH TO DATE      0                           0       0      0
  SINCE MAR 1        0                           0       0      0
  SINCE JAN 1        0                           0       0      0
...................................................................

WIND (MPH)
 HIGHEST WIND SPEED     9     HIGHEST WIND DIRECTION    330
 HIGHEST GUST SPEED    12     HIGHEST GUST DIRECTION    190
 AVERAGE WIND SPEED    MM

SKY COVER
  POSSIBLE SUNSHINE  MM            AVERAGE SKY COVER MM

WEATHER CONDITIONS
 THE FOLLOWING WEATHER WAS RECORDED TODAY.
NO SIGNIFICANT WEATHER WAS OBSERVED.

RELATIVE HUMIDITY
 HIGHEST RH     MM PERCENT       MM
 LOWEST  RH     MM PERCENT       MM
 AVERAGE RH     MM PERCENT       MM
...................................................................

THE NOME CLIMATE NORMALS FOR TOMORROW
                        NORMAL    RECORD   YEAR
 MAXIMUM TEMPERATURE      37        54     1960
 MINIMUM TEMPERATURE      25        -7     1949

SUNRISE AND SUNSET
 MAY 2 2016..........SUNRISE  6:25 AM      SUNSET 11:35 PM
 MAY 3 2016..........SUNRISE  6:22 AM      SUNSET 11:39 PM

-  INDICATES NEGATIVE NUMBERS.
R  INDICATES RECORD HAS BEEN SET OR TIED.
MM INDICATES DATA IS MISSING.
T  INDICATES TRACE OF PRECIPITATION.

&&
-------------------------------------------------------------------

AMOUNT OF DAYLIGHT TODAY  (HOUR:MIN)........17 HOURS 10 MINUTES
GAIN/LOSS SINCE YESTERDAY (HOUR:MIN:SEC)....+0:06:50

$$
RWM MAY 16
