000
CDAK49 PAOM 270902
CLIOME

CLIMATE REPORT
NATIONAL WEATHER SERVICE NOME, AK
102 AM AKDT WED MAY 27 2015

...................................
...THE NOME WSO AP CLIMATE SUMMARY FOR MAY 26 2015...

CLIMATE NORMAL PERIOD  1981 TO  2010
CLIMATE RECORD PERIOD  1906 TO  2015

WEATHER ITEM   OBSERVED TIME    RECORD YEAR NORMAL DEPARTURE LAST
               VALUE    (LST)   VALUE       VALUE  FROM      YEAR
                                                   NORMAL
...................................................................
TEMPERATURE
YESTERDAY
 MAXIMUM            57  0715 PM    72  1997     48       9     42
 MINIMUM            36  0455 AM    19  1952     34       2     34
 AVERAGE            47                          41       6     38

PRECIPITATION
(INCHES)
 YESTERDAY        0.00           0.22  1950   0.03   -0.03   0.02
 MONTH TO DATE    1.40                        0.72    0.68   0.59
 SINCE MAR 1      2.71                        2.13    0.58   1.57
 SINCE JAN 1      4.35                        4.00    0.35   3.74

SNOWFALL
(INCHES)
 YESTERDAY         0.0            1.2  1984    0.0     0.0    0.0
 MONTH TO DATE       T                         2.1    -2.1    2.6
 SINCE MAR 1      16.4                        18.5    -2.1   18.0
 SINCE JUL 1      59.7                        75.2   -15.5   72.3
 SNOW DEPTH (IN)     0                                          0

DEGREE DAYS
 HEATING
  YESTERDAY         18                          24      -6     27
  MONTH TO DATE    670                         760     -90    805
  SINCE MAR 1     3777                        3791     -14   3525
  SINCE JUL 1    11941                       13073   -1132  11679

 COOLING
  YESTERDAY          0                           0       0      0
  MONTH TO DATE      0                           0       0      0
  SINCE MAR 1        0                           0       0      0
  SINCE JAN 1        0                           0       0      0
...................................................................

WIND (MPH)
 HIGHEST WIND SPEED    16     HIGHEST WIND DIRECTION    140
 HIGHEST GUST SPEED    19     HIGHEST GUST DIRECTION    140
 AVERAGE WIND SPEED   6.6

SKY COVER
  POSSIBLE SUNSHINE    MM          AVERAGE SKY COVER     MM

WEATHER CONDITIONS
 THE FOLLOWING WEATHER WAS RECORDED YESTERDAY.
  NO SIGNIFICANT WEATHER WAS OBSERVED.

RELATIVE HUMIDITY
 HIGHEST RH     MM PERCENT       MM
 LOWEST  RH     MM PERCENT       MM
 AVERAGE RH     MM PERCENT       MM
...................................................................

THE NOME CLIMATE NORMALS FOR TODAY
                           NORMAL    RECORD   YEAR
 MAXIMUM TEMPERATURE (F)     48        71     2011
 MINIMUM TEMPERATURE (F)     35        20     1907

SUNRISE AND SUNSET
 MAY 27 2015..........SUNRISE  5:05 AM      SUNSET 12:57 AM
 MAY 28 2015..........SUNRISE  5:02 AM      SUNSET  1:00 AM

-  INDICATES NEGATIVE NUMBERS.
R  INDICATES RECORD HAS BEEN SET OR TIED.
MM INDICATES DATA IS MISSING.
T  INDICATES TRACE OF PRECIPITATION.

&&
-------------------------------------------------------------------

AMOUNT OF DAYLIGHT TODAY  (HOUR:MIN)........19 HOURS 52 MINUTES
GAIN/LOSS SINCE YESTERDAY (HOUR:MIN:SEC)....+0:06:17

TIDE INFORMATION FOR 5/27/2015

HIGH 12:46 AM 1.0 FT
LOW   6:38 AM 0.2 FT
HIGH  1:43 PM 1.4 FT
LOW   8:35 PM 0.5 FT

$$
JAS MAY 15
