000
CDAK49 PAFG 230941
CLIOME

CLIMATE REPORT
NATIONAL WEATHER SERVICE FAIRBANKS AK
141 AM AKDT WED AUG 23 2017


...................................

...THE NOME AK CLIMATE SUMMARY FOR AUGUST 22 2017...

CLIMATE NORMAL PERIOD 1981 TO 2010
CLIMATE RECORD PERIOD 1906 TO 2017


WEATHER ITEM   OBSERVED TIME   RECORD YEAR NORMAL DEPARTURE LAST
                VALUE   (LST)  VALUE       VALUE  FROM      YEAR
                                                  NORMAL
..................................................................
TEMPERATURE (F)
 YESTERDAY
  MAXIMUM         51    331 PM  79    1977  56     -5       57
  MINIMUM         39   1159 PM  24    1929  44     -5       46
  AVERAGE         45                        50     -5       52

PRECIPITATION (IN)
  YESTERDAY        T             0.85 1990   0.11  -0.11     0.00
  MONTH TO DATE    1.71                      2.34  -0.63     2.95
  SINCE JUN 1      6.82                      5.43   1.39     7.09
  SINCE JAN 1      9.67                      9.57   0.10    10.18

SNOWFALL (IN)
  YESTERDAY        0.0           0.0    MM   0.0    0.0      0.0
  MONTH TO DATE    0.0                       0.0    0.0      0.0
  SINCE JUN 1      0.0                       0.3   -0.3      0.0
  SINCE JUL 1      0.0                       0.0    0.0      0.0
  SNOW DEPTH       0

DEGREE DAYS
 HEATING
  YESTERDAY       20                        15      5       13
  MONTH TO DATE  308                       318    -10      208
  SINCE JUN 1   1032                      1233   -201     1019
  SINCE JUL 1    667                       716    -49      572

 COOLING
  YESTERDAY        0                         0      0        0
  MONTH TO DATE    0                         0      0        0
  SINCE JUN 1      4                         3      1        0
  SINCE JAN 1      4                         3      1        0
..................................................................


WIND (MPH)
  HIGHEST GUST SPEED    25   HIGHEST GUST DIRECTION     W (280)


SKY COVER
  AVERAGE SKY COVER 0.6


WEATHER CONDITIONS
 THE FOLLOWING WEATHER WAS RECORDED YESTERDAY.
  LIGHT RAIN


RELATIVE HUMIDITY (PERCENT)
 HIGHEST   100
 LOWEST     66
 AVERAGE    83

..........................................................


THE NOME AK CLIMATE NORMALS FOR TODAY
                         NORMAL    RECORD    YEAR
 MAXIMUM TEMPERATURE (F)   55        77      1977
 MINIMUM TEMPERATURE (F)   44        28      1988


SUNRISE AND SUNSET
AUGUST 23 2017........SUNRISE   718 AM AKDT  SUNSET  1050 PM AKDT
AUGUST 24 2017........SUNRISE   721 AM AKDT  SUNSET  1046 PM AKDT

-  INDICATES NEGATIVE NUMBERS.
R  INDICATES RECORD WAS SET OR TIED.
MM INDICATES DATA IS MISSING.
T  INDICATES TRACE AMOUNT.

&&

SNOW DEPTH IS MEASURED AT 3AM AKST/4AM AKDT.

----------------------------
AVAILABLE DAYLIGHT

AMOUNT OF DAYLIGHT TODAY  (HOUR:MIN)........15:32
GAIN/LOSS SINCE YESTERDAY (HOUR:MIN:SEC)....-0:06:41

NOME TIDAL INFORMATION FOR 23 AUGUST 2017
0025  -0.2
0736  +1.3
1229  +0.7
1841  +1.4

$$
SDB AUG 17
