000
CDAK49 PAOM 260002
CLIOME

CLIMATE REPORT
NATIONAL WEATHER SERVICE NOME, AK
302 PM AKST THU DEC 25 2014

...................................
...THE NOME WSO AP CLIMATE SUMMARY FOR DECEMBER 25 2014...
VALID TODAY AS OF 2:00 PM LOCAL TIME

CLIMATE NORMAL PERIOD  1981 TO  2010
CLIMATE RECORD PERIOD  1906 TO  2014

WEATHER ITEM   OBSERVED TIME    RECORD YEAR NORMAL DEPARTURE LAST
               VALUE    (LST)   VALUE       VALUE  FROM      YEAR
                                                   NORMAL
...................................................................
TEMPERATURE
TODAY
 MAXIMUM             1  0507 AM    37  1996     15     -14     12
 MINIMUM            -6  1233 PM   -32  1961      0      -6     -6
 AVERAGE            -3                           8     -11      3

PRECIPITATION
(INCHES)
 TODAY            0.00           0.38  1914   0.04   -0.04   0.00
 MONTH TO DATE    0.25                        0.87   -0.62   1.98
 SINCE DEC 1      0.25                        0.87   -0.62   1.98
 SINCE JAN 1     13.92                       16.60   -2.68  22.30

SNOWFALL
(INCHES)
 TODAY             0.0            5.5  2004    0.5    -0.5    0.0
 MONTH TO DATE     2.9                        11.6    -8.7   18.1
 SINCE DEC 1       2.9                        11.6    -8.7   18.1
 SINCE JUL 1      20.5                        28.9    -8.4   32.7
 SNOW DEPTH (IN)    10                                         16

DEGREE DAYS
 HEATING
  TODAY             68                          57      11     62
  MONTH TO DATE   1269                        1373    -104   1200
  SINCE DEC 1     1266                        1373    -107   1200
  SINCE JUL 1     4811                        5471    -660   5002

 COOLING
  TODAY              0                           0       0      0
  MONTH TO DATE      0                           0       0      0
  SINCE DEC 1        0                           0       0      0
  SINCE JAN 1        3                           0       3      7
...................................................................

WIND (MPH)
 HIGHEST WIND SPEED    14     HIGHEST WIND DIRECTION    340
 HIGHEST GUST SPEED    15     HIGHEST GUST DIRECTION    340
 AVERAGE WIND SPEED    MM

SKY COVER
  POSSIBLE SUNSHINE  MM            AVERAGE SKY COVER MM

WEATHER CONDITIONS
 THE FOLLOWING WEATHER WAS RECORDED TODAY.
NO SIGNIFICANT WEATHER WAS OBSERVED.

RELATIVE HUMIDITY
 HIGHEST RH     MM PERCENT       MM
 LOWEST  RH     MM PERCENT       MM
 AVERAGE RH     MM PERCENT       MM
...................................................................

THE NOME CLIMATE NORMALS FOR TOMORROW
                        NORMAL    RECORD   YEAR
 MAXIMUM TEMPERATURE      15        41     1985
 MINIMUM TEMPERATURE       0       -37     1961

SUNRISE AND SUNSET
 DEC 25 2014..........SUNRISE 12:04 PM      SUNSET  4:01 PM
 DEC 26 2014..........SUNRISE 12:04 PM      SUNSET  4:02 PM

-  INDICATES NEGATIVE NUMBERS.
R  INDICATES RECORD HAS BEEN SET OR TIED.
MM INDICATES DATA IS MISSING.
T  INDICATES TRACE OF PRECIPITATION.

&&
-------------------------------------------------------------------

AMOUNT OF DAYLIGHT TODAY  (HOUR:MIN)........3 HOURS 57 MINUTES
GAIN/LOSS SINCE YESTERDAY (HOUR:MIN:SEC)....+0:01:06

$$
RWM DEC 14
