000
CDAK49 PAFG 210957
CLIOME

CLIMATE REPORT
NATIONAL WEATHER SERVICE FAIRBANKS AK
157 AM AKDT SAT OCT 21 2017


...................................

...THE NOME AK CLIMATE SUMMARY FOR OCTOBER 20 2017...

CLIMATE NORMAL PERIOD 1981 TO 2010
CLIMATE RECORD PERIOD 1906 TO 2017


WEATHER ITEM   OBSERVED TIME   RECORD YEAR NORMAL DEPARTURE LAST
                VALUE   (LST)  VALUE       VALUE  FROM      YEAR
                                                  NORMAL
..................................................................
TEMPERATURE (F)
 YESTERDAY
  MAXIMUM         24    120 AM  44    1976  33     -9       37
  MINIMUM         16   1053 AM   1    1996  21     -5       21
  AVERAGE         20                        27     -7       29

PRECIPITATION (IN)
  YESTERDAY        0.14          0.33 1938   0.04   0.10     0.00
  MONTH TO DATE    2.55                      1.12   1.43     0.48
  SINCE SEP 1      5.28                      3.57   1.71     2.77
  SINCE JAN 1     15.01                     14.02   0.99    13.03

SNOWFALL (IN)
  YESTERDAY        2.5 R         1.8  1955   0.2    2.3      0.0
  MONTH TO DATE    2.5                       2.2    0.3      0.0
  SINCE SEP 1      2.5                       2.8   -0.3      0.0
  SINCE JUL 1      2.5                       2.8   -0.3      0.0
  SNOW DEPTH       2

DEGREE DAYS
 HEATING
  YESTERDAY       45                        38      7       36
  MONTH TO DATE  578                       676    -98      519
  SINCE SEP 1   1262                      1342    -80     1149
  SINCE JUL 1   2108                      2202    -94     1834

 COOLING
  YESTERDAY        0                         0      0        0
  MONTH TO DATE    0                         0      0        0
  SINCE SEP 1      0                         0      0        0
  SINCE JAN 1      4                         3      1        0
..................................................................


WIND (MPH)
  HIGHEST GUST SPEED    43   HIGHEST GUST DIRECTION    NE (30)


SKY COVER
  AVERAGE SKY COVER 0.9


WEATHER CONDITIONS
 THE FOLLOWING WEATHER WAS RECORDED YESTERDAY.
  HEAVY SNOW
  SNOW
  LIGHT SNOW
  FOG
  FOG W/VISIBILITY <= 1/4 MILE
  BLOWING SNOW


RELATIVE HUMIDITY (PERCENT)
 HIGHEST   100
 LOWEST     74
 AVERAGE    87

..........................................................


THE NOME AK CLIMATE NORMALS FOR TODAY
                         NORMAL    RECORD    YEAR
 MAXIMUM TEMPERATURE (F)   32        46      1926
 MINIMUM TEMPERATURE (F)   21        -1      1996


SUNRISE AND SUNSET
OCTOBER 21 2017.......SUNRISE  1014 AM AKDT  SUNSET   718 PM AKDT
OCTOBER 22 2017.......SUNRISE  1017 AM AKDT  SUNSET   715 PM AKDT

-  INDICATES NEGATIVE NUMBERS.
R  INDICATES RECORD WAS SET OR TIED.
MM INDICATES DATA IS MISSING.
T  INDICATES TRACE AMOUNT.

&&

SNOW DEPTH IS MEASURED AT 3AM AKST/4AM AKDT.

----------------------------
AVAILABLE DAYLIGHT

AMOUNT OF DAYLIGHT TODAY  (HOUR:MIN)........9:04
GAIN/LOSS SINCE YESTERDAY (HOUR:MIN:SEC)....-0:06:36

NOME TIDAL INFORMATION FOR 21 OCTOBER 2017
0007  +0.6
0648  +1.6
1251  +0.6
1925  +1.5

$$
OCT 17
