000
CDAK49 PAOM 021008
CLIOME

CLIMATE REPORT
NATIONAL WEATHER SERVICE NOME, AK
208 AM AKDT THU OCT 2 2014

...................................
...THE NOME WSO AP CLIMATE SUMMARY FOR OCTOBER 1 2014...

CLIMATE NORMAL PERIOD  1981 TO  2010
CLIMATE RECORD PERIOD  1906 TO  2014

WEATHER ITEM   OBSERVED TIME    RECORD YEAR NORMAL DEPARTURE LAST
               VALUE    (LST)   VALUE       VALUE  FROM      YEAR
                                                   NORMAL
...................................................................
TEMPERATURE
YESTERDAY
 MAXIMUM            47  0304 PM    59  1954     42       5     36
 MINIMUM            41  1020 PM    16  1919     30      11     19
 AVERAGE            44                          36       8     28

PRECIPITATION
(INCHES)
 YESTERDAY           T           0.56  1922   0.07   -0.07   0.00
 MONTH TO DATE       T                        0.07   -0.07   0.00
 SINCE SEP 1      2.58                        2.52    0.06   1.98
 SINCE JAN 1     11.60                       12.97   -1.37  15.09

SNOWFALL
(INCHES)
 YESTERDAY         0.0            2.0  1919    0.1    -0.1    0.0
 MONTH TO DATE     0.0                         0.1    -0.1    0.0
 SINCE SEP 1       0.0                         0.7    -0.7    1.1
 SINCE JUL 1       0.0                         0.7    -0.7    1.1
 SNOW DEPTH (IN)     0                                          0

DEGREE DAYS
 HEATING
  YESTERDAY         21                          29      -8     37
  MONTH TO DATE     21                          29      -8     37
  SINCE SEP 1      604                         695     -91    783
  SINCE JUL 1     1307                        1559    -252   1557

 COOLING
  YESTERDAY          0                           0       0      0
  MONTH TO DATE      0                           0       0      0
  SINCE SEP 1        0                           0       0      0
  SINCE JAN 1        3                           0       3      7
...................................................................

WIND (MPH)
 HIGHEST WIND SPEED    22     HIGHEST WIND DIRECTION    240
 HIGHEST GUST SPEED    25     HIGHEST GUST DIRECTION    240
 AVERAGE WIND SPEED  10.9

WEATHER CONDITIONS
 THE FOLLOWING WEATHER WAS RECORDED YESTERDAY.
  FOG
RAIN
...................................................................

THE NOME CLIMATE NORMALS FOR TODAY
                           NORMAL    RECORD   YEAR
 MAXIMUM TEMPERATURE (F)     41        58     1950
 MINIMUM TEMPERATURE (F)     30        13     1992

SUNRISE AND SUNSET
 OCT 2 2014..........SUNRISE  9:15 AM      SUNSET  8:26 PM
 OCT 3 2014..........SUNRISE  9:18 AM      SUNSET  8:23 PM

-  INDICATES NEGATIVE NUMBERS.
R  INDICATES RECORD HAS BEEN SET OR TIED.
MM INDICATES DATA IS MISSING.
T  INDICATES TRACE OF PRECIPITATION.

&&
-------------------------------------------------------------------

AMOUNT OF DAYLIGHT TODAY  (HOUR:MIN)........11 HOURS 11 MINUTES
GAIN/LOSS SINCE YESTERDAY (HOUR:MIN:SEC)....-0:06:32

$$
