000
CDUS46 KOTX 250829
CLIOMK


CLIMATE REPORT
NATIONAL WEATHER SERVICE SPOKANE, WA
129 AM PDT MON SEP 25 2017


...................................

...THE OMAK WA AIRPORT CLIMATE SUMMARY FOR SEPTEMBER 24 2017...

CLIMATE NORMAL PERIOD 1981 TO 2010
CLIMATE RECORD PERIOD 9999 TO 9999


WEATHER ITEM   OBSERVED TIME   RECORD YEAR NORMAL DEPARTURE LAST
                VALUE   (LST)  VALUE       VALUE  FROM      YEAR
                                                  NORMAL
..................................................................
TEMPERATURE (F)
 YESTERDAY
  MAXIMUM         70    409 PM  90    2011  74     -4       71
  MINIMUM         41    624 AM  28    1958  44     -3       35
  AVERAGE         56                        59     -3       53

PRECIPITATION (IN)
  YESTERDAY        0.00                      0.02  -0.02     0.00
  MONTH TO DATE    0.10                      0.44  -0.34      T
  SINCE OCT 1     16.97                     14.61   2.36    14.83
  SINCE JAN 1     10.49                      9.72   0.77     9.47

SNOWFALL (IN)
  YESTERDAY       MM

DEGREE DAYS
 HEATING
  YESTERDAY        9                         6      3       12
  MONTH TO DATE  105                        84     21      101
  SINCE SEP 1    105                        84     21      101
  SINCE JUL 1    105                       115    -10      109

 COOLING
  YESTERDAY        0                         1     -1        0
  MONTH TO DATE   93                        56     37       10
  SINCE SEP 1     93                        56     37       10
  SINCE JAN 1    885                       662    223      636
..................................................................


WIND (MPH)
  HIGHEST WIND SPEED    10   HIGHEST WIND DIRECTION     N (360)
  HIGHEST GUST SPEED    12   HIGHEST GUST DIRECTION     N (360)
  AVERAGE WIND SPEED     4.8


SKY COVER
  POSSIBLE SUNSHINE  MM
  AVERAGE SKY COVER 0.3


WEATHER CONDITIONS
 THE FOLLOWING WEATHER WAS RECORDED YESTERDAY.
  NO SIGNIFICANT WEATHER WAS OBSERVED.


RELATIVE HUMIDITY (PERCENT)
 HIGHEST    86          1100 PM
 LOWEST     36           400 PM
 AVERAGE    61

..........................................................


THE OMAK WA AIRPORT CLIMATE NORMALS FOR TODAY
                         NORMAL    RECORD    YEAR
 MAXIMUM TEMPERATURE (F)   74        90      2003
 MINIMUM TEMPERATURE (F)   44        26      1970


SUNRISE AND SUNSET
SEPTEMBER 25 2017.....SUNRISE   649 AM PDT   SUNSET   649 PM PDT
SEPTEMBER 26 2017.....SUNRISE   651 AM PDT   SUNSET   647 PM PDT


-  INDICATES NEGATIVE NUMBERS.
R  INDICATES RECORD WAS SET OR TIED.
MM INDICATES DATA IS MISSING.
T  INDICATES TRACE AMOUNT.




$$
