000
CDUS46 KOTX 180827
CLIOMK


CLIMATE REPORT
NATIONAL WEATHER SERVICE SPOKANE, WA
126 AM PDT THU SEP 18 2014


...................................

...THE OMAK WA AIRPORT CLIMATE SUMMARY FOR SEPTEMBER 17 2014...

CLIMATE NORMAL PERIOD 1981 TO 2010
CLIMATE RECORD PERIOD 9999 TO 9999


WEATHER ITEM   OBSERVED TIME   RECORD YEAR NORMAL DEPARTURE LAST
                VALUE   (LST)  VALUE       VALUE  FROM      YEAR
                                                  NORMAL
..................................................................
TEMPERATURE (F)
 YESTERDAY
  MAXIMUM         86    333 PM  91    2008  77      9       75
  MINIMUM         55    622 AM  30    1965  47      8       52
  AVERAGE         71                        62      9       64

PRECIPITATION (IN)
  YESTERDAY        T             0.45 1997   0.03  -0.03     0.01
  MONTH TO DATE    0.40                      0.28   0.12     0.92
  SINCE OCT 1      7.81                     14.75  -6.94    15.33
  SINCE JAN 1      6.64                      9.30  -2.66     8.34

SNOWFALL (IN)
  YESTERDAY       MM            MM      MM  MM     MM       MM
  MONTH TO DATE   MM                        MM     MM       MM
  SINCE SEP 1     MM                        MM     MM       MM
  SINCE JUL 1     MM                        MM     MM       MM
  SNOW DEPTH      MM

DEGREE DAYS
 HEATING
  YESTERDAY        0                         4     -4        1
  MONTH TO DATE   50                        46      4        7
  SINCE SEP 1     50                        46      4        7
  SINCE JUL 1     55                        77    -22        7

 COOLING
  YESTERDAY        6                         1      5        0
  MONTH TO DATE   25                        49    -24      128
  SINCE SEP 1     25                        49    -24      128
  SINCE JAN 1    849                       655    194      814
..................................................................


WIND (MPH)
  HIGHEST WIND SPEED    14   HIGHEST WIND DIRECTION     N (10)
  HIGHEST GUST SPEED    18   HIGHEST GUST DIRECTION     N (10)
  AVERAGE WIND SPEED     4.7


SKY COVER
  POSSIBLE SUNSHINE  MM
  AVERAGE SKY COVER 0.0


WEATHER CONDITIONS
 THE FOLLOWING WEATHER WAS RECORDED YESTERDAY.
  NO SIGNIFICANT WEATHER WAS OBSERVED.


RELATIVE HUMIDITY (PERCENT)
 HIGHEST    55           300 AM
 LOWEST     21           300 PM
 AVERAGE    38

..........................................................


THE OMAK WA AIRPORT CLIMATE NORMALS FOR TODAY
                         NORMAL    RECORD    YEAR
 MAXIMUM TEMPERATURE (F)   77        89      2008
                                             1967
 MINIMUM TEMPERATURE (F)   47        30      1971


SUNRISE AND SUNSET
SEPTEMBER 18 2014.....SUNRISE   639 AM PDT   SUNSET   704 PM PDT
SEPTEMBER 19 2014.....SUNRISE   641 AM PDT   SUNSET   702 PM PDT


-  INDICATES NEGATIVE NUMBERS.
R  INDICATES RECORD WAS SET OR TIED.
MM INDICATES DATA IS MISSING.
T  INDICATES TRACE AMOUNT.




$$
