000
CDUS46 KOTX 270856
CLIOMK


CLIMATE REPORT
NATIONAL WEATHER SERVICE SPOKANE, WA
156 AM PDT THU JUL 27 2017


...................................

...THE OMAK WA AIRPORT CLIMATE SUMMARY FOR JULY 26 2017...

CLIMATE NORMAL PERIOD 1981 TO 2010
CLIMATE RECORD PERIOD 9999 TO 9999


WEATHER ITEM   OBSERVED TIME   RECORD YEAR NORMAL DEPARTURE LAST
                VALUE   (LST)  VALUE       VALUE  FROM      YEAR
                                                  NORMAL
..................................................................
TEMPERATURE (F)
 YESTERDAY
  MAXIMUM         99    321 PM 107    1939  90      9       95
  MINIMUM         59    152 AM  43    1969  59      0       65
  AVERAGE         79                        75      4       80

PRECIPITATION (IN)
  YESTERDAY        0.00                      0.02  -0.02     0.13
  MONTH TO DATE    0.00                      0.70  -0.70     0.75
  SINCE OCT 1     16.87                     13.57   3.30    14.83
  SINCE JAN 1     10.39                      8.68   1.71     9.47

SNOWFALL (IN)
  YESTERDAY       MM

DEGREE DAYS
 HEATING
  YESTERDAY        0                         0      0        0
  MONTH TO DATE    0                        11    -11        5
  SINCE JUN 1     58                        80    -22       90
  SINCE JUL 1      0                        11    -11        5

 COOLING
  YESTERDAY       14                        10      4       15
  MONTH TO DATE  274                       203     71      133
  SINCE JUN 1    354                       287     67      270
  SINCE JAN 1    385                       310     75      295
..................................................................


WIND (MPH)
  HIGHEST WIND SPEED    18   HIGHEST WIND DIRECTION     S (160)
  HIGHEST GUST SPEED    22   HIGHEST GUST DIRECTION     S (170)
  AVERAGE WIND SPEED     8.2


SKY COVER
  POSSIBLE SUNSHINE  MM
  AVERAGE SKY COVER 0.0


WEATHER CONDITIONS
 THE FOLLOWING WEATHER WAS RECORDED YESTERDAY.
  NO SIGNIFICANT WEATHER WAS OBSERVED.


RELATIVE HUMIDITY (PERCENT)
 HIGHEST    46           200 AM
 LOWEST     10           500 PM
 AVERAGE    28

..........................................................


THE OMAK WA AIRPORT CLIMATE NORMALS FOR TODAY
                         NORMAL    RECORD    YEAR
 MAXIMUM TEMPERATURE (F)   91       109      1939
 MINIMUM TEMPERATURE (F)   59        45      1969


SUNRISE AND SUNSET
JULY 27 2017..........SUNRISE   527 AM PDT   SUNSET   842 PM PDT
JULY 28 2017..........SUNRISE   528 AM PDT   SUNSET   840 PM PDT


-  INDICATES NEGATIVE NUMBERS.
R  INDICATES RECORD WAS SET OR TIED.
MM INDICATES DATA IS MISSING.
T  INDICATES TRACE AMOUNT.




$$
