000
CDUS46 KOTX 020823
CLIOMK


CLIMATE REPORT
NATIONAL WEATHER SERVICE SPOKANE, WA
1222 AM PST FRI DEC 2 2016


...................................

...THE OMAK WA AIRPORT CLIMATE SUMMARY FOR DECEMBER 1 2016...

CLIMATE NORMAL PERIOD 1981 TO 2010
CLIMATE RECORD PERIOD 9999 TO 9999


WEATHER ITEM   OBSERVED TIME   RECORD YEAR NORMAL DEPARTURE LAST
                VALUE   (LST)  VALUE       VALUE  FROM      YEAR
                                                  NORMAL
..................................................................
TEMPERATURE (F)
 YESTERDAY
  MAXIMUM         41    240 PM  57    1949  36      5       26
  MINIMUM         27   1159 PM  -2    2006  23      4       23
  AVERAGE         34                        30      4       25

PRECIPITATION (IN)
  YESTERDAY        0.00                      0.06  -0.06     0.01
  MONTH TO DATE    0.00                      0.06  -0.06     0.01
  SINCE OCT 1      5.65                      2.75   2.90     1.54
  SINCE JAN 1     15.12                     12.61   2.51     6.59

SNOWFALL (IN)
  YESTERDAY        0.0

DEGREE DAYS
 HEATING
  YESTERDAY       31                        35     -4       40
  MONTH TO DATE   31                        35     -4       40
  SINCE DEC 1     31                        35     -4       40
  SINCE JUL 1   1269                      1568   -299     1341

 COOLING
  YESTERDAY        0                         0      0        0
  MONTH TO DATE    0                         0      0        0
  SINCE DEC 1      0                         0      0        0
  SINCE JAN 1    637                       665    -28     1001
..................................................................


WIND (MPH)
  HIGHEST WIND SPEED     7   HIGHEST WIND DIRECTION    NW (310)
  HIGHEST GUST SPEED     8   HIGHEST GUST DIRECTION     N (350)
  AVERAGE WIND SPEED     1.5


SKY COVER
  POSSIBLE SUNSHINE  MM
  AVERAGE SKY COVER 0.7


WEATHER CONDITIONS
 THE FOLLOWING WEATHER WAS RECORDED YESTERDAY.
  FOG


RELATIVE HUMIDITY (PERCENT)
 HIGHEST    96          1200 AM
 LOWEST     76           100 PM
 AVERAGE    86

..........................................................


THE OMAK WA AIRPORT CLIMATE NORMALS FOR TODAY
                         NORMAL    RECORD    YEAR
 MAXIMUM TEMPERATURE (F)   36        67      1932
 MINIMUM TEMPERATURE (F)   23         0      2006
                                             1950


SUNRISE AND SUNSET
DECEMBER  2 2016......SUNRISE   731 AM PST   SUNSET   405 PM PST
DECEMBER  3 2016......SUNRISE   732 AM PST   SUNSET   404 PM PST


-  INDICATES NEGATIVE NUMBERS.
R  INDICATES RECORD WAS SET OR TIED.
MM INDICATES DATA IS MISSING.
T  INDICATES TRACE AMOUNT.




$$
