000
CDUS46 KOTX 230823
CLIOMK


CLIMATE REPORT
NATIONAL WEATHER SERVICE SPOKANE, WA
1223 AM PST SUN NOV 23 2014


...................................

...THE OMAK WA AIRPORT CLIMATE SUMMARY FOR NOVEMBER 22 2014...

CLIMATE NORMAL PERIOD 1981 TO 2010
CLIMATE RECORD PERIOD 9999 TO 9999


WEATHER ITEM   OBSERVED TIME   RECORD YEAR NORMAL DEPARTURE LAST
                VALUE   (LST)  VALUE       VALUE  FROM      YEAR
                                                  NORMAL
..................................................................
TEMPERATURE (F)
 YESTERDAY
  MAXIMUM         39    240 PM  56    1968  40     -1       35
  MINIMUM         16   1123 PM  10    1961  26    -10       11
  AVERAGE         28                        33     -5       23

PRECIPITATION (IN)
  YESTERDAY        0.00          0.71 1980   0.06  -0.06     0.00
  MONTH TO DATE    1.03                      1.34  -0.31     0.99
  SINCE OCT 1      3.07                      2.44   0.63     1.06
  SINCE JAN 1     10.08                     12.04  -1.96     9.89

SNOWFALL (IN)
  YESTERDAY       MM

DEGREE DAYS
 HEATING
  YESTERDAY       37                        32      5       42
  MONTH TO DATE  652                       604     48      629
  SINCE SEP 1   1107                      1233   -126     1289
  SINCE JUL 1   1112                      1264   -152     1289

 COOLING
  YESTERDAY        0                         0      0        0
  MONTH TO DATE    0                         0      0        0
  SINCE SEP 1     49                        59    -10      128
  SINCE JAN 1    873                       665    208      814
..................................................................


WIND (MPH)
  HIGHEST WIND SPEED    12   HIGHEST WIND DIRECTION     S (190)
  HIGHEST GUST SPEED    16   HIGHEST GUST DIRECTION     S (180)
  AVERAGE WIND SPEED     4.8


SKY COVER
  POSSIBLE SUNSHINE  MM
  AVERAGE SKY COVER 0.3


WEATHER CONDITIONS
 THE FOLLOWING WEATHER WAS RECORDED YESTERDAY.
  FOG
  FOG W/VISIBILITY <= 1/4 MILE


RELATIVE HUMIDITY (PERCENT)
 HIGHEST   100           700 AM
 LOWEST     82          1100 AM
 AVERAGE    91

..........................................................


THE OMAK WA AIRPORT CLIMATE NORMALS FOR TODAY
                         NORMAL    RECORD    YEAR
 MAXIMUM TEMPERATURE (F)   40        61      1933
 MINIMUM TEMPERATURE (F)   26        -1      2010


SUNRISE AND SUNSET
NOVEMBER 23 2014......SUNRISE   718 AM PST   SUNSET   411 PM PST
NOVEMBER 24 2014......SUNRISE   719 AM PST   SUNSET   410 PM PST


-  INDICATES NEGATIVE NUMBERS.
R  INDICATES RECORD WAS SET OR TIED.
MM INDICATES DATA IS MISSING.
T  INDICATES TRACE AMOUNT.




$$
