000
CDUS46 KOTX 190832
CLIOMK


CLIMATE REPORT
NATIONAL WEATHER SERVICE SPOKANE, WA
1231 AM PST MON FEB 19 2018


...................................

...THE OMAK WA AIRPORT CLIMATE SUMMARY FOR FEBRUARY 18 2018...

CLIMATE NORMAL PERIOD 1981 TO 2010
CLIMATE RECORD PERIOD 9999 TO 9999


WEATHER ITEM   OBSERVED TIME   RECORD YEAR NORMAL DEPARTURE LAST
                VALUE   (LST)  VALUE       VALUE  FROM      YEAR
                                                  NORMAL
..................................................................
TEMPERATURE (F)
 YESTERDAY
  MAXIMUM         31    146 AM  57    1977  41    -10       37
  MINIMUM         19   1159 PM  -2    1956  24     -5       34
  AVERAGE         25                        32     -7       36

PRECIPITATION (IN)
  YESTERDAY        T                         0.05  -0.05     0.08
  MONTH TO DATE    0.30                      0.91  -0.61     1.47
  SINCE OCT 1      6.88                      7.69  -0.81     9.98
  SINCE JAN 1      3.50                      2.80   0.70     3.50

SNOWFALL (IN)
  YESTERDAY       MM

DEGREE DAYS
 HEATING
  YESTERDAY       40                        33      7       29
  MONTH TO DATE  574                       617    -43      730
  SINCE DEC 1   2864                      3017   -153     3349
  SINCE JUL 1   4324                      4550   -226     4587

 COOLING
  YESTERDAY        0                         0      0        0
  MONTH TO DATE    0                         0      0        0
  SINCE DEC 1      0                         0      0        0
  SINCE JAN 1      0                         0      0        0
..................................................................


WIND (MPH)
  HIGHEST WIND SPEED    30   HIGHEST WIND DIRECTION     N (10)
  HIGHEST GUST SPEED    37   HIGHEST GUST DIRECTION     N (10)
  AVERAGE WIND SPEED    18.4


SKY COVER
  POSSIBLE SUNSHINE  MM
  AVERAGE SKY COVER 0.9


WEATHER CONDITIONS
 THE FOLLOWING WEATHER WAS RECORDED YESTERDAY.
  LIGHT SNOW
  FOG
  HAZE


RELATIVE HUMIDITY (PERCENT)
 HIGHEST    92           300 AM
 LOWEST     60           600 PM
 AVERAGE    76

..........................................................


THE OMAK WA AIRPORT CLIMATE NORMALS FOR TODAY
                         NORMAL    RECORD    YEAR
 MAXIMUM TEMPERATURE (F)   42        55      1931
 MINIMUM TEMPERATURE (F)   24        -9      1936


SUNRISE AND SUNSET
FEBRUARY 19 2018......SUNRISE   658 AM PST   SUNSET   526 PM PST
FEBRUARY 20 2018......SUNRISE   656 AM PST   SUNSET   528 PM PST


-  INDICATES NEGATIVE NUMBERS.
R  INDICATES RECORD WAS SET OR TIED.
MM INDICATES DATA IS MISSING.
T  INDICATES TRACE AMOUNT.




$$
