000
CDUS46 KOTX 270827
CLIOMK


CLIMATE REPORT
NATIONAL WEATHER SERVICE SPOKANE, WA
126 AM PDT WED MAY 27 2015


...................................

...THE OMAK WA AIRPORT CLIMATE SUMMARY FOR MAY 26 2015...

CLIMATE NORMAL PERIOD 1981 TO 2010
CLIMATE RECORD PERIOD 9999 TO 9999


WEATHER ITEM   OBSERVED TIME   RECORD YEAR NORMAL DEPARTURE LAST
                VALUE   (LST)  VALUE       VALUE  FROM      YEAR
                                                  NORMAL
..................................................................
TEMPERATURE (F)
 YESTERDAY
  MAXIMUM         74    332 PM  94    1958  75     -1       77
  MINIMUM         51    458 AM  29    1967  48      3       40
  AVERAGE         63                        61      2       59

PRECIPITATION (IN)
  YESTERDAY        0.01          0.74 2011   0.05  -0.04      T
  MONTH TO DATE    0.90                      1.06  -0.16     0.38
  SINCE OCT 1     10.22                     11.72  -1.50     5.71
  SINCE JAN 1      3.65                      6.27  -2.62     4.54

SNOWFALL (IN)
  YESTERDAY       MM

DEGREE DAYS
 HEATING
  YESTERDAY        2                         5     -3        6
  MONTH TO DATE  130                       212    -82      157
  SINCE MAR 1   1133                      1390   -257     1370
  SINCE JUL 1   5319                      6251   -932     6360

 COOLING
  YESTERDAY        0                         1     -1        0
  MONTH TO DATE   26                        16     10       12
  SINCE MAR 1     26                        17      9       12
  SINCE JAN 1     26                        17      9       12
..................................................................


WIND (MPH)
  HIGHEST WIND SPEED    15   HIGHEST WIND DIRECTION     N (20)
  HIGHEST GUST SPEED    19   HIGHEST GUST DIRECTION     N (10)
  AVERAGE WIND SPEED     4.7


SKY COVER
  POSSIBLE SUNSHINE  MM
  AVERAGE SKY COVER 0.4


WEATHER CONDITIONS
 THE FOLLOWING WEATHER WAS RECORDED YESTERDAY.
  LIGHT RAIN


RELATIVE HUMIDITY (PERCENT)
 HIGHEST    89           400 AM
 LOWEST     44           400 PM
 AVERAGE    67

..........................................................


THE OMAK WA AIRPORT CLIMATE NORMALS FOR TODAY
                         NORMAL    RECORD    YEAR
 MAXIMUM TEMPERATURE (F)   75        96      1958
 MINIMUM TEMPERATURE (F)   48        29      1955


SUNRISE AND SUNSET
MAY 27 2015...........SUNRISE   505 AM PDT   SUNSET   846 PM PDT
MAY 28 2015...........SUNRISE   504 AM PDT   SUNSET   847 PM PDT


-  INDICATES NEGATIVE NUMBERS.
R  INDICATES RECORD WAS SET OR TIED.
MM INDICATES DATA IS MISSING.
T  INDICATES TRACE AMOUNT.




$$
