000
CDUS46 KOTX 280827
CLIOMK


CLIMATE REPORT
NATIONAL WEATHER SERVICE SPOKANE, WA
123 AM PDT TUE JUL 28 2015


...................................

...THE OMAK WA AIRPORT CLIMATE SUMMARY FOR JULY 27 2015...

CLIMATE NORMAL PERIOD 1981 TO 2010
CLIMATE RECORD PERIOD 9999 TO 9999


WEATHER ITEM   OBSERVED TIME   RECORD YEAR NORMAL DEPARTURE LAST
                VALUE   (LST)  VALUE       VALUE  FROM      YEAR
                                                  NORMAL
..................................................................
TEMPERATURE (F)
 YESTERDAY
  MAXIMUM         81    420 PM 109    1939  91    -10       97
  MINIMUM         50    421 AM  45    1969  59     -9       56
  AVERAGE         66                        75     -9       77

PRECIPITATION (IN)
  YESTERDAY        0.00          0.39 1948   0.02  -0.02     0.00
  MONTH TO DATE    0.26                      0.72  -0.46     0.17
  SINCE OCT 1     11.45                     13.59  -2.14     6.56
  SINCE JAN 1      4.88                      8.70  -3.82     5.39

SNOWFALL (IN)
  YESTERDAY       MM

DEGREE DAYS
 HEATING
  YESTERDAY        0                         0      0        0
  MONTH TO DATE    0                        11    -11        2
  SINCE JUN 1     15                        80    -65       40
  SINCE JUL 1      0                        11    -11        2

 COOLING
  YESTERDAY        1                        10     -9       12
  MONTH TO DATE  323                       213    110      334
  SINCE JUN 1    588                       297    291      399
  SINCE JAN 1    634                       320    314      413
..................................................................


WIND (MPH)
  HIGHEST WIND SPEED    20   HIGHEST WIND DIRECTION    NE (30)
  HIGHEST GUST SPEED    24   HIGHEST GUST DIRECTION    NE (40)
  AVERAGE WIND SPEED     8.2


SKY COVER
  POSSIBLE SUNSHINE  MM
  AVERAGE SKY COVER 0.2


WEATHER CONDITIONS
 THE FOLLOWING WEATHER WAS RECORDED YESTERDAY.
  NO SIGNIFICANT WEATHER WAS OBSERVED.


RELATIVE HUMIDITY (PERCENT)
 HIGHEST    83           100 AM
 LOWEST     20           400 PM
 AVERAGE    52

..........................................................


THE OMAK WA AIRPORT CLIMATE NORMALS FOR TODAY
                         NORMAL    RECORD    YEAR
 MAXIMUM TEMPERATURE (F)   91       106      1934
 MINIMUM TEMPERATURE (F)   59        40      1959


SUNRISE AND SUNSET
JULY 28 2015..........SUNRISE   527 AM PDT   SUNSET   841 PM PDT
JULY 29 2015..........SUNRISE   529 AM PDT   SUNSET   840 PM PDT


-  INDICATES NEGATIVE NUMBERS.
R  INDICATES RECORD WAS SET OR TIED.
MM INDICATES DATA IS MISSING.
T  INDICATES TRACE AMOUNT.




$$
