000
CDUS45 KBOI 290942
CLIONO


CLIMATE REPORT
NATIONAL WEATHER SERVICE BOISE ID
337 AM MDT FRI APR 29 2016


...................................

...THE ONTARIO OR CLIMATE SUMMARY FOR APRIL 28 2016...

CLIMATE NORMAL PERIOD 1981 TO 2010
CLIMATE RECORD PERIOD 1948 TO 2016


WEATHER ITEM   OBSERVED TIME   RECORD YEAR NORMAL DEPARTURE LAST
                VALUE   (LST)  VALUE       VALUE  FROM      YEAR
                                                  NORMAL
..................................................................
TEMPERATURE (F)
 YESTERDAY
  MAXIMUM         72    348 PM  91    1987  69      3       81
  MINIMUM         50    650 AM  26    1996  39     11       34
  AVERAGE         61                        54      7       58

PRECIPITATION (IN)
  YESTERDAY        0.00          0.76 1951   0.03  -0.03     0.00
  MONTH TO DATE    0.46                      0.74  -0.28     0.50
  SINCE OCT 1      6.68                      7.14  -0.46     6.86
  SINCE JAN 1      1.93                      3.73  -1.80     2.40

DEGREE DAYS
 HEATING
  YESTERDAY        4                        12     -8        7
  MONTH TO DATE  247                       419   -172      379
  SINCE MAR 1    790                      1089   -299      902
  SINCE JUL 1   4780                      5719   -939     4696

 COOLING
  YESTERDAY        0                         0      0        0
  MONTH TO DATE    0                         0      0        0
  SINCE MAR 1      0                         0      0        0
  SINCE JAN 1      0                         0      0        0
..................................................................


WIND (MPH)
  HIGHEST WIND SPEED    24   HIGHEST WIND DIRECTION    NW (320)
  HIGHEST GUST SPEED    32   HIGHEST GUST DIRECTION    NW (320)
  AVERAGE WIND SPEED    14.7


SKY COVER
  AVERAGE SKY COVER 0.5


WEATHER CONDITIONS
 THE FOLLOWING WEATHER WAS RECORDED YESTERDAY.
  NO SIGNIFICANT WEATHER WAS OBSERVED.


RELATIVE HUMIDITY (PERCENT)
 HIGHEST    61           400 AM
 LOWEST     25           300 PM
 AVERAGE    43

..........................................................


THE ONTARIO OR CLIMATE NORMALS FOR TODAY
                         NORMAL    RECORD    YEAR
 MAXIMUM TEMPERATURE (F)   69        90      1968
 MINIMUM TEMPERATURE (F)   39        25      1962


SUNRISE AND SUNSET
APRIL 29 2016.........SUNRISE   642 AM MDT   SUNSET   850 PM MDT
APRIL 30 2016.........SUNRISE   640 AM MDT   SUNSET   851 PM MDT


-  INDICATES NEGATIVE NUMBERS.
R  INDICATES RECORD WAS SET OR TIED.
MM INDICATES DATA IS MISSING.
T  INDICATES TRACE AMOUNT.




$$
