000
CDUS45 KBOI 240931
CLIONO


CLIMATE REPORT
NATIONAL WEATHER SERVICE BOISE ID
330 AM MDT SUN JUL 24 2016


...................................

...THE ONTARIO OR CLIMATE SUMMARY FOR JULY 23 2016...

CLIMATE NORMAL PERIOD 1981 TO 2010
CLIMATE RECORD PERIOD 1948 TO 2016


WEATHER ITEM   OBSERVED TIME   RECORD YEAR NORMAL DEPARTURE LAST
                VALUE   (LST)  VALUE       VALUE  FROM      YEAR
                                                  NORMAL
..................................................................
TEMPERATURE (F)
 YESTERDAY
  MAXIMUM         88    307 PM 111    2003  96     -8       90
  MINIMUM         61    609 AM  44    1972  59      2       58
  AVERAGE         75                        77     -2       74

PRECIPITATION (IN)
  YESTERDAY        0.00          0.11 1983   0.01  -0.01     0.00
  MONTH TO DATE    0.21                      0.26  -0.05     0.49
  SINCE OCT 1      7.31                      9.43  -2.12     9.23
  SINCE JAN 1      2.56                      6.02  -3.46     4.77

DEGREE DAYS
 HEATING
  YESTERDAY        0                         0      0        0
  MONTH TO DATE    9                         0      9        0
  SINCE JUN 1     35                        52    -17        1
  SINCE JUL 1      9                         0      9        0

 COOLING
  YESTERDAY       10                        13     -3        9
  MONTH TO DATE  212                       247    -35      303
  SINCE JUN 1    443                       386     57      668
  SINCE JAN 1    482                       422     60      701
..................................................................


WIND (MPH)
  HIGHEST WIND SPEED    20   HIGHEST WIND DIRECTION    NW (320)
  HIGHEST GUST SPEED    24   HIGHEST GUST DIRECTION    NW (320)
  AVERAGE WIND SPEED     7.1


SKY COVER
  AVERAGE SKY COVER 0.0


WEATHER CONDITIONS
 THE FOLLOWING WEATHER WAS RECORDED YESTERDAY.
  NO SIGNIFICANT WEATHER WAS OBSERVED.


RELATIVE HUMIDITY (PERCENT)
 HIGHEST    48           500 AM
 LOWEST     12           300 PM
 AVERAGE    30

..........................................................


THE ONTARIO OR CLIMATE NORMALS FOR TODAY
                         NORMAL    RECORD    YEAR
 MAXIMUM TEMPERATURE (F)   96       110      2003
 MINIMUM TEMPERATURE (F)   59        45      1970


SUNRISE AND SUNSET
JULY 24 2016..........SUNRISE   628 AM MDT   SUNSET   920 PM MDT
JULY 25 2016..........SUNRISE   629 AM MDT   SUNSET   919 PM MDT


-  INDICATES NEGATIVE NUMBERS.
R  INDICATES RECORD WAS SET OR TIED.
MM INDICATES DATA IS MISSING.
T  INDICATES TRACE AMOUNT.




$$
