441
CDUS45 KBOI 220931
CLIONO


CLIMATE REPORT
NATIONAL WEATHER SERVICE BOISE ID
231 AM MST WED FEB 22 2017


...................................

...THE ONTARIO OR CLIMATE SUMMARY FOR FEBRUARY 21 2017...

CLIMATE NORMAL PERIOD 1981 TO 2010
CLIMATE RECORD PERIOD 1948 TO 2017


WEATHER ITEM   OBSERVED TIME   RECORD YEAR NORMAL DEPARTURE LAST
                VALUE   (LST)  VALUE       VALUE  FROM      YEAR
                                                  NORMAL
..................................................................
TEMPERATURE (F)
 YESTERDAY
  MAXIMUM         47    212 PM  62    1991  46      1       50
  MINIMUM         30   1159 PM   6    1952  24      6       26
  AVERAGE         39                        35      4       38

PRECIPITATION (IN)
  YESTERDAY        0.01          0.42 1968   0.03  -0.02     0.00
  MONTH TO DATE    1.48                      0.58   0.90     0.27
  SINCE OCT 1      8.11                      5.17   2.94     5.77
  SINCE JAN 1      4.79                      1.76   3.03     1.02

DEGREE DAYS
 HEATING
  YESTERDAY       26                        30     -4       27
  MONTH TO DATE  678                       689    -11      554
  SINCE DEC 1   3542                      3004    538     2679
  SINCE JUL 1   4633                      4432    201     3804

 COOLING
  YESTERDAY        0                         0      0        0
  MONTH TO DATE    0                         0      0        0
  SINCE DEC 1      0                         0      0        0
  SINCE JAN 1      0                         0      0        0
..................................................................


WIND (MPH)
  HIGHEST WIND SPEED    24   HIGHEST WIND DIRECTION    SW (210)
  HIGHEST GUST SPEED    30   HIGHEST GUST DIRECTION    SW (240)
  AVERAGE WIND SPEED     7.4


SKY COVER
  AVERAGE SKY COVER 0.3


WEATHER CONDITIONS
 THE FOLLOWING WEATHER WAS RECORDED YESTERDAY.
  LIGHT RAIN
  FOG


RELATIVE HUMIDITY (PERCENT)
 HIGHEST   100           300 AM
 LOWEST     53           500 PM
 AVERAGE    77

..........................................................


THE ONTARIO OR CLIMATE NORMALS FOR TODAY
                         NORMAL    RECORD    YEAR
 MAXIMUM TEMPERATURE (F)   47        64      1991
 MINIMUM TEMPERATURE (F)   25        -1      1952


SUNRISE AND SUNSET
FEBRUARY 22 2017......SUNRISE   736 AM MST   SUNSET   628 PM MST
FEBRUARY 23 2017......SUNRISE   734 AM MST   SUNSET   629 PM MST


-  INDICATES NEGATIVE NUMBERS.
R  INDICATES RECORD WAS SET OR TIED.
MM INDICATES DATA IS MISSING.
T  INDICATES TRACE AMOUNT.




$$
