000
CDUS45 KBOI 240931
CLIONO


CLIMATE REPORT
NATIONAL WEATHER SERVICE BOISE ID
330 AM MDT SAT JUN 24 2017


...................................

...THE ONTARIO OR CLIMATE SUMMARY FOR JUNE 23 2017...

CLIMATE NORMAL PERIOD 1981 TO 2010
CLIMATE RECORD PERIOD 1948 TO 2017


WEATHER ITEM   OBSERVED TIME   RECORD YEAR NORMAL DEPARTURE LAST
                VALUE   (LST)  VALUE       VALUE  FROM      YEAR
                                                  NORMAL
..................................................................
TEMPERATURE (F)
 YESTERDAY
  MAXIMUM         88    629 PM 108    1970  86      2       91
  MINIMUM         55    444 AM  37    1993  54      1       63
  AVERAGE         72                        70      2       77

PRECIPITATION (IN)
  YESTERDAY        0.00          0.20 1969   0.01  -0.01     0.00
  MONTH TO DATE    0.60                      0.58   0.02     0.12
  SINCE OCT 1     12.78                      9.06   3.72     7.10
  SINCE JAN 1      9.46                      5.65   3.81     2.35

DEGREE DAYS
 HEATING
  YESTERDAY        0                         1     -1        0
  MONTH TO DATE   28                        46    -18       25
  SINCE JUN 1     28                        46    -18       25
  SINCE JUL 1   6046                      5996     50     4933

 COOLING
  YESTERDAY        7                         6      1       12
  MONTH TO DATE   94                        90      4      144
  SINCE JUN 1     94                        90      4      144
  SINCE JAN 1    134                       126      8      183
..................................................................


WIND (MPH)
  HIGHEST WIND SPEED    12   HIGHEST WIND DIRECTION    NW (310)
  HIGHEST GUST SPEED    15   HIGHEST GUST DIRECTION    NW (300)
  AVERAGE WIND SPEED     4.0


SKY COVER
  AVERAGE SKY COVER 0.0


WEATHER CONDITIONS
 THE FOLLOWING WEATHER WAS RECORDED YESTERDAY.
  HAZE


RELATIVE HUMIDITY (PERCENT)
 HIGHEST    52          1000 PM
 LOWEST     10           300 PM
 AVERAGE    31

..........................................................


THE ONTARIO OR CLIMATE NORMALS FOR TODAY
                         NORMAL    RECORD    YEAR
 MAXIMUM TEMPERATURE (F)   87       107      1970
 MINIMUM TEMPERATURE (F)   54        39      1983
                                             1946


SUNRISE AND SUNSET
JUNE 24 2017..........SUNRISE   606 AM MDT   SUNSET   935 PM MDT
JUNE 25 2017..........SUNRISE   606 AM MDT   SUNSET   935 PM MDT


-  INDICATES NEGATIVE NUMBERS.
R  INDICATES RECORD WAS SET OR TIED.
MM INDICATES DATA IS MISSING.
T  INDICATES TRACE AMOUNT.




$$
