000
CDUS45 KBOI 240931
CLIONO


CLIMATE REPORT
NATIONAL WEATHER SERVICE BOISE ID
331 AM MDT SUN MAY 24 2015


...................................

...THE ONTARIO OR CLIMATE SUMMARY FOR MAY 23 2015...

CLIMATE NORMAL PERIOD 1981 TO 2010
CLIMATE RECORD PERIOD 1948 TO 2015


WEATHER ITEM   OBSERVED TIME   RECORD YEAR NORMAL DEPARTURE LAST
                VALUE   (LST)  VALUE       VALUE  FROM      YEAR
                                                  NORMAL
..................................................................
TEMPERATURE (F)
 YESTERDAY
  MAXIMUM         85    355 PM  94    1969  77      8       90
  MINIMUM         54    351 AM  27    1966  47      7       51
  AVERAGE         70                        62      8       71

PRECIPITATION (IN)
  YESTERDAY        0.00          0.42 1965   0.05  -0.05     0.00
  MONTH TO DATE    1.59                      0.94   0.65     0.42
  SINCE OCT 1      8.45                      8.14   0.31     6.24
  SINCE JAN 1      3.99                      4.73  -0.74     4.73

DEGREE DAYS
 HEATING
  YESTERDAY        0                         5     -5        0
  MONTH TO DATE   86                       175    -89      117
  SINCE MAR 1    996                      1286   -290     1108
  SINCE JUL 1   4790                      5916  -1126     5864

 COOLING
  YESTERDAY        5                         2      3        6
  MONTH TO DATE    6                        19    -13       28
  SINCE MAR 1      6                        20    -14       28
  SINCE JAN 1      6                        20    -14       28
..................................................................


WIND (MPH)
  HIGHEST WIND SPEED    28   HIGHEST WIND DIRECTION    NW (310)
  HIGHEST GUST SPEED    34   HIGHEST GUST DIRECTION    NW (310)
  AVERAGE WIND SPEED    10.4


SKY COVER
  AVERAGE SKY COVER 0.2


WEATHER CONDITIONS
 THE FOLLOWING WEATHER WAS RECORDED YESTERDAY.
  NO SIGNIFICANT WEATHER WAS OBSERVED.


RELATIVE HUMIDITY (PERCENT)
 HIGHEST    83           400 AM
 LOWEST     25           400 PM
 AVERAGE    54

..........................................................


THE ONTARIO OR CLIMATE NORMALS FOR TODAY
                         NORMAL    RECORD    YEAR
 MAXIMUM TEMPERATURE (F)   77        94      2001
 MINIMUM TEMPERATURE (F)   47        32      1989


SUNRISE AND SUNSET
MAY 24 2015...........SUNRISE   614 AM MDT   SUNSET   917 PM MDT
MAY 25 2015...........SUNRISE   613 AM MDT   SUNSET   918 PM MDT


-  INDICATES NEGATIVE NUMBERS.
R  INDICATES RECORD WAS SET OR TIED.
MM INDICATES DATA IS MISSING.
T  INDICATES TRACE AMOUNT.




$$
