000
CDUS45 KBOI 230933
CLIONO


CLIMATE REPORT
NATIONAL WEATHER SERVICE BOISE ID
332 AM MDT THU MAR 23 2017


...................................

...THE ONTARIO OR CLIMATE SUMMARY FOR MARCH 22 2017...

CLIMATE NORMAL PERIOD 1981 TO 2010
CLIMATE RECORD PERIOD 1948 TO 2017


WEATHER ITEM   OBSERVED TIME   RECORD YEAR NORMAL DEPARTURE LAST
                VALUE   (LST)  VALUE       VALUE  FROM      YEAR
                                                  NORMAL
..................................................................
TEMPERATURE (F)
 YESTERDAY
  MAXIMUM         61    449 PM  75    2004  59      2       55
  MINIMUM         38    728 AM  18    1966  32      6       37
  AVERAGE         50                        45      5       46

PRECIPITATION (IN)
  YESTERDAY        0.02          0.42 2005   0.03  -0.01     0.00
  MONTH TO DATE    0.61                      0.73  -0.12     0.43
  SINCE OCT 1      8.75                      6.12   2.63     6.22
  SINCE JAN 1      5.43                      2.71   2.72     1.47

DEGREE DAYS
 HEATING
  YESTERDAY       15                        20     -5       19
  MONTH TO DATE  398                       503   -105      387
  SINCE MAR 1    398                       503   -105      387
  SINCE JUL 1   5272                      5133    139     4377

 COOLING
  YESTERDAY        0                         0      0        0
  MONTH TO DATE    0                         0      0        0
  SINCE MAR 1      0                         0      0        0
  SINCE JAN 1      0                         0      0        0
..................................................................


WIND (MPH)
  HIGHEST WIND SPEED    29   HIGHEST WIND DIRECTION     W (290)
  HIGHEST GUST SPEED    34   HIGHEST GUST DIRECTION     W (290)
  AVERAGE WIND SPEED     4.7


SKY COVER
  AVERAGE SKY COVER 0.4


WEATHER CONDITIONS
 THE FOLLOWING WEATHER WAS RECORDED YESTERDAY.
  LIGHT RAIN
  FOG
  FOG W/VISIBILITY <= 1/4 MILE


RELATIVE HUMIDITY (PERCENT)
 HIGHEST   100           200 AM
 LOWEST     33           200 PM
 AVERAGE    67

..........................................................


THE ONTARIO OR CLIMATE NORMALS FOR TODAY
                         NORMAL    RECORD    YEAR
 MAXIMUM TEMPERATURE (F)   59        78      1960
 MINIMUM TEMPERATURE (F)   32        16      1966


SUNRISE AND SUNSET
MARCH 23 2017.........SUNRISE   745 AM MDT   SUNSET   805 PM MDT
MARCH 24 2017.........SUNRISE   743 AM MDT   SUNSET   806 PM MDT


-  INDICATES NEGATIVE NUMBERS.
R  INDICATES RECORD WAS SET OR TIED.
MM INDICATES DATA IS MISSING.
T  INDICATES TRACE AMOUNT.




$$
