000
CDUS45 KBOI 210932
CLIONO


CLIMATE REPORT
NATIONAL WEATHER SERVICE BOISE ID
332 AM MDT MON APR 21 2014


...................................

...THE ONTARIO OR CLIMATE SUMMARY FOR APRIL 20 2014...

CLIMATE NORMAL PERIOD 1981 TO 2010
CLIMATE RECORD PERIOD 1948 TO 2014


WEATHER ITEM   OBSERVED TIME   RECORD YEAR NORMAL DEPARTURE LAST
                VALUE   (LST)  VALUE       VALUE  FROM      YEAR
                                                  NORMAL
..................................................................
TEMPERATURE (F)
 YESTERDAY
  MAXIMUM         68    507 PM  87    1956  66      2       67
  MINIMUM         42    627 AM  21    1961  37      5       40
  AVERAGE         55                        51      4       54

PRECIPITATION (IN)
  YESTERDAY        0.00          0.32 2010   0.02  -0.02     0.00
  MONTH TO DATE    0.19                      0.52  -0.33     0.21
  SINCE OCT 1      4.88                      6.92  -2.04     4.35
  SINCE JAN 1      3.37                      3.51  -0.14     1.41

DEGREE DAYS
 HEATING
  YESTERDAY       10                        14     -4       11
  MONTH TO DATE  251                       318    -67      271
  SINCE MAR 1    839                       988   -149      895
  SINCE JUL 1   5595                      5618    -23     5409

 COOLING
  YESTERDAY        0                         0      0        0
  MONTH TO DATE    0                         0      0        0
  SINCE MAR 1      0                         0      0        0
  SINCE JAN 1      0                         0      0        0
..................................................................


WIND (MPH)
  HIGHEST WIND SPEED    20   HIGHEST WIND DIRECTION    NW (300)
  HIGHEST GUST SPEED    25   HIGHEST GUST DIRECTION     W (290)
  AVERAGE WIND SPEED     6.3


SKY COVER
  AVERAGE SKY COVER 0.0


WEATHER CONDITIONS
 THE FOLLOWING WEATHER WAS RECORDED YESTERDAY.
  NO SIGNIFICANT WEATHER WAS OBSERVED.


RELATIVE HUMIDITY (PERCENT)
 HIGHEST    58           500 AM
 LOWEST     12           400 PM
 AVERAGE    35

..........................................................


THE ONTARIO OR CLIMATE NORMALS FOR TODAY
                         NORMAL    RECORD    YEAR
 MAXIMUM TEMPERATURE (F)   66        88      1956
 MINIMUM TEMPERATURE (F)   37        22      2008
                                             1982


SUNRISE AND SUNSET
APRIL 21 2014.........SUNRISE   655 AM MDT   SUNSET   839 PM MDT
APRIL 22 2014.........SUNRISE   653 AM MDT   SUNSET   841 PM MDT


-  INDICATES NEGATIVE NUMBERS.
R  INDICATES RECORD WAS SET OR TIED.
MM INDICATES DATA IS MISSING.
T  INDICATES TRACE AMOUNT.




$$
