000
CDUS46 KSGX 290021
CLIONT


CLIMATE REPORT
NATIONAL WEATHER SERVICE SAN DIEGO, CA
421 PM PST FRI NOV 28 2014


...................................

...THE ONTARIO INTL AIRPORT CA CLIMATE SUMMARY FOR NOVEMBER 28 2014...
VALID TODAY AS OF 0400 PM LOCAL TIME.

CLIMATE NORMAL PERIOD 1981 TO 2010
CLIMATE RECORD PERIOD 1998 TO 2014


WEATHER ITEM   OBSERVED TIME   RECORD YEAR NORMAL DEPARTURE LAST
                VALUE   (LST)  VALUE       VALUE  FROM      YEAR
                                                  NORMAL
..................................................................
TEMPERATURE (F)
 TODAY
  MAXIMUM         83R   255 PM  80    2002  69     14       71
  MINIMUM         49    646 AM  35    2001  44      5       49
  AVERAGE         66                        56     10       60

PRECIPITATION (IN)
  TODAY            0.00          0.26 2009   0.03  -0.03     0.00
  MONTH TO DATE    0.72                      1.16  -0.44     0.29
  SINCE JUL 1      1.15                      2.29  -1.14     0.53
  SINCE JAN 1      4.64                     12.67  -8.03     3.32

SNOWFALL (IN)
  TODAY            0.0
  MONTH TO DATE    0.0
  SINCE JAN 1      0.0
  SINCE JUL 1      0.0
  SNOW DEPTH       0

DEGREE DAYS
 HEATING
  TODAY            0                         9     -9        5
  MONTH TO DATE   61                       157    -96      105
  SINCE SEP 1     61                       202   -141      148
  SINCE JUL 1     61                       202   -141      148

 COOLING
  TODAY            1                         0      1        0
  MONTH TO DATE   43                        21     22       25
  SINCE SEP 1    778                       481    297      524
  SINCE JAN 1   2397                      1704    693     1997
..................................................................


WIND (MPH)
  RESULTANT WIND SPEED   1   RESULTANT WIND DIRECTION   N (340)
  HIGHEST WIND SPEED    10   HIGHEST WIND DIRECTION     W (270)
  HIGHEST GUST SPEED    12   HIGHEST GUST DIRECTION    SW (220)
  AVERAGE WIND SPEED     2.8


SKY COVER
  POSSIBLE SUNSHINE  MM
  AVERAGE SKY COVER 0.2


WEATHER CONDITIONS
 THE FOLLOWING WEATHER WAS RECORDED TODAY.
  NO SIGNIFICANT WEATHER WAS OBSERVED.


RELATIVE HUMIDITY (PERCENT)
 HIGHEST    44           700 AM
 LOWEST     11          1200 PM
 AVERAGE    28

..........................................................


THE ONTARIO INTL AIRPORT CA CLIMATE NORMALS FOR TOMORROW
                         NORMAL    RECORD    YEAR
 MAXIMUM TEMPERATURE (F)   68        83      1999
 MINIMUM TEMPERATURE (F)   44        32      2010


SUNRISE AND SUNSET
NOVEMBER 28 2014......SUNRISE   635 AM PST   SUNSET   442 PM PST
NOVEMBER 29 2014......SUNRISE   636 AM PST   SUNSET   441 PM PST


-  INDICATES NEGATIVE NUMBERS.
R  INDICATES RECORD WAS SET OR TIED.
MM INDICATES DATA IS MISSING.
T  INDICATES TRACE AMOUNT.




$$
