000
CDUS46 KSGX 110117
CLIONT


CLIMATE REPORT
NATIONAL WEATHER SERVICE SAN DIEGO, CA
517 PM PST WED FEB 10 2016


...................................

...THE ONTARIO INTL AIRPORT CA CLIMATE SUMMARY FOR FEBRUARY 10 2016...
VALID TODAY AS OF 0500 PM LOCAL TIME.

CLIMATE NORMAL PERIOD 1981 TO 2010
CLIMATE RECORD PERIOD 1998 TO 2016


WEATHER ITEM   OBSERVED TIME   RECORD YEAR NORMAL DEPARTURE LAST
                VALUE   (LST)  VALUE       VALUE  FROM      YEAR
                                                  NORMAL
..................................................................
TEMPERATURE (F)
 TODAY
  MAXIMUM         88R   253 PM  81    2015  65     23       81
  MINIMUM         50    502 AM  33    2009  45      5       48
                                      1979
  AVERAGE         69                        55     14       65

PRECIPITATION (IN)
  TODAY            0.00          0.21 2001   0.12  -0.12     0.00
  MONTH TO DATE    0.00                      0.97  -0.97      T
  SINCE OCT 1      4.31                      8.45  -4.14     6.58
  SINCE JAN 1      2.19                      4.28  -2.09     0.94

DEGREE DAYS
 HEATING
  TODAY            0                        10    -10        0
  MONTH TO DATE   82                       101    -19       17
  SINCE DEC 1    791                       768     23      457
  SINCE JUL 1    988                       990     -2      527

 COOLING
  TODAY            4                         0      4        0
  MONTH TO DATE   12                         0     12        5
  SINCE DEC 1     14                         5      9       20
  SINCE JAN 1     12                         3      9       18
..................................................................


WIND (MPH)
  RESULTANT WIND SPEED   2   RESULTANT WIND DIRECTION  NE (60)
  HIGHEST WIND SPEED     7   HIGHEST WIND DIRECTION     W (290)
  HIGHEST GUST SPEED     9   HIGHEST GUST DIRECTION     W (280)
  AVERAGE WIND SPEED     2.2


SKY COVER
  POSSIBLE SUNSHINE  MM
  AVERAGE SKY COVER 0.4


WEATHER CONDITIONS
 THE FOLLOWING WEATHER WAS RECORDED TODAY.
  NO SIGNIFICANT WEATHER WAS OBSERVED.


RELATIVE HUMIDITY (PERCENT)
 HIGHEST    44           400 AM
 LOWEST      9           300 PM
 AVERAGE    27

..........................................................


THE ONTARIO INTL AIRPORT CA CLIMATE NORMALS FOR TOMORROW
                         NORMAL    RECORD    YEAR
 MAXIMUM TEMPERATURE (F)   65        85      2015
 MINIMUM TEMPERATURE (F)   45        36      2011
                                             2009


SUNRISE AND SUNSET
FEBRUARY 10 2016......SUNRISE   640 AM PST   SUNSET   529 PM PST
FEBRUARY 11 2016......SUNRISE   640 AM PST   SUNSET   530 PM PST


-  INDICATES NEGATIVE NUMBERS.
R  INDICATES RECORD WAS SET OR TIED.
MM INDICATES DATA IS MISSING.
T  INDICATES TRACE AMOUNT.




$$
