000
CDUS46 KSGX 190119
CLIONT


CLIMATE REPORT
NATIONAL WEATHER SERVICE SAN DIEGO, CA
518 PM PST SAT NOV 18 2017


...................................

...THE ONTARIO INTL AIRPORT CA CLIMATE SUMMARY FOR NOVEMBER 18 2017...
VALID TODAY AS OF 0500 PM LOCAL TIME.

CLIMATE NORMAL PERIOD 1981 TO 2010
CLIMATE RECORD PERIOD 1998 TO 2017


WEATHER ITEM   OBSERVED TIME   RECORD YEAR NORMAL DEPARTURE LAST
                VALUE   (LST)  VALUE       VALUE  FROM      YEAR
                                                  NORMAL
..................................................................
TEMPERATURE (F)
 TODAY
  MAXIMUM         79    328 PM  88    2008  72      7       78
  MINIMUM         52    703 AM  41    2000  46      6       43
  AVERAGE         66                        59      7       61

PRECIPITATION (IN)
  TODAY            0.00          0.00   MM   0.04  -0.04     0.00
  MONTH TO DATE    T                         0.79  -0.79     0.00
  SINCE OCT 1      T                         1.43  -1.43     0.62
  SINCE JAN 1     10.85                     12.30  -1.45     6.21

DEGREE DAYS
 HEATING
  TODAY            0                         6     -6        4
  MONTH TO DATE   21                        79    -58       18
  SINCE SEP 1     23                       124   -101       25
  SINCE JUL 1     23                       124   -101       25

 COOLING
  TODAY            1                         0      1        0
  MONTH TO DATE   12                        21     -9       82
  SINCE SEP 1    604                       481    123      571
  SINCE JAN 1   2243                      1704    539     2102
..................................................................


WIND (MPH)
  RESULTANT WIND SPEED   2   RESULTANT WIND DIRECTION   W (280)
  HIGHEST WIND SPEED     7   HIGHEST WIND DIRECTION    SW (240)
  HIGHEST GUST SPEED    13   HIGHEST GUST DIRECTION    SW (210)
  AVERAGE WIND SPEED     2.9


SKY COVER
  POSSIBLE SUNSHINE  MM
  AVERAGE SKY COVER 0.2


WEATHER CONDITIONS
 THE FOLLOWING WEATHER WAS RECORDED TODAY.
  FOG
  HAZE


RELATIVE HUMIDITY (PERCENT)
 HIGHEST   100           300 AM
 LOWEST     15           300 PM
 AVERAGE    58

..........................................................


THE ONTARIO INTL AIRPORT CA CLIMATE NORMALS FOR TOMORROW
                         NORMAL    RECORD    YEAR
 MAXIMUM TEMPERATURE (F)   72        92      2006
 MINIMUM TEMPERATURE (F)   46        32      2015


SUNRISE AND SUNSET
NOVEMBER 18 2017......SUNRISE   626 AM PST   SUNSET   445 PM PST
NOVEMBER 19 2017......SUNRISE   627 AM PST   SUNSET   444 PM PST


-  INDICATES NEGATIVE NUMBERS.
R  INDICATES RECORD WAS SET OR TIED.
MM INDICATES DATA IS MISSING.
T  INDICATES TRACE AMOUNT.




$$
