000
CDUS46 KSGX 301417
CLIONT


CLIMATE REPORT
NATIONAL WEATHER SERVICE SAN DIEGO, CA
716 AM PDT SAT APR 30 2016


...................................

...THE ONTARIO INTL AIRPORT CA CLIMATE SUMMARY FOR APRIL 29 2016...

CLIMATE NORMAL PERIOD 1981 TO 2010
CLIMATE RECORD PERIOD 1998 TO 2016


WEATHER ITEM   OBSERVED TIME   RECORD YEAR NORMAL DEPARTURE LAST
                VALUE   (LST)  VALUE       VALUE  FROM      YEAR
                                                  NORMAL
..................................................................
TEMPERATURE (F)
 YESTERDAY
  MAXIMUM         72    231 PM  96    2015  76     -4       96
  MINIMUM         49    516 AM  42    1999  53     -4       62
  AVERAGE         61                        65     -4       79

PRECIPITATION (IN)
  YESTERDAY        0.00          0.00   MM   0.02  -0.02     0.00
  MONTH TO DATE    0.28                      0.92  -0.64     0.50
  SINCE OCT 1      6.43                     14.11  -7.68     8.93
  SINCE JAN 1      4.31                      9.94  -5.63     3.29

DEGREE DAYS
 HEATING
  YESTERDAY        4                         3      1        0
  MONTH TO DATE   43                       121    -78       56
  SINCE MAR 1    160                       333   -173      113
  SINCE JUL 1   1169                      1490   -321      713

 COOLING
  YESTERDAY        0                         2     -2       14
  MONTH TO DATE   93                        40     53       63
  SINCE MAR 1    114                        52     62      182
  SINCE JAN 1    157                        58     99      212
..................................................................


WIND (MPH)
  RESULTANT WIND SPEED   5   RESULTANT WIND DIRECTION  SW (240)
  HIGHEST WIND SPEED    17   HIGHEST WIND DIRECTION    SW (220)
  HIGHEST GUST SPEED    27   HIGHEST GUST DIRECTION     W (260)
  AVERAGE WIND SPEED     6.6


SKY COVER
  POSSIBLE SUNSHINE  MM
  AVERAGE SKY COVER 0.4


WEATHER CONDITIONS
 THE FOLLOWING WEATHER WAS RECORDED YESTERDAY.
  NO SIGNIFICANT WEATHER WAS OBSERVED.


RELATIVE HUMIDITY (PERCENT)
 HIGHEST    86           400 AM
 LOWEST     40          1200 PM
 AVERAGE    63

..........................................................


THE ONTARIO INTL AIRPORT CA CLIMATE NORMALS FOR TODAY
                         NORMAL    RECORD    YEAR
 MAXIMUM TEMPERATURE (F)   77        95      2015
 MINIMUM TEMPERATURE (F)   53        45      2010


SUNRISE AND SUNSET
APRIL 30 2016.........SUNRISE   602 AM PDT   SUNSET   734 PM PDT
MAY  1 2016...........SUNRISE   601 AM PDT   SUNSET   735 PM PDT


-  INDICATES NEGATIVE NUMBERS.
R  INDICATES RECORD WAS SET OR TIED.
MM INDICATES DATA IS MISSING.
T  INDICATES TRACE AMOUNT.




$$
