000
CDUS46 KSGX 300020
CLIONT


CLIMATE REPORT
NATIONAL WEATHER SERVICE SAN DIEGO, CA
520 PM PDT WED JUL 29 2015


...................................

...THE ONTARIO INTL AIRPORT CA CLIMATE SUMMARY FOR JULY 29 2015...
VALID TODAY AS OF 0500 PM LOCAL TIME.

CLIMATE NORMAL PERIOD 1981 TO 2010
CLIMATE RECORD PERIOD 1998 TO 2015


WEATHER ITEM   OBSERVED TIME   RECORD YEAR NORMAL DEPARTURE LAST
                VALUE   (LST)  VALUE       VALUE  FROM      YEAR
                                                  NORMAL
..................................................................
TEMPERATURE (F)
 TODAY
  MAXIMUM         97R   125 PM  95    2014  93      4       95
                                      2005
  MINIMUM         65    421 AM  58    2002  64      1       71
  AVERAGE         81                        79      2       83

PRECIPITATION (IN)
  TODAY            0.00          0.03 2003   0.01  -0.01     0.00
  MONTH TO DATE    0.60                      0.09   0.51      T
  SINCE OCT 1     10.48                     14.64  -4.16     4.37
  SINCE JAN 1      4.84                     10.47  -5.63     3.49

DEGREE DAYS
 HEATING
  TODAY            0                         0      0        0
  MONTH TO DATE    0                         0      0        0
  SINCE JUN 1      0                         5     -5        0
  SINCE JUL 1      0                         0      0        0

 COOLING
  TODAY           16                        14      2       18
  MONTH TO DATE  359                       368     -9      436
  SINCE JUN 1    709                       591    118      722
  SINCE JAN 1   1004                       757    247     1116
..................................................................


WIND (MPH)
  RESULTANT WIND SPEED   6   RESULTANT WIND DIRECTION   W (250)
  HIGHEST WIND SPEED    18   HIGHEST WIND DIRECTION     W (260)
  HIGHEST GUST SPEED    24   HIGHEST GUST DIRECTION     W (250)
  AVERAGE WIND SPEED     6.5


SKY COVER
  POSSIBLE SUNSHINE  MM
  AVERAGE SKY COVER 0.2


WEATHER CONDITIONS
 THE FOLLOWING WEATHER WAS RECORDED TODAY.
  FOG
  HAZE


RELATIVE HUMIDITY (PERCENT)
 HIGHEST    87           400 AM
 LOWEST     33          1200 PM
 AVERAGE    60

..........................................................


THE ONTARIO INTL AIRPORT CA CLIMATE NORMALS FOR TOMORROW
                         NORMAL    RECORD    YEAR
 MAXIMUM TEMPERATURE (F)   93        98      2014
 MINIMUM TEMPERATURE (F)   64        60      2013
                                             2010


SUNRISE AND SUNSET
JULY 29 2015..........SUNRISE   600 AM PDT   SUNSET   754 PM PDT
JULY 30 2015..........SUNRISE   600 AM PDT   SUNSET   753 PM PDT


-  INDICATES NEGATIVE NUMBERS.
R  INDICATES RECORD WAS SET OR TIED.
MM INDICATES DATA IS MISSING.
T  INDICATES TRACE AMOUNT.




$$
