000
CDUS43 KLOT 220640
CLIORD


CLIMATE REPORT
NATIONAL WEATHER SERVICE CHICAGO IL
139 AM CDT TUE JUL 22 2014


...................................

...THE CHICAGO-OHARE CLIMATE SUMMARY FOR JULY 21 2014...

CLIMATE NORMAL PERIOD 1981 TO 2010
CLIMATE RECORD PERIOD 1871 TO 2014


WEATHER ITEM   OBSERVED TIME   RECORD YEAR NORMAL DEPARTURE LAST
                VALUE   (LST)  VALUE       VALUE  FROM      YEAR
                                                  NORMAL
..................................................................
TEMPERATURE (F)
 YESTERDAY
  MAXIMUM         86    304 PM 103    1901  84      2       88
  MINIMUM         63    420 AM  51    1970  64     -1       68
  AVERAGE         75                        74      1       78

PRECIPITATION (IN)
  YESTERDAY        0.00          1.78 1999   0.13  -0.13     0.01
  MONTH TO DATE    2.10                      2.36  -0.26     1.26
  SINCE JUN 1      9.91                      5.81   4.10     7.49
  SINCE JAN 1     24.74                     18.89   5.85    29.72

SNOWFALL (IN)
  YESTERDAY        0.0           0.0    MM   0.0    0.0      0.0
  MONTH TO DATE    0.0                       0.0    0.0      0.0
  SINCE JUN 1      0.0                       0.0    0.0      0.0
  SINCE JUL 1      0.0                       0.0    0.0      0.0
  SNOW DEPTH       0

DEGREE DAYS
 HEATING
  YESTERDAY        0                         0      0        0
  MONTH TO DATE    5                         0      5        1
  SINCE JUN 1     17                        48    -31       44
  SINCE JUL 1      5                         0      5        1

 COOLING
  YESTERDAY       10                         9      1       13
  MONTH TO DATE  122                       188    -66      235
  SINCE JUN 1    320                       353    -33      391
  SINCE JAN 1    381                       407    -26      475
..................................................................


WIND (MPH)
  HIGHEST WIND SPEED    15   HIGHEST WIND DIRECTION     S (190)
  HIGHEST GUST SPEED    23   HIGHEST GUST DIRECTION    SW (210)
  AVERAGE WIND SPEED     7.2


SKY COVER
  POSSIBLE SUNSHINE  MM
  AVERAGE SKY COVER 0.0


WEATHER CONDITIONS
 THE FOLLOWING WEATHER WAS RECORDED YESTERDAY.
  HAZE


RELATIVE HUMIDITY (PERCENT)
 HIGHEST    78           100 AM
 LOWEST     44           200 PM
 AVERAGE    61

..........................................................


THE CHICAGO-OHARE CLIMATE NORMALS FOR TODAY
                         NORMAL    RECORD    YEAR
 MAXIMUM TEMPERATURE (F)   84       101      1991
                                             1934
 MINIMUM TEMPERATURE (F)   64        49      1947


SUNRISE AND SUNSET
JULY 22 2014..........SUNRISE   535 AM CDT   SUNSET   820 PM CDT
JULY 23 2014..........SUNRISE   536 AM CDT   SUNSET   819 PM CDT


-  INDICATES NEGATIVE NUMBERS.
R  INDICATES RECORD WAS SET OR TIED.
MM INDICATES DATA IS MISSING.
T  INDICATES TRACE AMOUNT.




$$
