000
CDUS41 KAKQ 112127
CLIORF


CLIMATE REPORT
NATIONAL WEATHER SERVICE WAKEFIELD, VA
526 PM EDT FRI JUL 11 2014


...................................

...THE NORFOLK VA CLIMATE SUMMARY FOR JULY 11 2014...
VALID TODAY AS OF 0500 PM LOCAL TIME.

CLIMATE NORMAL PERIOD 1981 TO 2010
CLIMATE RECORD PERIOD 1871 TO 2014


WEATHER ITEM   OBSERVED TIME   RECORD YEAR NORMAL DEPARTURE LAST
                VALUE   (LST)  VALUE       VALUE  FROM      YEAR
                                                  NORMAL
..................................................................
TEMPERATURE (F)
 TODAY
  MAXIMUM         81    210 PM 102    1879  88     -7       87
                                      1876
  MINIMUM         72    554 AM  59    1963  72      0       73
                                      1961
                                      1891
  AVERAGE         77

PRECIPITATION (IN)
  TODAY            0.00          2.16 1947   0.16  -0.16     1.23
  MONTH TO DATE    5.21                      1.61   3.60     3.19
  SINCE JUN 1      7.12                      5.87   1.25     5.81
  SINCE JAN 1     26.74                     22.89   3.85    23.23

SNOWFALL (IN)
  TODAY            0.0
  MONTH TO DATE    0.0
  SINCE NOV 1     15.5
  SINCE JUL 1      0.0
  SNOW DEPTH       0

DEGREE DAYS
 HEATING
  TODAY            0                         0      0        0
  MONTH TO DATE    0                         0      0        0
  SINCE JUN 1      3                         6     -3        0
  SINCE JUL 1      0                         0      0        0

 COOLING
  TODAY           12                        15     -3       15
  MONTH TO DATE  173                       159     14      185
  SINCE JUN 1    531                       474     57      547
  SINCE JAN 1    733                       640     93      768
..................................................................


WIND (MPH)
  RESULTANT WIND SPEED   4   RESULTANT WIND DIRECTION  NE (30)
  HIGHEST WIND SPEED    14   HIGHEST WIND DIRECTION    NE (40)
  HIGHEST GUST SPEED    16   HIGHEST GUST DIRECTION    NE (30)


SKY COVER
  POSSIBLE SUNSHINE  MM
  AVERAGE SKY COVER 0.5


WEATHER CONDITIONS
 THE FOLLOWING WEATHER WAS RECORDED TODAY.
  NO SIGNIFICANT WEATHER WAS OBSERVED.


RELATIVE HUMIDITY (PERCENT)
 HIGHEST    93
 LOWEST     62
 AVERAGE    78

..........................................................


THE NORFOLK VA CLIMATE NORMALS FOR TOMORROW
                         NORMAL    RECORD    YEAR
 MAXIMUM TEMPERATURE (F)   88       101      1992
 MINIMUM TEMPERATURE (F)   72        57      1978


SUNRISE AND SUNSET
JULY 11 2014..........SUNRISE   555 AM EDT   SUNSET   826 PM EDT
JULY 12 2014..........SUNRISE   555 AM EDT   SUNSET   825 PM EDT


-  INDICATES NEGATIVE NUMBERS.
R  INDICATES RECORD WAS SET OR TIED.
MM INDICATES DATA IS MISSING.
T  INDICATES TRACE AMOUNT.




$$
