000
CDUS41 KAKQ 310845
CLIORF


CLIMATE REPORT
NATIONAL WEATHER SERVICE WAKEFIELD, VA
445 AM EDT FRI OCT 31 2014


...................................

...THE NORFOLK VA CLIMATE SUMMARY FOR OCTOBER 30 2014...

CLIMATE NORMAL PERIOD 1981 TO 2010
CLIMATE RECORD PERIOD 1871 TO 2014


WEATHER ITEM   OBSERVED TIME   RECORD YEAR NORMAL DEPARTURE LAST
                VALUE   (LST)  VALUE       VALUE  FROM      YEAR
                                                  NORMAL
..................................................................
TEMPERATURE (F)
 YESTERDAY
  MAXIMUM         63    123 PM  84    1996  66     -3       74
  MINIMUM         54   1159 PM  29    1965  49      5       53
  AVERAGE         59                        58      1       64

PRECIPITATION (IN)
  YESTERDAY        0.12          3.12 1956   0.12   0.00     0.00
  MONTH TO DATE    1.57                      3.31  -1.74     4.13
  SINCE SEP 1     10.74                      8.07   2.67     5.06
  SINCE JAN 1     43.15                     40.01   3.14    38.33

SNOWFALL (IN)
  YESTERDAY        0.0           0.0  2002   0.0    0.0
                                      2001
  MONTH TO DATE    0.0                       0.0    0.0
  SINCE NOV 1     15.5                       5.8    9.7
  SINCE JUL 1      0.0                       0.0    0.0
  SNOW DEPTH       0

DEGREE DAYS
 HEATING
  YESTERDAY        6                         8     -2        1
  MONTH TO DATE   79                       139    -60      112
  SINCE SEP 1     79                       150    -71      120
  SINCE JUL 1     79                       150    -71      120

 COOLING
  YESTERDAY        0                         1     -1        0
  MONTH TO DATE   75                        55     20       81
  SINCE SEP 1    346                       285     61      294
  SINCE JAN 1   1719                      1620     99     1743
..................................................................


WIND (MPH)
  HIGHEST WIND SPEED    16   HIGHEST WIND DIRECTION     N (20)
  HIGHEST GUST SPEED    19   HIGHEST GUST DIRECTION     N (10)
  AVERAGE WIND SPEED     8.4


SKY COVER
  POSSIBLE SUNSHINE  MM
  AVERAGE SKY COVER 0.1


WEATHER CONDITIONS
 THE FOLLOWING WEATHER WAS RECORDED YESTERDAY.
  RAIN
  FOG


RELATIVE HUMIDITY (PERCENT)
 HIGHEST    86           700 AM
 LOWEST     55           300 PM
 AVERAGE    71

..........................................................


THE NORFOLK VA CLIMATE NORMALS FOR TODAY
                         NORMAL    RECORD    YEAR
 MAXIMUM TEMPERATURE (F)   66        84      1946
 MINIMUM TEMPERATURE (F)   49        32      1966


SUNRISE AND SUNSET
OCTOBER 31 2014.......SUNRISE   728 AM EDT   SUNSET   609 PM EDT
NOVEMBER  1 2014......SUNRISE   729 AM EDT   SUNSET   608 PM EDT


-  INDICATES NEGATIVE NUMBERS.
R  INDICATES RECORD WAS SET OR TIED.
MM INDICATES DATA IS MISSING.
T  INDICATES TRACE AMOUNT.




$$
