000
CDUS41 KAKQ 190828
CLIORF


CLIMATE REPORT
NATIONAL WEATHER SERVICE WAKEFIELD, VA
327 AM EST FRI DEC 19 2014


...................................

...THE NORFOLK VA CLIMATE SUMMARY FOR DECEMBER 18 2014...

CLIMATE NORMAL PERIOD 1981 TO 2010
CLIMATE RECORD PERIOD 1871 TO 2014


WEATHER ITEM   OBSERVED TIME   RECORD YEAR NORMAL DEPARTURE LAST
                VALUE   (LST)  VALUE       VALUE  FROM      YEAR
                                                  NORMAL
..................................................................
TEMPERATURE (F)
 YESTERDAY
  MAXIMUM         46    348 PM  75    1984  51     -5       47
  MINIMUM         36    836 PM  17    1875  35      1       32
  AVERAGE         41                        43     -2       40

PRECIPITATION (IN)
  YESTERDAY        0.00          0.83 1959   0.11  -0.11      T
  MONTH TO DATE    0.74                      1.91  -1.17     2.85
  SINCE DEC 1      0.74                      1.91  -1.17     2.85
  SINCE JAN 1     47.33                     45.18   2.15    43.75

SNOWFALL (IN)
  YESTERDAY        0.0           1.8  1981   0.0    0.0
  MONTH TO DATE    0.0                       0.4   -0.4
  SINCE NOV 1      0.0                       0.4   -0.4
  SINCE JUL 1      0.0                       0.4   -0.4
  SNOW DEPTH       0

DEGREE DAYS
 HEATING
  YESTERDAY       24                        22      2       25
  MONTH TO DATE  333                       350    -17      350
  SINCE DEC 1    333                       350    -17      350
  SINCE JUL 1    896                       880     16      881

 COOLING
  YESTERDAY        0                         0      0        0
  MONTH TO DATE    0                         0      0        0
  SINCE DEC 1      0                         0      0        0
  SINCE JAN 1   1724                      1628     96     1754
..................................................................


WIND (MPH)
  HIGHEST WIND SPEED    16   HIGHEST WIND DIRECTION     N (360)
  HIGHEST GUST SPEED    22   HIGHEST GUST DIRECTION     N (350)
  AVERAGE WIND SPEED     6.5


SKY COVER
  POSSIBLE SUNSHINE  MM
  AVERAGE SKY COVER 0.1


WEATHER CONDITIONS
 THE FOLLOWING WEATHER WAS RECORDED YESTERDAY.
  NO SIGNIFICANT WEATHER WAS OBSERVED.


RELATIVE HUMIDITY (PERCENT)
 HIGHEST    82          1000 PM
 LOWEST     40           400 PM
 AVERAGE    61

..........................................................


THE NORFOLK VA CLIMATE NORMALS FOR TODAY
                         NORMAL    RECORD    YEAR
 MAXIMUM TEMPERATURE (F)   51        77      1984
 MINIMUM TEMPERATURE (F)   35        12      1884


SUNRISE AND SUNSET
DECEMBER 19 2014......SUNRISE   713 AM EST   SUNSET   451 PM EST
DECEMBER 20 2014......SUNRISE   713 AM EST   SUNSET   451 PM EST


-  INDICATES NEGATIVE NUMBERS.
R  INDICATES RECORD WAS SET OR TIED.
MM INDICATES DATA IS MISSING.
T  INDICATES TRACE AMOUNT.




$$
