000
CDUS41 KAKQ 040532
CLIORF


CLIMATE REPORT
NATIONAL WEATHER SERVICE WAKEFIELD, VA
132 AM EDT FRI SEP 4 2015


...................................

...THE NORFOLK VA CLIMATE SUMMARY FOR SEPTEMBER 3 2015...

CLIMATE NORMAL PERIOD 1981 TO 2010
CLIMATE RECORD PERIOD 1871 TO 2015


WEATHER ITEM   OBSERVED TIME   RECORD YEAR NORMAL DEPARTURE LAST
                VALUE   (LST)  VALUE       VALUE  FROM      YEAR
                                                  NORMAL
..................................................................
TEMPERATURE (F)
 YESTERDAY
  MAXIMUM         89    322 PM  97    1977  82      7       89
  MINIMUM         72    526 AM  54    1967  69      3       77
  AVERAGE         81                        76      5       83

PRECIPITATION (IN)
  YESTERDAY        0.00          3.65 1955   0.17  -0.17     0.00
  MONTH TO DATE    0.22                      0.53  -0.31     0.00
  SINCE SEP 1      0.22                      0.53  -0.31     0.00
  SINCE JAN 1     33.34                     32.47   0.87    32.41

SNOWFALL (IN)
  YESTERDAY        0.0           0.0  2002   0.0    0.0
                                      2001
  MONTH TO DATE    0.0                       0.0    0.0
  SINCE NOV 1     12.7                       5.8    6.9
  SINCE JUL 1      0.0                       0.0    0.0
  SNOW DEPTH       0

DEGREE DAYS
 HEATING
  YESTERDAY        0                         0      0        0
  MONTH TO DATE    0                         0      0        0
  SINCE SEP 1      0                         0      0        0
  SINCE JUL 1      0                         0      0        0

 COOLING
  YESTERDAY       16                        11      5       18
  MONTH TO DATE   48                        33     15       63
  SINCE SEP 1     48                        33     15       63
  SINCE JAN 1   1606                      1368    238     1436
..................................................................


WIND (MPH)
  HIGHEST WIND SPEED     9   HIGHEST WIND DIRECTION    NE (40)
  HIGHEST GUST SPEED    11   HIGHEST GUST DIRECTION     W (290)
  AVERAGE WIND SPEED     4.5


SKY COVER
  POSSIBLE SUNSHINE  MM
  AVERAGE SKY COVER 0.0


WEATHER CONDITIONS
 THE FOLLOWING WEATHER WAS RECORDED YESTERDAY.
  NO SIGNIFICANT WEATHER WAS OBSERVED.


RELATIVE HUMIDITY (PERCENT)
 HIGHEST    87          1200 AM
 LOWEST     43           500 PM
 AVERAGE    65

..........................................................


THE NORFOLK VA CLIMATE NORMALS FOR TODAY
                         NORMAL    RECORD    YEAR
 MAXIMUM TEMPERATURE (F)   82        96      1985
 MINIMUM TEMPERATURE (F)   69        54      1967


SUNRISE AND SUNSET
SEPTEMBER  4 2015.....SUNRISE   638 AM EDT   SUNSET   729 PM EDT
SEPTEMBER  5 2015.....SUNRISE   639 AM EDT   SUNSET   728 PM EDT


-  INDICATES NEGATIVE NUMBERS.
R  INDICATES RECORD WAS SET OR TIED.
MM INDICATES DATA IS MISSING.
T  INDICATES TRACE AMOUNT.




$$
