000
CDUS41 KAKQ 230545
CLIORF


CLIMATE REPORT
NATIONAL WEATHER SERVICE WAKEFIELD, VA
145 AM EDT THU MAR 23 2017


...................................

...THE NORFOLK VA CLIMATE SUMMARY FOR MARCH 22 2017...

CLIMATE NORMAL PERIOD 1981 TO 2010
CLIMATE RECORD PERIOD 1871 TO 2017


WEATHER ITEM   OBSERVED TIME   RECORD YEAR NORMAL DEPARTURE LAST
                VALUE   (LST)  VALUE       VALUE  FROM      YEAR
                                                  NORMAL
..................................................................
TEMPERATURE (F)
 YESTERDAY
  MAXIMUM         53    825 AM  88    1894  60     -7       64
  MINIMUM         40   1159 PM  24    1885  42     -2       34
  AVERAGE         47                        51     -4       49

PRECIPITATION (IN)
  YESTERDAY        T             1.84 1903   0.12  -0.12     0.00
  MONTH TO DATE    2.80                      2.61   0.19     2.09
  SINCE MAR 1      2.80                      2.61   0.19     2.09
  SINCE JAN 1      7.87                      9.13  -1.26    12.96

SNOWFALL (IN)
  YESTERDAY       MM             5.0  1914   0.0   MM
  MONTH TO DATE    0.1                       0.2   -0.1
  SINCE NOV 1      5.4                       5.8   -0.4
  SINCE JUL 1      5.4                       5.8   -0.4
  SNOW DEPTH       0

DEGREE DAYS
 HEATING
  YESTERDAY       18                        14      4       16
  MONTH TO DATE  397                       378     19      245
  SINCE MAR 1    397                       378     19      245
  SINCE JUL 1   2449                      2947   -498     2161

 COOLING
  YESTERDAY        0                         0      0        0
  MONTH TO DATE    8                         0      8       11
  SINCE MAR 1      8                         0      8       11
  SINCE JAN 1     11                         1     10       11
..................................................................


WIND (MPH)
  HIGHEST WIND SPEED    26   HIGHEST WIND DIRECTION    NE (30)
  HIGHEST GUST SPEED    35   HIGHEST GUST DIRECTION     N (20)
  AVERAGE WIND SPEED    14.0


SKY COVER
  POSSIBLE SUNSHINE  MM
  AVERAGE SKY COVER 0.4


WEATHER CONDITIONS
 THE FOLLOWING WEATHER WAS RECORDED YESTERDAY.
  NO SIGNIFICANT WEATHER WAS OBSERVED.


RELATIVE HUMIDITY (PERCENT)
 HIGHEST    80          1200 AM
 LOWEST     40          1000 PM
 AVERAGE    60

..........................................................


THE NORFOLK VA CLIMATE NORMALS FOR TODAY
                         NORMAL    RECORD    YEAR
 MAXIMUM TEMPERATURE (F)   60        90      1907
 MINIMUM TEMPERATURE (F)   42        20      1888


SUNRISE AND SUNSET
MARCH 23 2017.........SUNRISE   704 AM EDT   SUNSET   720 PM EDT
MARCH 24 2017.........SUNRISE   702 AM EDT   SUNSET   720 PM EDT


-  INDICATES NEGATIVE NUMBERS.
R  INDICATES RECORD WAS SET OR TIED.
MM INDICATES DATA IS MISSING.
T  INDICATES TRACE AMOUNT.




$$
