000
CDUS41 KBOX 210544
CLIORH


CLIMATE REPORT
NATIONAL WEATHER SERVICE TAUNTON MA
137 AM EDT THU SEP 21 2017


...................................

...THE WORCESTER MA CLIMATE SUMMARY FOR SEPTEMBER 20 2017...

CLIMATE NORMAL PERIOD 1981 TO 2010
CLIMATE RECORD PERIOD 1892 TO 2017


WEATHER ITEM   OBSERVED TIME   RECORD YEAR NORMAL DEPARTURE LAST
                VALUE   (LST)  VALUE       VALUE  FROM      YEAR
                                                  NORMAL
..................................................................
TEMPERATURE (F)
 YESTERDAY
  MAXIMUM         68   1109 PM  89    1983  68      0       78
  MINIMUM         63    307 AM  29    1941  51     12       61
  AVERAGE         66                        60      6       70

PRECIPITATION (IN)
  YESTERDAY        0.13          1.94 1899   0.14  -0.01     0.00
  MONTH TO DATE    2.49                      2.45   0.04     2.42
  SINCE SEP 1      2.49                      2.45   0.04     2.42
  SINCE JAN 1     31.78                     33.81  -2.03    25.82

SNOWFALL (IN)
  YESTERDAY        0.0           0.0  2002   0.0    0.0      0.0
                                      2001
                                      2000
  MONTH TO DATE    0.0                       0.0    0.0      0.0
  SINCE SEP 1      0.0                       0.0    0.0      0.0
  SINCE JUL 1      0.0                       0.0    0.0      0.0
  SNOW DEPTH      MM

DEGREE DAYS
 HEATING
  YESTERDAY        0                         6     -6        0
  MONTH TO DATE   59                        73    -14       21
  SINCE SEP 1     59                        73    -14       21
  SINCE JUL 1    107                       112     -5       30

 COOLING
  YESTERDAY        1                         1      0        5
  MONTH TO DATE   40                        36      4       64
  SINCE SEP 1     40                        36      4       64
  SINCE JAN 1    471                       462      9      652
..................................................................


WIND (MPH)
  RESULTANT WIND SPEED  15   RESULTANT WIND DIRECTION  NE (30)
  HIGHEST WIND SPEED    22   HIGHEST WIND DIRECTION     N (10)
  HIGHEST GUST SPEED    32   HIGHEST GUST DIRECTION     N (10)
  AVERAGE WIND SPEED    14.6


SKY COVER
  POSSIBLE SUNSHINE  MM
  AVERAGE SKY COVER 1.0


WEATHER CONDITIONS
 THE FOLLOWING WEATHER WAS RECORDED YESTERDAY.
  LIGHT RAIN
  FOG
  FOG W/VISIBILITY <= 1/4 MILE


RELATIVE HUMIDITY (PERCENT)
 HIGHEST   100           100 AM
 LOWEST     76          1100 PM
 AVERAGE    88

..........................................................


THE WORCESTER MA CLIMATE NORMALS FOR TODAY
                         NORMAL    RECORD    YEAR
 MAXIMUM TEMPERATURE (F)   68        85      1965
                                             1940
                                             1895
 MINIMUM TEMPERATURE (F)   51        32      1929


SUNRISE AND SUNSET
SEPTEMBER 21 2017.....SUNRISE   634 AM EDT   SUNSET   646 PM EDT
SEPTEMBER 22 2017.....SUNRISE   635 AM EDT   SUNSET   644 PM EDT


-  INDICATES NEGATIVE NUMBERS.
R  INDICATES RECORD WAS SET OR TIED.
MM INDICATES DATA IS MISSING.
T  INDICATES TRACE AMOUNT.




$$
