000
CDUS41 KBOX 230540
CLIORH


CLIMATE REPORT
NATIONAL WEATHER SERVICE TAUNTON MA
1236 AM EST MON JAN 23 2017


...................................

...THE WORCESTER MA CLIMATE SUMMARY FOR JANUARY 22 2017...

CLIMATE NORMAL PERIOD 1981 TO 2010
CLIMATE RECORD PERIOD 1892 TO 2017


WEATHER ITEM   OBSERVED TIME   RECORD YEAR NORMAL DEPARTURE LAST
                VALUE   (LST)  VALUE       VALUE  FROM      YEAR
                                                  NORMAL
..................................................................
TEMPERATURE (F)
 YESTERDAY
  MAXIMUM         47    226 AM  59    1959  31     16       27
  MINIMUM         34   1159 PM -10    1976  17     17       13
  AVERAGE         41                        24     17       20

PRECIPITATION (IN)
  YESTERDAY        0.01          1.64 1958   0.12  -0.11     0.00
  MONTH TO DATE    2.84                      2.47   0.37     1.99
  SINCE DEC 1      6.64                      6.29   0.35     6.64
  SINCE JAN 1      2.84                      2.47   0.37     1.99

SNOWFALL (IN)
  YESTERDAY        0.0           9.8  1987   0.6   -0.6      0.0
  MONTH TO DATE    9.7                      12.2   -2.5      6.9
  SINCE DEC 1     27.2                      26.6    0.6      8.3
  SINCE JUL 1     27.2                      29.4   -2.2      8.3
  SNOW DEPTH       0

DEGREE DAYS
 HEATING
  YESTERDAY       24                        41    -17       45
  MONTH TO DATE  776                       898   -122      858
  SINCE DEC 1   1866                      2000   -134     1582
  SINCE JUL 1   3053                      3402   -349     2731

 COOLING
  YESTERDAY        0                         0      0        0
  MONTH TO DATE    0                         0      0        0
  SINCE DEC 1      0                         0      0        0
  SINCE JAN 1      0                         0      0        0
..................................................................


WIND (MPH)
  RESULTANT WIND SPEED   6   RESULTANT WIND DIRECTION  NE (30)
  HIGHEST WIND SPEED    17   HIGHEST WIND DIRECTION    NE (50)
  HIGHEST GUST SPEED    25   HIGHEST GUST DIRECTION    NE (60)
  AVERAGE WIND SPEED     9.2


SKY COVER
  POSSIBLE SUNSHINE  MM
  AVERAGE SKY COVER 0.8


WEATHER CONDITIONS
 THE FOLLOWING WEATHER WAS RECORDED YESTERDAY.
  LIGHT RAIN
  FOG
  FOG W/VISIBILITY <= 1/4 MILE


RELATIVE HUMIDITY (PERCENT)
 HIGHEST   100           700 PM
 LOWEST     76           200 AM
 AVERAGE    88

..........................................................


THE WORCESTER MA CLIMATE NORMALS FOR TODAY
                         NORMAL    RECORD    YEAR
 MAXIMUM TEMPERATURE (F)   31        60      1906
 MINIMUM TEMPERATURE (F)   17       -13      1976


SUNRISE AND SUNSET
JANUARY 23 2017.......SUNRISE   709 AM EST   SUNSET   451 PM EST
JANUARY 24 2017.......SUNRISE   708 AM EST   SUNSET   452 PM EST


-  INDICATES NEGATIVE NUMBERS.
R  INDICATES RECORD WAS SET OR TIED.
MM INDICATES DATA IS MISSING.
T  INDICATES TRACE AMOUNT.




$$
