000
CDUS41 KBOX 010548
CLIORH


CLIMATE REPORT
NATIONAL WEATHER SERVICE TAUNTON MA
145 AM EDT SAT AUG 1 2015


...................................

...THE WORCESTER MA CLIMATE SUMMARY FOR JULY 31 2015...

CLIMATE NORMAL PERIOD 1981 TO 2010
CLIMATE RECORD PERIOD 1892 TO 2015


WEATHER ITEM   OBSERVED TIME   RECORD YEAR NORMAL DEPARTURE LAST
                VALUE   (LST)  VALUE       VALUE  FROM      YEAR
                                                  NORMAL
..................................................................
TEMPERATURE (F)
 YESTERDAY
  MAXIMUM         82    218 PM  95    1917  79      3       77
  MINIMUM         65   1159 PM  45    1932  62      3       56
  AVERAGE         74                        71      3       67

PRECIPITATION (IN)
  YESTERDAY        0.00          3.87 1985   0.15  -0.15     0.00
  MONTH TO DATE    2.86                      4.23  -1.37     6.28
  SINCE JUN 1      9.21                      8.42   0.79     7.84
  SINCE JAN 1     23.51                     27.65  -4.14    29.03

SNOWFALL (IN)
  YESTERDAY        0.0           T    1934   0.0    0.0      0.0
  MONTH TO DATE    0.0                       0.0    0.0      0.0
  SINCE JUN 1      0.0                       0.0    0.0      0.0
  SINCE JUL 1      0.0                       0.0    0.0      0.0
  SNOW DEPTH       0

DEGREE DAYS
 HEATING
  YESTERDAY        0                         0      0        0
  MONTH TO DATE    1                         9     -8        0
  SINCE JUN 1     95                        97     -2       45
  SINCE JUL 1      1                        14    -13        0

 COOLING
  YESTERDAY        9                         6      3        2
  MONTH TO DATE  223                       175     48      174
  SINCE JUN 1    307                       259     48      258
  SINCE JAN 1    373                       281     92      266
..................................................................


WIND (MPH)
  RESULTANT WIND SPEED  10   RESULTANT WIND DIRECTION   W (270)
  HIGHEST WIND SPEED    21   HIGHEST WIND DIRECTION     W (270)
  HIGHEST GUST SPEED    28   HIGHEST GUST DIRECTION     W (250)
  AVERAGE WIND SPEED    10.3


SKY COVER
  POSSIBLE SUNSHINE  MM
  AVERAGE SKY COVER 0.0


WEATHER CONDITIONS
 THE FOLLOWING WEATHER WAS RECORDED YESTERDAY.
  FOG
  HAZE


RELATIVE HUMIDITY (PERCENT)
 HIGHEST    93           100 AM
 LOWEST     36           400 PM
 AVERAGE    65

..........................................................


THE WORCESTER MA CLIMATE NORMALS FOR TODAY
                         NORMAL    RECORD    YEAR
 MAXIMUM TEMPERATURE (F)   79        96      1933
                                             1917
 MINIMUM TEMPERATURE (F)   62        50      1936


SUNRISE AND SUNSET
AUGUST  1 2015........SUNRISE   540 AM EDT   SUNSET   807 PM EDT
AUGUST  2 2015........SUNRISE   541 AM EDT   SUNSET   806 PM EDT


-  INDICATES NEGATIVE NUMBERS.
R  INDICATES RECORD WAS SET OR TIED.
MM INDICATES DATA IS MISSING.
T  INDICATES TRACE AMOUNT.




$$
