000
CDUS41 KBOX 252132
CLIORH


CLIMATE REPORT
NATIONAL WEATHER SERVICE TAUNTON MA
429 PM EST TUE NOV 25 2014


...................................

...THE WORCESTER MA CLIMATE SUMMARY FOR NOVEMBER 25 2014...
VALID AS OF 0400 PM LOCAL TIME.

CLIMATE NORMAL PERIOD 1981 TO 2010
CLIMATE RECORD PERIOD 1892 TO 2014


WEATHER ITEM   OBSERVED TIME   RECORD YEAR NORMAL DEPARTURE LAST
                VALUE   (LST)  VALUE       VALUE  FROM      YEAR
                                                  NORMAL
..................................................................
TEMPERATURE (F)
 TODAY
  MAXIMUM         61    211 AM  67    1979  44     17       29
  MINIMUM         49    359 PM   9    1936  30     19       13
  AVERAGE         55                        37     18       21

PRECIPITATION (IN)
  TODAY            0.00          2.13 1983   0.15  -0.15     0.00
  MONTH TO DATE    3.01                      3.58  -0.57     0.88
  SINCE SEP 1     12.10                     12.19  -0.09     5.54
  SINCE JAN 1     47.13                     43.55   3.58    38.56

SNOWFALL (IN)
  TODAY            0.0          14.8  1971   0.1   -0.1      0.0
  MONTH TO DATE    0.8                       1.7   -0.9      0.5
  SINCE SEP 1      0.8                       1.9   -1.1      0.5
  SINCE JUL 1      0.8                       1.9   -1.1      0.5
  SNOW DEPTH       0

DEGREE DAYS
 HEATING
  TODAY           10                        28    -18       44
  MONTH TO DATE  631                       595     36      638
  SINCE SEP 1   1177                      1217    -40     1217
  SINCE JUL 1   1197                      1256    -59     1236

 COOLING
  TODAY            0                         0      0        0
  MONTH TO DATE    0                         0      0        0
  SINCE SEP 1     64                        45     19       41
  SINCE JAN 1    426                       471    -45      572
..................................................................


WIND (MPH)
  HIGHEST WIND SPEED    25   HIGHEST WIND DIRECTION     W (250)
  HIGHEST GUST SPEED    32   HIGHEST GUST DIRECTION     W (250)
  AVERAGE WIND SPEED    16.0


SKY COVER
  POSSIBLE SUNSHINE  MM
  AVERAGE SKY COVER 0.0


WEATHER CONDITIONS
 THE FOLLOWING WEATHER WAS RECORDED TODAY.
  NO SIGNIFICANT WEATHER WAS OBSERVED.


RELATIVE HUMIDITY (PERCENT)
 HIGHEST    93           600 AM
 LOWEST     35           200 PM
 AVERAGE    64

..........................................................


THE WORCESTER MA CLIMATE NORMALS FOR TOMORROW
                         NORMAL    RECORD    YEAR
 MAXIMUM TEMPERATURE (F)   44        64      1895
 MINIMUM TEMPERATURE (F)   30         3      1938


SUNRISE AND SUNSET
NOVEMBER 25 2014......SUNRISE   650 AM EST   SUNSET   419 PM EST
NOVEMBER 26 2014......SUNRISE   651 AM EST   SUNSET   418 PM EST


-  INDICATES NEGATIVE NUMBERS.
R  INDICATES RECORD WAS SET OR TIED.
MM INDICATES DATA IS MISSING.
T  INDICATES TRACE AMOUNT.




$$
