563
CDUS41 KBOX 200554
CLIORH


CLIMATE REPORT
NATIONAL WEATHER SERVICE TAUNTON MA
1244 AM EST MON NOV 20 2017


...................................

...THE WORCESTER MA CLIMATE SUMMARY FOR NOVEMBER 19 2017...

CLIMATE NORMAL PERIOD 1981 TO 2010
CLIMATE RECORD PERIOD 1892 TO 2017


WEATHER ITEM   OBSERVED TIME   RECORD YEAR NORMAL DEPARTURE LAST
                VALUE   (LST)  VALUE       VALUE  FROM      YEAR
                                                  NORMAL
..................................................................
TEMPERATURE (F)
 YESTERDAY
  MAXIMUM         55    915 AM  74    1941  46      9       58
  MINIMUM         32   1159 PM   9    1924  32      0       43
  AVERAGE         44                        39      5       51

PRECIPITATION (IN)
  YESTERDAY        0.43          1.30 1898   0.15   0.28      T
  MONTH TO DATE    1.33                      2.70  -1.37     1.37
  SINCE SEP 1     12.67                     11.31   1.36    11.21
  SINCE JAN 1     41.96                     42.67  -0.71    34.61

SNOWFALL (IN)
  YESTERDAY        0.0           6.6  1986   0.1   -0.1      0.0
  MONTH TO DATE    T                         1.0   -1.0      0.0
  SINCE SEP 1      T                         1.2   -1.2       T
  SINCE JUL 1      T                         1.2   -1.2       T
  SNOW DEPTH      MM

DEGREE DAYS
 HEATING
  YESTERDAY       21                        26     -5       14
  MONTH TO DATE  462                       433     29      360
  SINCE SEP 1    783                      1055   -272      865
  SINCE JUL 1    831                      1094   -263      874

 COOLING
  YESTERDAY        0                         0      0        0
  MONTH TO DATE    0                         0      0        0
  SINCE SEP 1    102                        45     57       75
  SINCE JAN 1    533                       471     62      663
..................................................................


WIND (MPH)
  RESULTANT WIND SPEED  15   RESULTANT WIND DIRECTION   W (250)
  HIGHEST WIND SPEED    41   HIGHEST WIND DIRECTION     W (270)
  HIGHEST GUST SPEED    58   HIGHEST GUST DIRECTION     W (270)
  AVERAGE WIND SPEED    18.7


SKY COVER
  POSSIBLE SUNSHINE  MM
  AVERAGE SKY COVER 0.7


WEATHER CONDITIONS
 THE FOLLOWING WEATHER WAS RECORDED YESTERDAY.
  HEAVY RAIN
  RAIN
  LIGHT RAIN
  FOG


RELATIVE HUMIDITY (PERCENT)
 HIGHEST    93           500 AM
 LOWEST     54           300 PM
 AVERAGE    74

..........................................................


THE WORCESTER MA CLIMATE NORMALS FOR TODAY
                         NORMAL    RECORD    YEAR
 MAXIMUM TEMPERATURE (F)   46        70      1991
                                             1985
                                             1953
 MINIMUM TEMPERATURE (F)   32        14      1986


SUNRISE AND SUNSET
NOVEMBER 20 2017......SUNRISE   644 AM EST   SUNSET   422 PM EST
NOVEMBER 21 2017......SUNRISE   646 AM EST   SUNSET   421 PM EST


-  INDICATES NEGATIVE NUMBERS.
R  INDICATES RECORD WAS SET OR TIED.
MM INDICATES DATA IS MISSING.
T  INDICATES TRACE AMOUNT.




$$
