000
CDUS41 KBOX 180543
CLIORH


CLIMATE REPORT
NATIONAL WEATHER SERVICE TAUNTON MA
1240 AM EST THU DEC 18 2014


...................................

...THE WORCESTER MA CLIMATE SUMMARY FOR DECEMBER 17 2014...

CLIMATE NORMAL PERIOD 1981 TO 2010
CLIMATE RECORD PERIOD 1892 TO 2014


WEATHER ITEM   OBSERVED TIME   RECORD YEAR NORMAL DEPARTURE LAST
                VALUE   (LST)  VALUE       VALUE  FROM      YEAR
                                                  NORMAL
..................................................................
TEMPERATURE (F)
 YESTERDAY
  MAXIMUM         44    253 PM  60    2000  36      8       18
  MINIMUM         35   1159 PM -16    1942  22     13        5
  AVERAGE         40                        29     11       12

PRECIPITATION (IN)
  YESTERDAY        0.37          1.72 2000   0.12   0.25     0.44
  MONTH TO DATE    4.03                      2.21   1.82     2.56
  SINCE DEC 1      4.03                      2.21   1.82     2.56
  SINCE JAN 1     52.71                     46.46   6.25    43.86

SNOWFALL (IN)
  YESTERDAY        0.0           9.9  1970   0.5   -0.5      6.6
  MONTH TO DATE    1.3                       6.9   -5.6     18.1
  SINCE DEC 1      1.3                       6.9   -5.6     18.1
  SINCE JUL 1      8.5                       9.7   -1.2     18.6
  SNOW DEPTH      MM

DEGREE DAYS
 HEATING
  YESTERDAY       25                        36    -11       53
  MONTH TO DATE  521                       565    -44      659
  SINCE DEC 1    521                       565    -44      659
  SINCE JUL 1   1899                      1967    -68     2071

 COOLING
  YESTERDAY        0                         0      0        0
  MONTH TO DATE    0                         0      0        0
  SINCE DEC 1      0                         0      0        0
  SINCE JAN 1    426                       471    -45      572
..................................................................


WIND (MPH)
  RESULTANT WIND SPEED  10   RESULTANT WIND DIRECTION  NW (300)
  HIGHEST WIND SPEED    22   HIGHEST WIND DIRECTION     W (290)
  HIGHEST GUST SPEED    30   HIGHEST GUST DIRECTION     W (270)
  AVERAGE WIND SPEED    12.4


SKY COVER
  POSSIBLE SUNSHINE  MM
  AVERAGE SKY COVER 1.0


WEATHER CONDITIONS
 THE FOLLOWING WEATHER WAS RECORDED YESTERDAY.
  RAIN
  LIGHT RAIN
  FOG
  FOG W/VISIBILITY <= 1/4 MILE


RELATIVE HUMIDITY (PERCENT)
 HIGHEST   100          1200 AM
 LOWEST     79           600 PM
 AVERAGE    90

..........................................................


THE WORCESTER MA CLIMATE NORMALS FOR TODAY
                         NORMAL    RECORD    YEAR
 MAXIMUM TEMPERATURE (F)   35        57      1928
 MINIMUM TEMPERATURE (F)   22       -11      1919


SUNRISE AND SUNSET
DECEMBER 18 2014......SUNRISE   711 AM EST   SUNSET   417 PM EST
DECEMBER 19 2014......SUNRISE   712 AM EST   SUNSET   417 PM EST


-  INDICATES NEGATIVE NUMBERS.
R  INDICATES RECORD WAS SET OR TIED.
MM INDICATES DATA IS MISSING.
T  INDICATES TRACE AMOUNT.




$$
