000
CDUS41 KBOX 230548
CLIORH


CLIMATE REPORT
NATIONAL WEATHER SERVICE TAUNTON MA
1247 AM EST TUE JAN 23 2018


...................................

...THE WORCESTER MA CLIMATE SUMMARY FOR JANUARY 22 2018...

CLIMATE NORMAL PERIOD 1981 TO 2010
CLIMATE RECORD PERIOD 1892 TO 2018


WEATHER ITEM   OBSERVED TIME   RECORD YEAR NORMAL DEPARTURE LAST
                VALUE   (LST)  VALUE       VALUE  FROM      YEAR
                                                  NORMAL
..................................................................
TEMPERATURE (F)
 YESTERDAY
  MAXIMUM         37    118 AM  59    1959  31      6       47
  MINIMUM         30   1159 PM -10    1976  17     13       34
  AVERAGE         34                        24     10       41

PRECIPITATION (IN)
  YESTERDAY        0.17          1.64 1958   0.12   0.05     0.01
  MONTH TO DATE    2.54                      2.47   0.07     2.84
  SINCE DEC 1      5.39                      6.29  -0.90     6.64
  SINCE JAN 1      2.54                      2.47   0.07     2.84

SNOWFALL (IN)
  YESTERDAY        0.0           9.8  1987   0.6   -0.6      0.0
  MONTH TO DATE   21.1                      12.2    8.9      9.7
  SINCE DEC 1     34.5                      26.6    7.9     27.2
  SINCE JUL 1     34.5                      29.4    5.1     27.2
  SNOW DEPTH       0

DEGREE DAYS
 HEATING
  YESTERDAY       31                        41    -10       24
  MONTH TO DATE  940                       898     42      776
  SINCE DEC 1   2170                      2000    170     1866
  SINCE JUL 1   3306                      3402    -96     3053

 COOLING
  YESTERDAY        0                         0      0        0
  MONTH TO DATE    0                         0      0        0
  SINCE DEC 1      0                         0      0        0
  SINCE JAN 1      0                         0      0        0
..................................................................


WIND (MPH)
  RESULTANT WIND SPEED   4   RESULTANT WIND DIRECTION  NE (50)
  HIGHEST WIND SPEED    13   HIGHEST WIND DIRECTION    NE (50)
  HIGHEST GUST SPEED    18   HIGHEST GUST DIRECTION    NE (50)
  AVERAGE WIND SPEED     5.9


SKY COVER
  POSSIBLE SUNSHINE  MM
  AVERAGE SKY COVER 1.0


WEATHER CONDITIONS
 THE FOLLOWING WEATHER WAS RECORDED YESTERDAY.
  LIGHT RAIN
  FREEZING RAIN
  LT FREEZING RAIN
  FOG
  FOG W/VISIBILITY <= 1/4 MILE


RELATIVE HUMIDITY (PERCENT)
 HIGHEST    96           900 AM
 LOWEST     64           100 AM
 AVERAGE    80

..........................................................


THE WORCESTER MA CLIMATE NORMALS FOR TODAY
                         NORMAL    RECORD    YEAR
 MAXIMUM TEMPERATURE (F)   31        60      1906
 MINIMUM TEMPERATURE (F)   17       -13      1976


SUNRISE AND SUNSET
JANUARY 23 2018.......SUNRISE   709 AM EST   SUNSET   450 PM EST
JANUARY 24 2018.......SUNRISE   708 AM EST   SUNSET   451 PM EST


-  INDICATES NEGATIVE NUMBERS.
R  INDICATES RECORD WAS SET OR TIED.
MM INDICATES DATA IS MISSING.
T  INDICATES TRACE AMOUNT.




$$
