000
CDUS41 KBOX 270550
CLIORH


CLIMATE REPORT
NATIONAL WEATHER SERVICE TAUNTON MA
1249 AM EST FRI FEB 27 2015


...................................

...THE WORCESTER MA CLIMATE SUMMARY FOR FEBRUARY 26 2015...

CLIMATE NORMAL PERIOD 1981 TO 2010
CLIMATE RECORD PERIOD 1892 TO 2015


WEATHER ITEM   OBSERVED TIME   RECORD YEAR NORMAL DEPARTURE LAST
                VALUE   (LST)  VALUE       VALUE  FROM      YEAR
                                                  NORMAL
..................................................................
TEMPERATURE (F)
 YESTERDAY
  MAXIMUM         22    349 PM  63    1957  37    -15       24
  MINIMUM         13   1109 AM  -6    1928  22     -9        6
  AVERAGE         18                        29    -11       15

PRECIPITATION (IN)
  YESTERDAY        0.01          1.39 1960   0.13  -0.12      T
  MONTH TO DATE    3.28                      2.98   0.30     4.06
  SINCE DEC 1     13.21                     10.29   2.92    11.59
  SINCE JAN 1      8.31                      6.47   1.84     7.16

SNOWFALL (IN)
  YESTERDAY        0.1           9.1  1933   0.5   -0.4       T
  MONTH TO DATE   53.4                      14.6   38.8     41.2
  SINCE DEC 1    101.4                      46.1   55.3     80.1
  SINCE JUL 1    108.6                      48.9   59.7     80.6
  SNOW DEPTH      MM

DEGREE DAYS
 HEATING
  YESTERDAY       47                        36     11       50
  MONTH TO DATE 1316                       993    323     1060
  SINCE DEC 1   3638                      3364    274     3537
  SINCE JUL 1   5016                      4766    250     4949

 COOLING
  YESTERDAY        0                         0      0        0
  MONTH TO DATE    0                         0      0        0
  SINCE DEC 1      0                         0      0        0
  SINCE JAN 1      0                         0      0        0
..................................................................


WIND (MPH)
  RESULTANT WIND SPEED   5   RESULTANT WIND DIRECTION   N (360)
  HIGHEST WIND SPEED    20   HIGHEST WIND DIRECTION     W (290)
  HIGHEST GUST SPEED    24   HIGHEST GUST DIRECTION    NW (300)
  AVERAGE WIND SPEED     6.4


SKY COVER
  POSSIBLE SUNSHINE  MM
  AVERAGE SKY COVER 0.7


WEATHER CONDITIONS
 THE FOLLOWING WEATHER WAS RECORDED YESTERDAY.
  LIGHT SNOW


RELATIVE HUMIDITY (PERCENT)
 HIGHEST    67           500 PM
 LOWEST     43          1000 PM
 AVERAGE    55

..........................................................


THE WORCESTER MA CLIMATE NORMALS FOR TODAY
                         NORMAL    RECORD    YEAR
 MAXIMUM TEMPERATURE (F)   38        60      1997
 MINIMUM TEMPERATURE (F)   22        -8      1900


SUNRISE AND SUNSET
FEBRUARY 27 2015......SUNRISE   626 AM EST   SUNSET   535 PM EST
FEBRUARY 28 2015......SUNRISE   625 AM EST   SUNSET   536 PM EST


-  INDICATES NEGATIVE NUMBERS.
R  INDICATES RECORD WAS SET OR TIED.
MM INDICATES DATA IS MISSING.
T  INDICATES TRACE AMOUNT.




$$
