883
CDUS41 KBOX 292134
CLIORH


CLIMATE REPORT
NATIONAL WEATHER SERVICE TAUNTON MA
532 PM EDT WED MAR 29 2017


...................................

...THE WORCESTER MA CLIMATE SUMMARY FOR MARCH 29 2017...
VALID AS OF 0500 PM LOCAL TIME.

CLIMATE NORMAL PERIOD 1981 TO 2010
CLIMATE RECORD PERIOD 1892 TO 2017


WEATHER ITEM   OBSERVED TIME   RECORD YEAR NORMAL DEPARTURE LAST
                VALUE   (LST)  VALUE       VALUE  FROM      YEAR
                                                  NORMAL
..................................................................
TEMPERATURE (F)
 TODAY
  MAXIMUM         45    225 PM  84    1946  48     -3       46
                                      1945
  MINIMUM         34    319 AM   0    1923  31      3       32
  AVERAGE         40                        39      1       39

PRECIPITATION (IN)
  TODAY            T             1.67 2010   0.14  -0.14     0.00
  MONTH TO DATE    3.02                      3.92  -0.90     3.49
  SINCE MAR 1      3.02                      3.92  -0.90     3.49
  SINCE JAN 1      9.37                     10.64  -1.27    10.88

SNOWFALL (IN)
  TODAY            0.0          14.9  1984   0.3   -0.3      0.0
  MONTH TO DATE   16.1                      11.0    5.1      5.5
  SINCE MAR 1     16.1                      11.0    5.1      5.5
  SINCE JUL 1     73.9                      60.9   13.0     37.2
  SNOW DEPTH      MM

DEGREE DAYS
 HEATING
  TODAY           25                        26     -1       26
  MONTH TO DATE 1020                       888    132      733
  SINCE MAR 1   1020                       888    132      733
  SINCE JUL 1   5297                      5725   -428     4792

 COOLING
  TODAY            0                         0      0        0
  MONTH TO DATE    0                         0      0        0
  SINCE MAR 1      0                         0      0        0
  SINCE JAN 1      0                         0      0        0
..................................................................


WIND (MPH)
  HIGHEST WIND SPEED    24   HIGHEST WIND DIRECTION    NW (320)
  HIGHEST GUST SPEED    32   HIGHEST GUST DIRECTION    NW (320)
  AVERAGE WIND SPEED    11.9


SKY COVER
  POSSIBLE SUNSHINE  MM
  AVERAGE SKY COVER 1.0


WEATHER CONDITIONS
 THE FOLLOWING WEATHER WAS RECORDED TODAY.
  LIGHT RAIN
  FOG
  FOG W/VISIBILITY <= 1/4 MILE


RELATIVE HUMIDITY (PERCENT)
 HIGHEST   100          1200 AM
 LOWEST     49           100 PM
 AVERAGE    75

..........................................................


THE WORCESTER MA CLIMATE NORMALS FOR TOMORROW
                         NORMAL    RECORD    YEAR
 MAXIMUM TEMPERATURE (F)   48        80      1977
 MINIMUM TEMPERATURE (F)   31        14      1970


SUNRISE AND SUNSET
MARCH 29 2017.........SUNRISE   635 AM EDT   SUNSET   710 PM EDT
MARCH 30 2017.........SUNRISE   633 AM EDT   SUNSET   711 PM EDT


-  INDICATES NEGATIVE NUMBERS.
R  INDICATES RECORD WAS SET OR TIED.
MM INDICATES DATA IS MISSING.
T  INDICATES TRACE AMOUNT.




$$
