000
CDUS41 KBOX 300543
CLIORH


CLIMATE REPORT
NATIONAL WEATHER SERVICE TAUNTON MA
142 AM EDT TUE MAY 30 2017


...................................

...THE WORCESTER MA CLIMATE SUMMARY FOR MAY 29 2017...

CLIMATE NORMAL PERIOD 1981 TO 2010
CLIMATE RECORD PERIOD 1892 TO 2017


WEATHER ITEM   OBSERVED TIME   RECORD YEAR NORMAL DEPARTURE LAST
                VALUE   (LST)  VALUE       VALUE  FROM      YEAR
                                                  NORMAL
..................................................................
TEMPERATURE (F)
 YESTERDAY
  MAXIMUM         52   1207 AM  91    1931  70    -18       72
  MINIMUM         46   1159 PM  33    1900  51     -5       53
  AVERAGE         49                        60    -11       63

PRECIPITATION (IN)
  YESTERDAY        0.10          2.23 1984   0.15  -0.05     0.00
  MONTH TO DATE    5.48                      3.89   1.59     1.96
  SINCE MAR 1     14.24                     12.21   2.03     8.08
  SINCE JAN 1     20.59                     18.93   1.66    15.47

SNOWFALL (IN)
  YESTERDAY        0.0           0.0  2002   0.0    0.0      0.0
                                      2001
                                      2000
  MONTH TO DATE    0.0                       0.0    0.0      0.0
  SINCE MAR 1     20.5                      14.2    6.3     15.5
  SINCE JUL 1     78.3                      64.1   14.2     47.2
  SNOW DEPTH      MM

DEGREE DAYS
 HEATING
  YESTERDAY       16                         6     10        2
  MONTH TO DATE  348                       275     73      279
  SINCE MAR 1   1891                      1785    106     1651
  SINCE JUL 1   6168                      6622   -454     5710

 COOLING
  YESTERDAY        0                         1     -1        0
  MONTH TO DATE   26                        14     12       30
  SINCE MAR 1     36                        17     19       34
  SINCE JAN 1     36                        17     19       34
..................................................................


WIND (MPH)
  RESULTANT WIND SPEED   6   RESULTANT WIND DIRECTION   E (80)
  HIGHEST WIND SPEED    13   HIGHEST WIND DIRECTION     E (70)
  HIGHEST GUST SPEED    19   HIGHEST GUST DIRECTION     E (80)
  AVERAGE WIND SPEED     6.5


SKY COVER
  POSSIBLE SUNSHINE  MM
  AVERAGE SKY COVER 0.8


WEATHER CONDITIONS
 THE FOLLOWING WEATHER WAS RECORDED YESTERDAY.
  RAIN
  LIGHT RAIN
  FOG
  FOG W/VISIBILITY <= 1/4 MILE


RELATIVE HUMIDITY (PERCENT)
 HIGHEST   100           900 PM
 LOWEST     77          1200 AM
 AVERAGE    89

..........................................................


THE WORCESTER MA CLIMATE NORMALS FOR TODAY
                         NORMAL    RECORD    YEAR
 MAXIMUM TEMPERATURE (F)   70        91      1929
 MINIMUM TEMPERATURE (F)   51        36      1961
                                             1946
                                             1940


SUNRISE AND SUNSET
MAY 30 2017...........SUNRISE   514 AM EDT   SUNSET   816 PM EDT
MAY 31 2017...........SUNRISE   514 AM EDT   SUNSET   817 PM EDT


-  INDICATES NEGATIVE NUMBERS.
R  INDICATES RECORD WAS SET OR TIED.
MM INDICATES DATA IS MISSING.
T  INDICATES TRACE AMOUNT.




$$
