000
CDUS46 KMFR 250838
CLIOTH


CLIMATE REPORT
NATIONAL WEATHER SERVICE MEDFORD, OR
1238 AM PST SUN FEB 25 2018


...................................

...THE NORTH BEND OR CLIMATE SUMMARY FOR FEBRUARY 24 2018...

CLIMATE NORMAL PERIOD 1981 TO 2010
CLIMATE RECORD PERIOD 1902 TO 2018


WEATHER ITEM   OBSERVED TIME   RECORD YEAR NORMAL DEPARTURE LAST
                VALUE   (LST)  VALUE       VALUE  FROM      YEAR
                                                  NORMAL
..................................................................
TEMPERATURE (F)
 YESTERDAY
  MAXIMUM         50        MM  71    1991  53     -3       43
  MINIMUM         40        MM  23    1920  41     -1       34
  AVERAGE         45                        47     -2       39

PRECIPITATION (IN)
  YESTERDAY        0.35        655.34 2013   0.28   0.07     0.48
  MONTH TO DATE    2.84                      6.49  -3.65    13.65
  SINCE OCT 1     29.57                     42.77 -13.20    56.68
  SINCE JAN 1     10.67                     16.68  -6.01    22.53

SNOWFALL (IN)
  YESTERDAY       MM
  SNOW DEPTH      MM

DEGREE DAYS
 HEATING
  YESTERDAY       20                        18      2       26
  MONTH TO DATE  464                       449     15      392
  SINCE DEC 1   1443                      1652   -209     1694
  SINCE JUL 1   2598                      3104   -506     2690

 COOLING
  YESTERDAY        0                         0      0        0
  MONTH TO DATE    0                         0      0        0
  SINCE DEC 1      0                         0      0        0
  SINCE JAN 1      0                         0      0        0
..................................................................


WIND (MPH)
  HIGHEST WIND SPEED    25   HIGHEST WIND DIRECTION    NW (310)
  HIGHEST GUST SPEED    36   HIGHEST GUST DIRECTION    NW (310)
  AVERAGE WIND SPEED    10.5


SKY COVER
  POSSIBLE SUNSHINE  MM
  AVERAGE SKY COVER 0.9


WEATHER CONDITIONS
 THE FOLLOWING WEATHER WAS RECORDED YESTERDAY.
  HEAVY RAIN
  RAIN
  LIGHT RAIN
  FOG


RELATIVE HUMIDITY (PERCENT)
 HIGHEST    96           100 AM
 LOWEST     56           200 PM

..........................................................


THE NORTH BEND OR CLIMATE NORMALS FOR TODAY
                         NORMAL    RECORD    YEAR
 MAXIMUM TEMPERATURE (F)   53        82      1992
 MINIMUM TEMPERATURE (F)   41        24      1920


SUNRISE AND SUNSET
FEBRUARY 25 2018......SUNRISE   700 AM PST   SUNSET   601 PM PST
FEBRUARY 26 2018......SUNRISE   658 AM PST   SUNSET   602 PM PST


-  INDICATES NEGATIVE NUMBERS.
R  INDICATES RECORD WAS SET OR TIED.
MM INDICATES DATA IS MISSING.
T  INDICATES TRACE AMOUNT.




$$
