000
CDUS46 KMFR 290837
CLIOTH


CLIMATE REPORT
NATIONAL WEATHER SERVICE MEDFORD, OR
136 AM PDT SAT AUG 29 2015


...................................

...THE NORTH BEND OR CLIMATE SUMMARY FOR AUGUST 28 2015...

CLIMATE NORMAL PERIOD 1981 TO 2010
CLIMATE RECORD PERIOD 1902 TO 2015


WEATHER ITEM   OBSERVED TIME   RECORD YEAR NORMAL DEPARTURE LAST
                VALUE   (LST)  VALUE       VALUE  FROM      YEAR
                                                  NORMAL
..................................................................
TEMPERATURE (F)
 YESTERDAY
  MAXIMUM         73        MM  78    1921  66      7       68
  MINIMUM         61        MM  38    1902  52      9       54
  AVERAGE         67                        59      8       61

PRECIPITATION (IN)
  YESTERDAY        0.01          0.68 1953   0.03  -0.02     0.00
  MONTH TO DATE    0.20                      0.53  -0.33     0.01
  SINCE OCT 1     42.74                     63.24 -20.50    28.06
  SINCE JAN 1     19.44                     37.15 -17.71    22.44

SNOWFALL (IN)
  YESTERDAY       MM
  SNOW DEPTH      MM

DEGREE DAYS
 HEATING
  YESTERDAY        0                         6     -6        4
  MONTH TO DATE   97                       168    -71      116
  SINCE JUN 1    401                       632   -231      459
  SINCE JUL 1    177                       365   -188      262

 COOLING
  YESTERDAY        2                         0      2        0
  MONTH TO DATE    7                         0      7        0
  SINCE JUN 1     11                         0     11        0
  SINCE JAN 1     11                         0     11       12
..................................................................


WIND (MPH)
  HIGHEST WIND SPEED    12   HIGHEST WIND DIRECTION     N (360)
  HIGHEST GUST SPEED    MM   HIGHEST GUST DIRECTION    MM
  AVERAGE WIND SPEED     3.1


SKY COVER
  POSSIBLE SUNSHINE  MM
  AVERAGE SKY COVER  MM


WEATHER CONDITIONS
 THE FOLLOWING WEATHER WAS RECORDED YESTERDAY.
  NO SIGNIFICANT WEATHER WAS OBSERVED.


RELATIVE HUMIDITY (PERCENT)
 HIGHEST    MM
 LOWEST     MM

..........................................................


THE NORTH BEND OR CLIMATE NORMALS FOR TODAY
                         NORMAL    RECORD    YEAR
 MAXIMUM TEMPERATURE (F)   66        83      1944
 MINIMUM TEMPERATURE (F)   52        40      1902


SUNRISE AND SUNSET
AUGUST 29 2015........SUNRISE   637 AM PDT   SUNSET   758 PM PDT
AUGUST 30 2015........SUNRISE   639 AM PDT   SUNSET   756 PM PDT


-  INDICATES NEGATIVE NUMBERS.
R  INDICATES RECORD WAS SET OR TIED.
MM INDICATES DATA IS MISSING.
T  INDICATES TRACE AMOUNT.




$$
