000
CDUS46 KMFR 300835
CLIOTH


CLIMATE REPORT
NATIONAL WEATHER SERVICE MEDFORD, OR
135 AM PDT MON MAY 30 2016


...................................

...THE NORTH BEND OR CLIMATE SUMMARY FOR MAY 29 2016...

CLIMATE NORMAL PERIOD 1981 TO 2010
CLIMATE RECORD PERIOD 1902 TO 2016


WEATHER ITEM   OBSERVED TIME   RECORD YEAR NORMAL DEPARTURE LAST
                VALUE   (LST)  VALUE       VALUE  FROM      YEAR
                                                  NORMAL
..................................................................
TEMPERATURE (F)
 YESTERDAY
  MAXIMUM         64        MM  78    1931  60      4       61
  MINIMUM         52   1100 PM  35    1927  49      3       52
                                      1979
  AVERAGE         58                        54      4       57

PRECIPITATION (IN)
  YESTERDAY        0.00          0.41 1967   0.11  -0.11     0.00
  MONTH TO DATE    0.61                      3.19  -2.58     0.09
  SINCE OCT 1     56.17                     60.06  -3.89    42.03
  SINCE JAN 1     30.54                     33.97  -3.43    18.73

SNOWFALL (IN)
  YESTERDAY       MM
  SNOW DEPTH      MM

DEGREE DAYS
 HEATING
  YESTERDAY        7                        11     -4        8
  MONTH TO DATE  242                       354   -112      275
  SINCE MAR 1    975                      1366   -391     1128
  SINCE JUL 1   3300                      4540  -1240     3232

 COOLING
  YESTERDAY        0                         0      0        0
  MONTH TO DATE    0                         0      0        0
  SINCE MAR 1      6                         0      6        0
  SINCE JAN 1      8                         0      8        0
..................................................................


WIND (MPH)
  HIGHEST WIND SPEED    20   HIGHEST WIND DIRECTION     N (360)
  HIGHEST GUST SPEED    27   HIGHEST GUST DIRECTION     N (360)
  AVERAGE WIND SPEED    10.8


SKY COVER
  POSSIBLE SUNSHINE  MM
  AVERAGE SKY COVER 0.5


WEATHER CONDITIONS
 THE FOLLOWING WEATHER WAS RECORDED YESTERDAY.
  NO SIGNIFICANT WEATHER WAS OBSERVED.


RELATIVE HUMIDITY (PERCENT)
 HIGHEST   100           200 AM
 LOWEST     65           100 PM

..........................................................


THE NORTH BEND OR CLIMATE NORMALS FOR TODAY
                         NORMAL    RECORD    YEAR
 MAXIMUM TEMPERATURE (F)   60        81      1924
 MINIMUM TEMPERATURE (F)   49        26      1912


SUNRISE AND SUNSET
MAY 30 2016...........SUNRISE   540 AM PDT   SUNSET   850 PM PDT
MAY 31 2016...........SUNRISE   539 AM PDT   SUNSET   851 PM PDT


-  INDICATES NEGATIVE NUMBERS.
R  INDICATES RECORD WAS SET OR TIED.
MM INDICATES DATA IS MISSING.
T  INDICATES TRACE AMOUNT.




$$
