000
CDUS46 KMFR 281751
CLIOTH


CLIMATE REPORT
NATIONAL WEATHER SERVICE MEDFORD, OR
1050 AM PDT TUE JUL 28 2015


...................................

...THE NORTH BEND OR CLIMATE SUMMARY FOR JULY 27 2015...

CLIMATE NORMAL PERIOD 1981 TO 2010
CLIMATE RECORD PERIOD 1902 TO 2015


WEATHER ITEM   OBSERVED TIME   RECORD YEAR NORMAL DEPARTURE LAST
                VALUE   (LST)  VALUE       VALUE  FROM      YEAR
                                                  NORMAL
..................................................................
TEMPERATURE (F)
 YESTERDAY
  MAXIMUM         70        MM  74    1918  65      5       66
  MINIMUM         54        MM  40    1924  53      1       54
                                      1972
  AVERAGE         62                        59      3       60

PRECIPITATION (IN)
  YESTERDAY        0.00          1.04 1947   0.02  -0.02     0.00
  MONTH TO DATE    0.00                      0.46  -0.46     0.00
  SINCE OCT 1     42.54                     62.67 -20.13    28.05
  SINCE JAN 1     19.24                     36.58 -17.34    22.43

SNOWFALL (IN)
  YESTERDAY       MM
  SNOW DEPTH      MM

DEGREE DAYS
 HEATING
  YESTERDAY        3                         6     -3        5
  MONTH TO DATE   73                       173   -100      120
  SINCE JUN 1    297                       440   -143      317
  SINCE JUL 1     73                       173   -100      120

 COOLING
  YESTERDAY        0                         0      0        0
  MONTH TO DATE    4                         0      4        0
  SINCE JUN 1      4                         0      4        0
  SINCE JAN 1      4                         0      4       12
..................................................................


WIND (MPH)
  HIGHEST WIND SPEED    27   HIGHEST WIND DIRECTION     N (10)
  HIGHEST GUST SPEED    36   HIGHEST GUST DIRECTION     N (360)
  AVERAGE WIND SPEED    13.5


SKY COVER
  POSSIBLE SUNSHINE  MM
  AVERAGE SKY COVER 0.0


WEATHER CONDITIONS
 THE FOLLOWING WEATHER WAS RECORDED YESTERDAY.
  NO SIGNIFICANT WEATHER WAS OBSERVED.


RELATIVE HUMIDITY (PERCENT)
 HIGHEST   100           300 AM
 LOWEST     61          1100 AM

..........................................................


THE NORTH BEND OR CLIMATE NORMALS FOR TODAY
                         NORMAL    RECORD    YEAR
 MAXIMUM TEMPERATURE (F)   65        74      1926
 MINIMUM TEMPERATURE (F)   53        43      1924


SUNRISE AND SUNSET
JULY 28 2015..........SUNRISE   602 AM PDT   SUNSET   844 PM PDT
JULY 29 2015..........SUNRISE   603 AM PDT   SUNSET   843 PM PDT


-  INDICATES NEGATIVE NUMBERS.
R  INDICATES RECORD WAS SET OR TIED.
MM INDICATES DATA IS MISSING.
T  INDICATES TRACE AMOUNT.




$$
