000
CDUS46 KMFR 250038
CLIOTH


CLIMATE REPORT
NATIONAL WEATHER SERVICE MEDFORD, OR
438 PM PST WED DEC 24 2014


...................................

...THE NORTH BEND OR CLIMATE SUMMARY FOR DECEMBER 24 2014...
VALID TODAY AS OF 0400 PM LOCAL TIME.

CLIMATE NORMAL PERIOD 1981 TO 2010
CLIMATE RECORD PERIOD 1902 TO 2014


WEATHER ITEM   OBSERVED TIME   RECORD YEAR NORMAL DEPARTURE LAST
                VALUE   (LST)  VALUE       VALUE  FROM      YEAR
                                                  NORMAL
..................................................................
TEMPERATURE (F)
 TODAY
  MAXIMUM         55        MM  65    1985  51      4       52
  MINIMUM         45        MM  18    1924  40      5       36
  AVERAGE         50                        45      5       44

PRECIPITATION (IN)
  TODAY            1.12          2.46 1980   0.35   0.77     0.00
  MONTH TO DATE   12.13                      8.70   3.43     2.16
  SINCE SEP 1     24.52                     25.24  -0.72    11.57
  SINCE JAN 1     46.97                     62.48 -15.51    29.50

SNOWFALL (IN)
  TODAY           MM                         0.0   MM       MM
  MONTH TO DATE   MM                         0.1   MM       MM
  SINCE JUL 1     MM                         0.1   MM        0.0
  SNOW DEPTH      MM

DEGREE DAYS
 HEATING
  TODAY           15                        20     -5       21
  MONTH TO DATE  283                       473   -190      566
  SINCE DEC 1    283                       473   -190      566
  SINCE JUL 1   1159                      1925   -766     1681

 COOLING
  TODAY            0                         0      0        0
  MONTH TO DATE    0                         0      0        0
  SINCE DEC 1      0                         0      0        0
  SINCE JAN 1     28                         2     26       13
..................................................................


WIND (MPH)
  HIGHEST WIND SPEED    21   HIGHEST WIND DIRECTION     N (350)
  HIGHEST GUST SPEED    32   HIGHEST GUST DIRECTION     N (350)
  AVERAGE WIND SPEED    11.9


SKY COVER
  POSSIBLE SUNSHINE  MM
  AVERAGE SKY COVER 0.9


WEATHER CONDITIONS
 THE FOLLOWING WEATHER WAS RECORDED TODAY.
  NO SIGNIFICANT WEATHER WAS OBSERVED.


RELATIVE HUMIDITY (PERCENT)
 HIGHEST   100          1200 AM
 LOWEST     86          1200 PM

..........................................................


THE NORTH BEND OR CLIMATE NORMALS FOR TOMORROW
                         NORMAL    RECORD    YEAR
 MAXIMUM TEMPERATURE (F)   51        65      1980
 MINIMUM TEMPERATURE (F)   40        17      1924


SUNRISE AND SUNSET
DECEMBER 24 2014......SUNRISE   748 AM PST   SUNSET   446 PM PST
DECEMBER 25 2014......SUNRISE   748 AM PST   SUNSET   446 PM PST


-  INDICATES NEGATIVE NUMBERS.
R  INDICATES RECORD WAS SET OR TIED.
MM INDICATES DATA IS MISSING.
T  INDICATES TRACE AMOUNT.




$$
