000
CDUS46 KMFR 080842
CLIOTH


CLIMATE REPORT
NATIONAL WEATHER SERVICE MEDFORD, OR
1241 AM PST THU DEC 8 2016


...................................

...THE NORTH BEND OR CLIMATE SUMMARY FOR DECEMBER 7 2016...

CLIMATE NORMAL PERIOD 1981 TO 2010
CLIMATE RECORD PERIOD 1902 TO 2016


WEATHER ITEM   OBSERVED TIME   RECORD YEAR NORMAL DEPARTURE LAST
                VALUE   (LST)  VALUE       VALUE  FROM      YEAR
                                                  NORMAL
..................................................................
TEMPERATURE (F)
 YESTERDAY
  MAXIMUM         43        MM  66    1925  51     -8       MM
  MINIMUM         34    300 AM  20    1972  40     -6       MM
  AVERAGE         39                        46     -7       MM

PRECIPITATION (IN)
  YESTERDAY        0.00          1.41 1942   0.37  -0.37     0.34
  MONTH TO DATE    1.58                      2.65  -1.07     4.03
  SINCE OCT 1     28.83                     17.61  11.22    11.37
  SINCE JAN 1     61.41                     56.43   4.98    30.81

SNOWFALL (IN)
  YESTERDAY       MM
  SNOW DEPTH      MM

DEGREE DAYS
 HEATING
  YESTERDAY       26                        19      7       MM
  MONTH TO DATE  145                       133     12       69
  SINCE DEC 1    145                       133     12       69
  SINCE JUL 1   1141                      1585   -444     1076

 COOLING
  YESTERDAY        0                         0      0       MM
  MONTH TO DATE    0                         0      0        0
  SINCE DEC 1      0                         0      0        0
  SINCE JAN 1     15                         2     13       14
..................................................................


WIND (MPH)
  HIGHEST WIND SPEED    13   HIGHEST WIND DIRECTION     E (90)
  HIGHEST GUST SPEED    16   HIGHEST GUST DIRECTION     E (90)
  AVERAGE WIND SPEED     8.7


SKY COVER
  POSSIBLE SUNSHINE  MM
  AVERAGE SKY COVER 0.0


WEATHER CONDITIONS
 THE FOLLOWING WEATHER WAS RECORDED YESTERDAY.
  NO SIGNIFICANT WEATHER WAS OBSERVED.


RELATIVE HUMIDITY (PERCENT)
 HIGHEST    96           200 AM
 LOWEST     57           100 PM

..........................................................


THE NORTH BEND OR CLIMATE NORMALS FOR TODAY
                         NORMAL    RECORD    YEAR
 MAXIMUM TEMPERATURE (F)   51        66      1962
 MINIMUM TEMPERATURE (F)   40        15      1972


SUNRISE AND SUNSET
DECEMBER  8 2016......SUNRISE   737 AM PST   SUNSET   441 PM PST
DECEMBER  9 2016......SUNRISE   738 AM PST   SUNSET   441 PM PST


-  INDICATES NEGATIVE NUMBERS.
R  INDICATES RECORD WAS SET OR TIED.
MM INDICATES DATA IS MISSING.
T  INDICATES TRACE AMOUNT.




$$
