299
CDUS46 KMFR 210837
CLIOTH


CLIMATE REPORT
NATIONAL WEATHER SERVICE MEDFORD, OR
1237 AM PST TUE NOV 21 2017


...................................

...THE NORTH BEND OR CLIMATE SUMMARY FOR NOVEMBER 20 2017...

CLIMATE NORMAL PERIOD 1981 TO 2010
CLIMATE RECORD PERIOD 1902 TO 2017


WEATHER ITEM   OBSERVED TIME   RECORD YEAR NORMAL DEPARTURE LAST
                VALUE   (LST)  VALUE       VALUE  FROM      YEAR
                                                  NORMAL
..................................................................
TEMPERATURE (F)
 YESTERDAY
  MAXIMUM         61        MM  70    1928  54      7       59
  MINIMUM         51        MM  27    1993  42      9       50
  AVERAGE         56                        48      8       55

PRECIPITATION (IN)
  YESTERDAY        0.38          2.56 1937   0.36   0.02     0.65
  MONTH TO DATE    7.41                      6.41   1.00     5.54
  SINCE OCT 1     13.05                     11.14   1.91    19.52
  SINCE JAN 1     61.40                     49.96  11.44    52.10

SNOWFALL (IN)
  YESTERDAY       MM
  SNOW DEPTH      MM

DEGREE DAYS
 HEATING
  YESTERDAY        9                        17     -8       10
  MONTH TO DATE  266                       307    -41      179
  SINCE SEP 1    717                       894   -177      565
  SINCE JUL 1   1024                      1273   -249      853

 COOLING
  YESTERDAY        0                         0      0        0
  MONTH TO DATE    0                         0      0        0
  SINCE SEP 1      7                         1      6        0
  SINCE JAN 1     10                         2      8       15
..................................................................


WIND (MPH)
  HIGHEST WIND SPEED    22   HIGHEST WIND DIRECTION    SW (210)
  HIGHEST GUST SPEED    40   HIGHEST GUST DIRECTION     S (200)
  AVERAGE WIND SPEED     9.5


SKY COVER
  POSSIBLE SUNSHINE  MM
  AVERAGE SKY COVER 1.0


WEATHER CONDITIONS
 THE FOLLOWING WEATHER WAS RECORDED YESTERDAY.
  RAIN
  LIGHT RAIN
  FOG


RELATIVE HUMIDITY (PERCENT)
 HIGHEST   100           900 AM
 LOWEST     77          1200 AM

..........................................................


THE NORTH BEND OR CLIMATE NORMALS FOR TODAY
                         NORMAL    RECORD    YEAR
 MAXIMUM TEMPERATURE (F)   54        74      1917
 MINIMUM TEMPERATURE (F)   42        27      1929


SUNRISE AND SUNSET
NOVEMBER 21 2017......SUNRISE   718 AM PST   SUNSET   447 PM PST
NOVEMBER 22 2017......SUNRISE   720 AM PST   SUNSET   446 PM PST


-  INDICATES NEGATIVE NUMBERS.
R  INDICATES RECORD WAS SET OR TIED.
MM INDICATES DATA IS MISSING.
T  INDICATES TRACE AMOUNT.




$$
