000
CDUS43 KDMX 040638 RRB
CLIOTM

CLIMATE REPORT
NATIONAL WEATHER SERVICE DES MOINES IA
1230 AM CST WED MAR 4 2015


...................................

...THE OTTUMWA IA CLIMATE SUMMARY FOR MARCH 3 2015...

CLIMATE NORMAL PERIOD 1981 TO 2010
CLIMATE RECORD PERIOD 1920 TO 2015


WEATHER ITEM   OBSERVED TIME   RECORD YEAR NORMAL DEPARTURE LAST
                VALUE   (LST)  VALUE       VALUE  FROM      YEAR
                                                  NORMAL
..................................................................
TEMPERATURE (F)
 YESTERDAY
  MAXIMUM         36    153 PM  79    1983  43     -7       17
  MINIMUM         17   1159 PM  -9    2014  24     -7       -9
  AVERAGE         27                        33     -6        4

PRECIPITATION (IN)
  YESTERDAY        0.08          1.04 1985   0.07   0.01     0.00
  MONTH TO DATE    0.08                      0.20  -0.12     0.34
  SINCE MAR 1      0.08                      0.20  -0.12     0.34
  SINCE JAN 1      1.24                      2.38  -1.14     3.15

DEGREE DAYS
 HEATING
  YESTERDAY       38                        32      6       61
  MONTH TO DATE  127                        97     30      181
  SINCE MAR 1    127                        97     30      181
  SINCE JUL 1   5258                      4982    276     5694

 COOLING
  YESTERDAY        0                         0      0        0
  MONTH TO DATE    0                         0      0        0
  SINCE MAR 1      0                         0      0        0
  SINCE JAN 1      0                         0      0        0
..................................................................


WIND (MPH)
  HIGHEST WIND SPEED    25   HIGHEST WIND DIRECTION     N (340)
  HIGHEST GUST SPEED    30   HIGHEST GUST DIRECTION     N (340)
  AVERAGE WIND SPEED    14.2


SKY COVER
  POSSIBLE SUNSHINE  MM
  AVERAGE SKY COVER 0.9


WEATHER CONDITIONS
 THE FOLLOWING WEATHER WAS RECORDED YESTERDAY.
  FREEZING RAIN
  LT FREEZING RAIN
  FOG


RELATIVE HUMIDITY (PERCENT)
 HIGHEST   100           900 AM
 LOWEST     68          1000 PM
 AVERAGE    84

..........................................................


THE OTTUMWA IA CLIMATE NORMALS FOR TODAY
                         NORMAL    RECORD    YEAR
 MAXIMUM TEMPERATURE (F)   43        78      1921
 MINIMUM TEMPERATURE (F)   24        -8      1960


SUNRISE AND SUNSET
MARCH  4 2015.........SUNRISE   640 AM CST   SUNSET   604 PM CST
MARCH  5 2015.........SUNRISE   638 AM CST   SUNSET   605 PM CST


-  INDICATES NEGATIVE NUMBERS.
R  INDICATES RECORD WAS SET OR TIED.
MM INDICATES DATA IS MISSING.
T  INDICATES TRACE AMOUNT.




$$
