958
CDUS43 KDMX 120637 RRB
CLIOTM

CLIMATE REPORT
NATIONAL WEATHER SERVICE DES MOINES IA
1235 AM CST TUE DEC 12 2017

...................................

...THE OTTUMWA IA CLIMATE SUMMARY FOR DECEMBER 11 2017...

CLIMATE NORMAL PERIOD 1981 TO 2010
CLIMATE RECORD PERIOD 1920 TO 2017


WEATHER ITEM   OBSERVED TIME   RECORD YEAR NORMAL DEPARTURE LAST
                VALUE   (LST)  VALUE       VALUE  FROM      YEAR
                                                  NORMAL
..................................................................
TEMPERATURE (F)
 YESTERDAY
  MAXIMUM         49   1158 AM  64    1965  36     13       38
  MINIMUM         28    300 AM -11    1972  18     10       18
  AVERAGE         39                        27     12       28

PRECIPITATION (IN)
  YESTERDAY        T             1.32 2007   0.05  -0.05     0.06
  MONTH TO DATE    0.34                      0.60  -0.26     0.60
  SINCE DEC 1      0.34                      0.60  -0.26     0.60
  SINCE JAN 1     23.38                     36.30 -12.92    24.52

DEGREE DAYS
 HEATING
  YESTERDAY       26                        38    -12       37
  MONTH TO DATE  328                       397    -69      382
  SINCE DEC 1    328                       397    -69      382
  SINCE JUL 1   1452                      1695   -243     1175

 COOLING
  YESTERDAY        0                         0      0        0
  MONTH TO DATE    0                         0      0        0
  SINCE DEC 1      0                         0      0        0
  SINCE JAN 1   1120                       938    182     1122
..................................................................


WIND (MPH)
  HIGHEST WIND SPEED    35   HIGHEST WIND DIRECTION    NW (300)
  HIGHEST GUST SPEED    45   HIGHEST GUST DIRECTION    NW (300)
  AVERAGE WIND SPEED    18.3


SKY COVER
  POSSIBLE SUNSHINE  MM
  AVERAGE SKY COVER 0.4


WEATHER CONDITIONS
 THE FOLLOWING WEATHER WAS RECORDED YESTERDAY.
  LIGHT RAIN


RELATIVE HUMIDITY (PERCENT)
 HIGHEST    78           400 AM
 LOWEST     41          1000 AM
 AVERAGE    60

..........................................................


THE OTTUMWA IA CLIMATE NORMALS FOR TODAY
                         NORMAL    RECORD    YEAR
 MAXIMUM TEMPERATURE (F)   35        62      1991
 MINIMUM TEMPERATURE (F)   18       -12      1932


SUNRISE AND SUNSET
DECEMBER 12 2017......SUNRISE   726 AM CST   SUNSET   441 PM CST
DECEMBER 13 2017......SUNRISE   727 AM CST   SUNSET   442 PM CST


-  INDICATES NEGATIVE NUMBERS.
R  INDICATES RECORD WAS SET OR TIED.
MM INDICATES DATA IS MISSING.
T  INDICATES TRACE AMOUNT.




$$
