000
CDUS43 KDMX 170641 RRA
CLIOTM

CLIMATE REPORT
NATIONAL WEATHER SERVICE DES MOINES IA
141 AM CDT TUE OCT 17 2017

...................................

...THE OTTUMWA IA CLIMATE SUMMARY FOR OCTOBER 16 2017...

CLIMATE NORMAL PERIOD 1981 TO 2010
CLIMATE RECORD PERIOD 1920 TO 2017


WEATHER ITEM   OBSERVED TIME   RECORD YEAR NORMAL DEPARTURE LAST
                VALUE   (LST)  VALUE       VALUE  FROM      YEAR
                                                  NORMAL
..................................................................
TEMPERATURE (F)
 YESTERDAY
  MAXIMUM         67    409 PM  89    1935  63      4       82
  MINIMUM         37    607 AM  27    2002  41     -4       67
  AVERAGE         52                        52      0       75

PRECIPITATION (IN)
  YESTERDAY        0.00          1.40 1913   0.09  -0.09     0.05
  MONTH TO DATE    2.08                      1.48   0.60     0.89
  SINCE SEP 1      5.75                      5.27   0.48     1.90
  SINCE JAN 1     21.59                     31.97 -10.38    23.09

DEGREE DAYS
 HEATING
  YESTERDAY       13                        13      0        0
  MONTH TO DATE   83                       168    -85       92
  SINCE SEP 1    120                       278   -158      125
  SINCE JUL 1    120                       289   -169      132

 COOLING
  YESTERDAY        0                         0      0       10
  MONTH TO DATE   23                         9     14       27
  SINCE SEP 1    192                       102     90      200
  SINCE JAN 1   1117                       936    181     1099
..................................................................


WIND (MPH)
  HIGHEST WIND SPEED    16   HIGHEST WIND DIRECTION    SW (230)
  HIGHEST GUST SPEED    20   HIGHEST GUST DIRECTION    SW (230)
  AVERAGE WIND SPEED     7.6


SKY COVER
  POSSIBLE SUNSHINE  MM
  AVERAGE SKY COVER 0.0


WEATHER CONDITIONS
 THE FOLLOWING WEATHER WAS RECORDED YESTERDAY.
  HAZE


RELATIVE HUMIDITY (PERCENT)
 HIGHEST    85          1200 AM
 LOWEST     32           200 PM
 AVERAGE    59

..........................................................


THE OTTUMWA IA CLIMATE NORMALS FOR TODAY
                         NORMAL    RECORD    YEAR
 MAXIMUM TEMPERATURE (F)   63        89      2016
 MINIMUM TEMPERATURE (F)   41        23      1943


SUNRISE AND SUNSET
OCTOBER 17 2017.......SUNRISE   724 AM CDT   SUNSET   626 PM CDT
OCTOBER 18 2017.......SUNRISE   725 AM CDT   SUNSET   624 PM CDT


-  INDICATES NEGATIVE NUMBERS.
R  INDICATES RECORD WAS SET OR TIED.
MM INDICATES DATA IS MISSING.
T  INDICATES TRACE AMOUNT.

$$

SMALL
