000
CDUS43 KDMX 010657 RRA
CLIOTM

CLIMATE REPORT
NATIONAL WEATHER SERVICE DES MOINES IA
1257 AM CST SUN FEB 1 2015

...................................

...THE OTTUMWA IA CLIMATE SUMMARY FOR JANUARY 31 2015...

CLIMATE NORMAL PERIOD 1981 TO 2010
CLIMATE RECORD PERIOD 1920 TO 2015


WEATHER ITEM   OBSERVED TIME   RECORD YEAR NORMAL DEPARTURE LAST
                VALUE   (LST)  VALUE       VALUE  FROM      YEAR
                                                  NORMAL
..................................................................
TEMPERATURE (F)
 YESTERDAY
  MAXIMUM         39    246 PM  71    1989  32      7       16
  MINIMUM         25    401 AM -20    1996  14     11        9
  AVERAGE         32                        23      9       13

PRECIPITATION (IN)
  YESTERDAY        0.56R         0.29 1915   0.03   0.53      T
  MONTH TO DATE    0.94                      0.90   0.04     0.44
  SINCE DEC 1      1.92                      2.27  -0.35     1.10
  SINCE JAN 1      0.94                      0.90   0.04     0.44

DEGREE DAYS
 HEATING
  YESTERDAY       33                        42     -9       52
  MONTH TO DATE 1235                      1320    -85     1490
  SINCE DEC 1   2278                      2524   -246     2835
  SINCE JUL 1   3786                      3822    -36     4165

 COOLING
  YESTERDAY        0                         0      0        0
  MONTH TO DATE    0                         0      0        0
  SINCE DEC 1      0                         0      0        0
  SINCE JAN 1      0                         0      0        0
..................................................................


WIND (MPH)
  HIGHEST WIND SPEED    16   HIGHEST WIND DIRECTION    SE (140)
  HIGHEST GUST SPEED    20   HIGHEST GUST DIRECTION    SE (140)
  AVERAGE WIND SPEED     9.0


SKY COVER
  POSSIBLE SUNSHINE  MM
  AVERAGE SKY COVER 0.8


WEATHER CONDITIONS
 THE FOLLOWING WEATHER WAS RECORDED YESTERDAY.
  LIGHT RAIN
  LIGHT SNOW
  FOG


RELATIVE HUMIDITY (PERCENT)
 HIGHEST   100           200 PM
 LOWEST     75          1200 AM
 AVERAGE    88

..........................................................


THE OTTUMWA IA CLIMATE NORMALS FOR TODAY
                         NORMAL    RECORD    YEAR
 MAXIMUM TEMPERATURE (F)   33        57      1987
 MINIMUM TEMPERATURE (F)   14       -21      1918


SUNRISE AND SUNSET
FEBRUARY  1 2015......SUNRISE   721 AM CST   SUNSET   526 PM CST
FEBRUARY  2 2015......SUNRISE   720 AM CST   SUNSET   528 PM CST


-  INDICATES NEGATIVE NUMBERS.
R  INDICATES RECORD WAS SET OR TIED.
MM INDICATES DATA IS MISSING.
T  INDICATES TRACE AMOUNT.

$$

SMALL
