000
CDUS46 KOTX 050826
CLIOTX


CLIMATE REPORT
NATIONAL WEATHER SERVICE SPOKANE, WA
1225 AM PST MON DEC 5 2016


...................................

...THE SPOKANE  WA WFO CLIMATE SUMMARY FOR DECEMBER 4 2016...

CLIMATE NORMAL PERIOD 1981 TO 2010
CLIMATE RECORD PERIOD 1881 TO 2016


WEATHER ITEM   OBSERVED TIME   RECORD YEAR NORMAL DEPARTURE LAST
                VALUE   (LST)  VALUE       VALUE  FROM      YEAR
                                                  NORMAL
..................................................................
TEMPERATURE (F)
 YESTERDAY
  MAXIMUM         41        MM  MM      MM  33      8       42
  MINIMUM         22        MM  MM      MM  22      0       33
  AVERAGE         32                        28      4       38

PRECIPITATION (IN)
  YESTERDAY        0.04         MM      MM   0.08  -0.04     0.01
  MONTH TO DATE    0.13                      0.35  -0.22     0.23
  SINCE OCT 1      8.90                      3.85   5.05     2.59
  SINCE JAN 1     19.13                     14.90   4.23    10.67

SNOWFALL (IN)
  YESTERDAY        0.4          MM      MM   0.5   -0.1      0.0
  MONTH TO DATE    0.4                       1.9   -1.5      1.0
  SINCE DEC 1      0.4                       1.9   -1.5      1.0
  SINCE JUL 1      2.6                       9.8   -7.2      2.5
  SNOW DEPTH       0

DEGREE DAYS
 HEATING
  YESTERDAY       33                        37     -4       27
  MONTH TO DATE  130                       148    -18      138
  SINCE DEC 1    130                       148    -18      138
  SINCE JUL 1   1686                      2030   -344     1798

 COOLING
  YESTERDAY        0                         0      0        0
  MONTH TO DATE    0                         0      0        0
  SINCE DEC 1      0                         0      0        0
  SINCE JAN 1    229                       249    -20      518
..................................................................


WIND (MPH)
  HIGHEST WIND SPEED    31   HIGHEST WIND DIRECTION    MM
  HIGHEST GUST SPEED    40   HIGHEST GUST DIRECTION    MM
  AVERAGE WIND SPEED    13.0


SKY COVER
  POSSIBLE SUNSHINE  MM
  AVERAGE SKY COVER  MM


WEATHER CONDITIONS
 THE FOLLOWING WEATHER WAS RECORDED YESTERDAY.
  NO SIGNIFICANT WEATHER WAS OBSERVED.


RELATIVE HUMIDITY (PERCENT)
 HIGHEST    96
 LOWEST     56
 AVERAGE    76

..........................................................


THE SPOKANE  WA WFO CLIMATE NORMALS FOR TODAY
                         NORMAL    RECORD    YEAR
 MAXIMUM TEMPERATURE (F)   33        MM        MM
 MINIMUM TEMPERATURE (F)   22        MM        MM


SUNRISE AND SUNSET
DECEMBER  5 2016......SUNRISE   723 AM PST   SUNSET   359 PM PST
DECEMBER  6 2016......SUNRISE   724 AM PST   SUNSET   359 PM PST


-  INDICATES NEGATIVE NUMBERS.
R  INDICATES RECORD WAS SET OR TIED.
MM INDICATES DATA IS MISSING.
T  INDICATES TRACE AMOUNT.




$$
