000
CDUS46 KOTX 280824
CLIOTX


CLIMATE REPORT
NATIONAL WEATHER SERVICE SPOKANE, WA
1221 AM PST SUN DEC 28 2014


...................................

...THE SPOKANE  WA WFO CLIMATE SUMMARY FOR DECEMBER 27 2014...

CLIMATE NORMAL PERIOD 1981 TO 2010
CLIMATE RECORD PERIOD 1881 TO 2014


WEATHER ITEM   OBSERVED TIME   RECORD YEAR NORMAL DEPARTURE LAST
                VALUE   (LST)  VALUE       VALUE  FROM      YEAR
                                                  NORMAL
..................................................................
TEMPERATURE (F)
 YESTERDAY
  MAXIMUM         34     MM     MM     MM   31      3       31
  MINIMUM         23     MM     MM     MM   19      4       16
  AVERAGE         29                        25      4       24

PRECIPITATION (IN)
  YESTERDAY        0.14         MM     MM   0.09   0.05     0.00
  MONTH TO DATE    1.87                     2.23  -0.36     0.67
  SINCE OCT 1      4.70                     5.73  -1.03     2.51
  SINCE JAN 1     16.67                    16.78  -0.11    12.97

SNOWFALL (IN)
  YESTERDAY        1.8          MM     MM   0.7    1.1      0.0
  MONTH TO DATE    2.6                     14.5  -11.9      3.4
  SINCE DEC 1      2.6                     14.5  -11.9      3.4
  SINCE JUL 1      3.1                     22.4  -19.3      6.4
  SNOW DEPTH       0

DEGREE DAYS
 HEATING
  YESTERDAY       36                        40     -4       41
  MONTH TO DATE  839                      1057   -218     1113
  SINCE DEC 1    839                      1057   -218     1113
  SINCE JUL 1   2418                      2939   -521     2969

 COOLING
  YESTERDAY        0                         0      0        0
  MONTH TO DATE    0                         0      0        0
  SINCE DEC 1      0                         0      0        0
  SINCE JAN 1    408                       249    159      383
..................................................................


WIND (MPH)
  HIGHEST WIND SPEED    MM   HIGHEST WIND DIRECTION    MM
  HIGHEST GUST SPEED    MM   HIGHEST GUST DIRECTION    MM
  AVERAGE WIND SPEED    MM


SKY COVER
  POSSIBLE SUNSHINE  MM
  AVERAGE SKY COVER  MM


WEATHER CONDITIONS
 THE FOLLOWING WEATHER WAS RECORDED YESTERDAY.
  LIGHT SNOW
  FOG


RELATIVE HUMIDITY (PERCENT)
 HIGHEST    MM
 LOWEST     MM
 AVERAGE    MM

..........................................................


THE SPOKANE  WA WFO CLIMATE NORMALS FOR TODAY
                         NORMAL    RECORD    YEAR
 MAXIMUM TEMPERATURE (F)   31        MM        MM
 MINIMUM TEMPERATURE (F)   20        MM        MM


SUNRISE AND SUNSET
DECEMBER 28 2014......SUNRISE   739 AM PST   SUNSET   406 PM PST
DECEMBER 29 2014......SUNRISE   739 AM PST   SUNSET   407 PM PST


-  INDICATES NEGATIVE NUMBERS.
R  INDICATES RECORD WAS SET OR TIED.
MM INDICATES DATA IS MISSING.
T  INDICATES TRACE AMOUNT.

$$
