679
CDUS46 KOTX 030823
CLIOTX


CLIMATE REPORT
NATIONAL WEATHER SERVICE SPOKANE, WA
123 AM PDT TUE MAY 3 2016


...................................

...THE SPOKANE  WA WFO CLIMATE SUMMARY FOR MAY 2 2016...

CLIMATE NORMAL PERIOD 1981 TO 2010
CLIMATE RECORD PERIOD 1881 TO 2016


WEATHER ITEM   OBSERVED TIME   RECORD YEAR NORMAL DEPARTURE LAST
                VALUE   (LST)  VALUE       VALUE  FROM      YEAR
                                                  NORMAL
..................................................................
TEMPERATURE (F)
 YESTERDAY
  MAXIMUM         77        MM  MM      MM  62     15       65
  MINIMUM         40        MM  MM      MM  37      3       37
  AVERAGE         59                        50      9       51

PRECIPITATION (IN)
  YESTERDAY        0.00         MM      MM   0.03  -0.03     0.00
  MONTH TO DATE    0.00                      0.07  -0.07     0.00
  SINCE OCT 1     14.18                     12.37   1.81    11.13
  SINCE JAN 1      7.43                      6.34   1.09     6.42

SNOWFALL (IN)
  YESTERDAY        0.0          MM      MM   0.1   -0.1      0.0
  MONTH TO DATE    0.0                       0.1   -0.1      0.0
  SINCE MAR 1      T                         7.3   -7.3      1.7
  SINCE JUL 1     32.6                      53.7  -21.1     16.8
  SNOW DEPTH      MM

DEGREE DAYS
 HEATING
  YESTERDAY        6                        15     -9       14
  MONTH TO DATE   18                        31    -13       22
  SINCE MAR 1   1116                      1411   -295     1244
  SINCE JUL 1   5772                      6610   -838     5678

 COOLING
  YESTERDAY        0                         0      0        0
  MONTH TO DATE    0                         0      0        0
  SINCE MAR 1      0                         0      0        0
  SINCE JAN 1      0                         0      0        0
..................................................................


WIND (MPH)
  HIGHEST WIND SPEED    MM   HIGHEST WIND DIRECTION    MM
  HIGHEST GUST SPEED    MM   HIGHEST GUST DIRECTION    MM
  AVERAGE WIND SPEED    MM


SKY COVER
  POSSIBLE SUNSHINE  MM
  AVERAGE SKY COVER  MM


WEATHER CONDITIONS
 THE FOLLOWING WEATHER WAS RECORDED YESTERDAY.
  NO SIGNIFICANT WEATHER WAS OBSERVED.


RELATIVE HUMIDITY (PERCENT)
 HIGHEST    MM
 LOWEST     MM
 AVERAGE    MM

..........................................................


THE SPOKANE  WA WFO CLIMATE NORMALS FOR TODAY
                         NORMAL    RECORD    YEAR
 MAXIMUM TEMPERATURE (F)   62        MM        MM
 MINIMUM TEMPERATURE (F)   38        MM        MM


SUNRISE AND SUNSET
MAY  3 2016...........SUNRISE   529 AM PDT   SUNSET   806 PM PDT
MAY  4 2016...........SUNRISE   528 AM PDT   SUNSET   808 PM PDT


-  INDICATES NEGATIVE NUMBERS.
R  INDICATES RECORD WAS SET OR TIED.
MM INDICATES DATA IS MISSING.
T  INDICATES TRACE AMOUNT.




$$
