000
CDUS46 KOTX 200828
CLIOTX


CLIMATE REPORT
NATIONAL WEATHER SERVICE SPOKANE, WA
1228 AM PST MON FEB 20 2017


...................................

...THE SPOKANE  WA WFO CLIMATE SUMMARY FOR FEBRUARY 19 2017...

CLIMATE NORMAL PERIOD 1981 TO 2010
CLIMATE RECORD PERIOD 1881 TO 2017


WEATHER ITEM   OBSERVED TIME   RECORD YEAR NORMAL DEPARTURE LAST
                VALUE   (LST)  VALUE       VALUE  FROM      YEAR
                                                  NORMAL
..................................................................
TEMPERATURE (F)
 YESTERDAY
  MAXIMUM         37        MM  MM      MM  40     -3       47
  MINIMUM         28        MM  MM      MM  24      4       33
  AVERAGE         33                        32      1       40

PRECIPITATION (IN)
  YESTERDAY        0.08         MM      MM   0.06   0.02     0.07
  MONTH TO DATE    2.99                      1.01   1.98     0.71
  SINCE OCT 1     15.02                      8.91   6.11    10.08
  SINCE JAN 1      4.65                      2.88   1.77     3.33

SNOWFALL (IN)
  YESTERDAY        T            MM      MM   0.1   -0.1      0.0
  MONTH TO DATE   10.4                       4.5    5.9      1.1
  SINCE DEC 1     41.9                      37.0    4.9     31.1
  SINCE JUL 1     44.1                      44.9   -0.8     32.6
  SNOW DEPTH       9

DEGREE DAYS
 HEATING
  YESTERDAY       32                        33     -1       25
  MONTH TO DATE  696                       653     43      530
  SINCE DEC 1   3460                      3028    432     2731
  SINCE JUL 1   5016                      4910    106     4391

 COOLING
  YESTERDAY        0                         0      0        0
  MONTH TO DATE    0                         0      0        0
  SINCE DEC 1      0                         0      0        0
  SINCE JAN 1      0                         0      0        0
..................................................................


WIND (MPH)
  HIGHEST WIND SPEED    12   HIGHEST WIND DIRECTION    MM
  HIGHEST GUST SPEED     0   HIGHEST GUST DIRECTION    MM
  AVERAGE WIND SPEED     4.0


SKY COVER
  POSSIBLE SUNSHINE  MM
  AVERAGE SKY COVER  MM


WEATHER CONDITIONS
 THE FOLLOWING WEATHER WAS RECORDED YESTERDAY.
  NO SIGNIFICANT WEATHER WAS OBSERVED.


RELATIVE HUMIDITY (PERCENT)
 HIGHEST   100
 LOWEST     96
 AVERAGE    98

..........................................................


THE SPOKANE  WA WFO CLIMATE NORMALS FOR TODAY
                         NORMAL    RECORD    YEAR
 MAXIMUM TEMPERATURE (F)   40        MM        MM
 MINIMUM TEMPERATURE (F)   24        MM        MM


SUNRISE AND SUNSET
FEBRUARY 20 2017......SUNRISE   647 AM PST   SUNSET   522 PM PST
FEBRUARY 21 2017......SUNRISE   645 AM PST   SUNSET   524 PM PST


-  INDICATES NEGATIVE NUMBERS.
R  INDICATES RECORD WAS SET OR TIED.
MM INDICATES DATA IS MISSING.
T  INDICATES TRACE AMOUNT.




$$
