000
CDUS46 KOTX 220826
CLIOTX


CLIMATE REPORT
NATIONAL WEATHER SERVICE SPOKANE, WA
1226 AM PST SUN JAN 22 2017


...................................

...THE SPOKANE  WA WFO CLIMATE SUMMARY FOR JANUARY 21 2017...

CLIMATE NORMAL PERIOD 1981 TO 2010
CLIMATE RECORD PERIOD 1881 TO 2017


WEATHER ITEM   OBSERVED TIME   RECORD YEAR NORMAL DEPARTURE LAST
                VALUE   (LST)  VALUE       VALUE  FROM      YEAR
                                                  NORMAL
..................................................................
TEMPERATURE (F)
 YESTERDAY
  MAXIMUM         38        MM  MM      MM  34      4       36
  MINIMUM         32        MM  MM      MM  23      9       31
  AVERAGE         35                        28      7       34

PRECIPITATION (IN)
  YESTERDAY        0.07         MM      MM   0.05   0.02     0.28
  MONTH TO DATE    1.44                      1.37   0.07     1.82
  SINCE OCT 1     11.81                      7.40   4.41     8.57
  SINCE JAN 1      1.44                      1.37   0.07     1.82

SNOWFALL (IN)
  YESTERDAY        0.0          MM      MM   0.4   -0.4      0.4
  MONTH TO DATE   11.5                      11.6   -0.1      5.4
  SINCE DEC 1     30.4                      28.6    1.8     29.6
  SINCE JUL 1     32.6                      36.5   -3.9     31.1
  SNOW DEPTH       9

DEGREE DAYS
 HEATING
  YESTERDAY       30                        37     -7       31
  MONTH TO DATE 1005                       800    205      795
  SINCE DEC 1   2349                      2016    333     1886
  SINCE JUL 1   3905                      3898      7     3546

 COOLING
  YESTERDAY        0                         0      0        0
  MONTH TO DATE    0                         0      0        0
  SINCE DEC 1      0                         0      0        0
  SINCE JAN 1      0                         0      0        0
..................................................................


WIND (MPH)
  HIGHEST WIND SPEED     9   HIGHEST WIND DIRECTION    MM
  HIGHEST GUST SPEED     0   HIGHEST GUST DIRECTION    MM
  AVERAGE WIND SPEED     5.0


SKY COVER
  POSSIBLE SUNSHINE  MM
  AVERAGE SKY COVER  MM


WEATHER CONDITIONS
 THE FOLLOWING WEATHER WAS RECORDED YESTERDAY.
  NO SIGNIFICANT WEATHER WAS OBSERVED.


RELATIVE HUMIDITY (PERCENT)
 HIGHEST   100
 LOWEST     80
 AVERAGE    90

..........................................................


THE SPOKANE  WA WFO CLIMATE NORMALS FOR TODAY
                         NORMAL    RECORD    YEAR
 MAXIMUM TEMPERATURE (F)   34        MM        MM
 MINIMUM TEMPERATURE (F)   23        MM        MM


SUNRISE AND SUNSET
JANUARY 22 2017.......SUNRISE   728 AM PST   SUNSET   437 PM PST
JANUARY 23 2017.......SUNRISE   727 AM PST   SUNSET   438 PM PST


-  INDICATES NEGATIVE NUMBERS.
R  INDICATES RECORD WAS SET OR TIED.
MM INDICATES DATA IS MISSING.
T  INDICATES TRACE AMOUNT.




$$
