267
CDAK49 PAFG 230944
CLIOTZ

CLIMATE REPORT
NATIONAL WEATHER SERVICE FAIRBANKS AK
144 AM AKDT SUN APR 23 2017


...................................

...THE KOTZEBUE AK CLIMATE SUMMARY FOR APRIL 22 2017...

CLIMATE NORMAL PERIOD 1981 TO 2010
CLIMATE RECORD PERIOD 1920 TO 2017


WEATHER ITEM   OBSERVED TIME   RECORD YEAR NORMAL DEPARTURE LAST
                VALUE   (LST)  VALUE       VALUE  FROM      YEAR
                                                  NORMAL
..................................................................
TEMPERATURE (F)
 YESTERDAY
  MAXIMUM         38    322 PM  45    2014  25     13       42
                                      1931
  MINIMUM         22    610 AM -15    1985  10     12       24
                                      1976
                                      1948
  AVERAGE         30                        18     12       33

PRECIPITATION (IN)
  YESTERDAY        0.00          0.40 1931   0.02  -0.02     0.00
  MONTH TO DATE    0.05                      0.38  -0.33     0.60
  SINCE MAR 1      0.08                      0.82  -0.74     0.77
  SINCE JAN 1      1.67                      2.10  -0.43     1.48

SNOWFALL (IN)
  YESTERDAY        0.0           2.5  1931   0.1   -0.1      0.0
  MONTH TO DATE    1.3                       3.9   -2.6      4.6
  SINCE MAR 1      2.0                       9.8   -7.8      6.0
  SINCE JUL 1     52.2                      57.4   -5.2     26.0
  SNOW DEPTH      17

DEGREE DAYS
 HEATING
  YESTERDAY       35                        47    -12       32
  MONTH TO DATE  959                      1198   -239      873
  SINCE MAR 1   3128                      3180    -52     2777
  SINCE JUL 1  11987                     13425  -1438    11555

 COOLING
  YESTERDAY        0                         0      0        0
  MONTH TO DATE    0                         0      0        0
  SINCE MAR 1      0                         0      0        0
  SINCE JAN 1      0                         0      0        0
..................................................................


WIND (MPH)
  HIGHEST GUST SPEED    17   HIGHEST GUST DIRECTION     E (80)


SKY COVER
  AVERAGE SKY COVER 0.0


WEATHER CONDITIONS
 THE FOLLOWING WEATHER WAS RECORDED YESTERDAY.
  NO SIGNIFICANT WEATHER WAS OBSERVED.


RELATIVE HUMIDITY (PERCENT)
 HIGHEST    69
 LOWEST     52
 AVERAGE    61

..........................................................


THE KOTZEBUE AK CLIMATE NORMALS FOR TODAY
                         NORMAL    RECORD    YEAR
 MAXIMUM TEMPERATURE (F)   26        45      1931
 MINIMUM TEMPERATURE (F)   11       -16      1966
                                             1948


SUNRISE AND SUNSET
APRIL 23 2017.........SUNRISE   631 AM AKDT  SUNSET  1110 PM AKDT
APRIL 24 2017.........SUNRISE   627 AM AKDT  SUNSET  1114 PM AKDT

-  INDICATES NEGATIVE NUMBERS.
R  INDICATES RECORD WAS SET OR TIED.
MM INDICATES DATA IS MISSING.
T  INDICATES TRACE AMOUNT.

&&

SNOW DEPTH IS MEASURED AT 3AM AKST/4AM AKDT.

----------------------------
AVAILABLE DAYLIGHT

AMOUNT OF DAYLIGHT TODAY  (HOUR:MIN)........16:39
GAIN/LOSS SINCE YESTERDAY (HOUR:MIN:SEC)....+0:07:56

$$
APR 17
