000
CDAK49 PAOT 230006
CLIOTZ

CLIMATE REPORT
NATIONAL WEATHER SERVICE KOTZEBUE, AK
306 PM AKST SAT NOV 22 2014

...................................
...THE KOTZEBUE WSO AP CLIMATE SUMMARY FOR NOVEMBER 22 2014...
VALID TODAY AS OF 2:00 PM LOCAL TIME

CLIMATE NORMAL PERIOD  1981 TO  2010
CLIMATE RECORD PERIOD  1897 TO  2014

WEATHER ITEM   OBSERVED TIME    RECORD YEAR NORMAL DEPARTURE LAST
               VALUE    (LST)   VALUE       VALUE  FROM      YEAR
                                                   NORMAL
...................................................................
TEMPERATURE
TODAY
 MAXIMUM            20  1217 AM    37  1949     12       8     14
 MINIMUM            10  0140 PM   -26  1948      2       8    -11
 AVERAGE            15                           7       8      2

PRECIPITATION
(INCHES)
 TODAY            0.00           0.36  1973   0.03   -0.03      T
 MONTH TO DATE    0.18                        0.56   -0.38   1.11
 SINCE SEP 1      2.42                        3.15   -0.73   4.74
 SINCE JAN 1      9.16                       10.03   -0.87  11.20

SNOWFALL
(INCHES)
 TODAY             0.0            3.8  1976    0.4    -0.4      T
 MONTH TO DATE     0.1                         7.3    -7.2    8.9
 SINCE SEP 1       3.7                        14.2   -10.5    9.8
 SINCE JUL 1       3.7                        14.2   -10.5    9.8
 SNOW DEPTH (IN)     1                                          3

DEGREE DAYS
 HEATING
  TODAY             50                          58      -8     63
  MONTH TO DATE    937                        1204    -267   1073
  SINCE SEP 1     2688                        3148    -460   2771
  SINCE JUL 1     3248                        3886    -638   3367

 COOLING
  TODAY              0                           0       0      0
  MONTH TO DATE      0                           0       0      0
  SINCE SEP 1        0                           0       0      0
  SINCE JAN 1       19                           0      19     13
...................................................................

WIND (MPH)
 HIGHEST WIND SPEED    14     HIGHEST WIND DIRECTION     60
 HIGHEST GUST SPEED    17     HIGHEST GUST DIRECTION     70
 AVERAGE WIND SPEED   0.0

SKY COVER
  POSSIBLE SUNSHINE  MM            AVERAGE SKY COVER MM

WEATHER CONDITIONS
 THE FOLLOWING WEATHER WAS RECORDED TODAY.
 NO SIGNIFICANT WEATHER WAS OBSERVED.

RELATIVE HUMIDITY
 HIGHEST RH     MM PERCENT       MM
 LOWEST  RH     MM PERCENT       MM
 AVERAGE RH     MM PERCENT       MM
...................................................................

THE KOTZEBUE CLIMATE NORMALS FOR TOMORROW
                        NORMAL    RECORD   YEAR
 MAXIMUM TEMPERATURE      12        35     2002
 MINIMUM TEMPERATURE       1       -31     1948

SUNRISE AND SUNSET
 NOV 22 2014..........SUNRISE 11:19 AM      SUNSET  3:54 PM
 NOV 23 2014..........SUNRISE 11:23 AM      SUNSET  3:51 PM

-  INDICATES NEGATIVE NUMBERS.
R  INDICATES RECORD HAS BEEN SET OR TIED.
MM INDICATES DATA IS MISSING.
T  INDICATES TRACE OF PRECIPITATION.

&&
-------------------------------------------------------------------

AMOUNT OF DAYLIGHT TODAY  (HOUR:MIN)........4 HOURS 35 MINUTES
GAIN/LOSS SINCE YESTERDAY (HOUR:MIN:SEC)....-0:07:54

$$

NOV 14
