288
CDAK49 PAFG 250100
CLIOTZ

CLIMATE REPORT
NATIONAL WEATHER SERVICE FAIRBANKS AK
400 PM AKST FRI NOV 24 2017


...................................

...THE KOTZEBUE AK CLIMATE SUMMARY FOR NOVEMBER 24 2017...
VALID TODAY AS OF 0300 PM LOCAL TIME.

CLIMATE NORMAL PERIOD 1981 TO 2010
CLIMATE RECORD PERIOD 1920 TO 2017


WEATHER ITEM   OBSERVED TIME   RECORD YEAR NORMAL DEPARTURE LAST
                VALUE   (LST)  VALUE       VALUE  FROM      YEAR
                                                  NORMAL
..................................................................
TEMPERATURE (F)
 TODAY
  MAXIMUM         19    108 AM  35    2002  12      7        8
  MINIMUM          5    222 PM -37    1935   1      4       -3
  AVERAGE         12                         6      6        3

PRECIPITATION (IN)
  TODAY            0.23          0.39 1992   0.03   0.20     0.00
  MONTH TO DATE    1.59                      0.62   0.97     0.09
  SINCE SEP 1      5.06                      3.21   1.85     2.41
  SINCE JAN 1     11.52                     10.09   1.43     8.15

SNOWFALL (IN)
  TODAY           MM             5.6  1992   0.4   MM        0.0
  MONTH TO DATE    8.9                       8.1    0.8      2.0
  SINCE SEP 1     17.5                      15.0    2.5      4.8
  SINCE JUL 1     17.5                      15.0    2.5      4.8
  SNOW DEPTH      36

DEGREE DAYS
 HEATING
  TODAY           53                        59     -6       62
  MONTH TO DATE 1039                      1321   -282     1164
  SINCE SEP 1   2765                      3264   -499     2694
  SINCE JUL 1   3452                      4002   -550     3186

 COOLING
  TODAY            0                         0      0        0
  MONTH TO DATE    0                         0      0        0
  SINCE SEP 1      0                         0      0        0
  SINCE JAN 1      1                         5     -4        5
..................................................................


WIND (MPH)
  HIGHEST GUST SPEED    19   HIGHEST GUST DIRECTION    NW (330)


SKY COVER
  AVERAGE SKY COVER 0.5


WEATHER CONDITIONS
 THE FOLLOWING WEATHER WAS RECORDED TODAY.
  LIGHT SNOW
  FOG


RELATIVE HUMIDITY (PERCENT)
 HIGHEST    88
 LOWEST     73
 AVERAGE    81

..........................................................


THE KOTZEBUE AK CLIMATE NORMALS FOR TOMORROW
                         NORMAL    RECORD    YEAR
 MAXIMUM TEMPERATURE (F)   12        36      1943
 MINIMUM TEMPERATURE (F)    1       -32      1948


SUNRISE AND SUNSET
NOVEMBER 24 2017......SUNRISE  1129 AM AKST  SUNSET   346 PM AKST
NOVEMBER 25 2017......SUNRISE  1133 AM AKST  SUNSET   342 PM AKST

-  INDICATES NEGATIVE NUMBERS.
R  INDICATES RECORD WAS SET OR TIED.
MM INDICATES DATA IS MISSING.
T  INDICATES TRACE AMOUNT.

&&

SNOW DEPTH IS MEASURED AT 3AM AKST/4AM AKDT.

----------------------------
AVAILABLE DAYLIGHT

AMOUNT OF DAYLIGHT TODAY  (HOUR:MIN)........4:17
GAIN/LOSS SINCE YESTERDAY (HOUR:MIN:SEC)....-0:07:52

$$
NOV 17
