000
CDAK49 PAOT 261204
CLIOTZ

CLIMATE REPORT
NATIONAL WEATHER SERVICE KOTZEBUE, AK
404 AM AKDT SAT JUL 26 2014

...................................
...THE KOTZEBUE WSO AP CLIMATE SUMMARY FOR JULY 25 2014...

CLIMATE NORMAL PERIOD  1981 TO  2010
CLIMATE RECORD PERIOD  1897 TO  2014

WEATHER ITEM   OBSERVED TIME    RECORD YEAR NORMAL DEPARTURE LAST
               VALUE    (LST)   VALUE       VALUE  FROM      YEAR
                                                   NORMAL
...................................................................
TEMPERATURE
YESTERDAY
 MAXIMUM            49  0657 PM    79  1955     60     -11     54
 MINIMUM            41  0710 AM    34  1931     51     -10     48
 AVERAGE            45                          55     -10     51

PRECIPITATION
(INCHES)
 YESTERDAY        0.00           0.67  1996   0.05   -0.05      T
 MONTH TO DATE    2.41                        1.07    1.34   1.25
 SINCE JUN 1      2.79                        1.65    1.14   2.16
 SINCE JAN 1      5.05                        4.32    0.73   5.76

SNOWFALL
(INCHES)
 YESTERDAY         0.0            0.0  2014    0.0     0.0    0.0
 MONTH TO DATE     0.0                         0.0     0.0    0.0
 SINCE JUN 1       0.0                         0.0     0.0    0.0
 SINCE JUL 1       0.0                         0.0     0.0    0.0
 SNOW DEPTH (IN)     0                                          0

DEGREE DAYS
 HEATING
  YESTERDAY         20                          10      10     14
  MONTH TO DATE    290                         265      25    223
  SINCE JUN 1      907                         846      61    648
  SINCE JUL 1      290                         265      25    223

 COOLING
  YESTERDAY          0                           0       0      0
  MONTH TO DATE      8                           0       8      5
  SINCE JUN 1        8                           0       8     13
  SINCE JAN 1        8                           0       8     13
...................................................................

WIND (MPH)
 HIGHEST WIND SPEED    23     HIGHEST WIND DIRECTION    300
 HIGHEST GUST SPEED    27     HIGHEST GUST DIRECTION    290
 AVERAGE WIND SPEED  16.8

SKY COVER
  POSSIBLE SUNSHINE    MM          AVERAGE SKY COVER     MM

WEATHER CONDITIONS
 THE FOLLOWING WEATHER WAS RECORDED YESTERDAY.
 NO SIGNIFICANT WEATHER WAS OBSERVED.

RELATIVE HUMIDITY
 HIGHEST RH     MM PERCENT       MM
 LOWEST  RH     MM PERCENT       MM
 AVERAGE RH     MM PERCENT       MM
...................................................................

THE KOTZEBUE CLIMATE NORMALS FOR TODAY
                           NORMAL    RECORD   YEAR
 MAXIMUM TEMPERATURE (F)     59        79     1970
 MINIMUM TEMPERATURE (F)     51        33     1931

SUNRISE AND SUNSET
 JUL 26 2014..........SUNRISE  4:59 AM      SUNSET 12:52 AM
 JUL 27 2014..........SUNRISE  5:03 AM      SUNSET 12:48 AM

-  INDICATES NEGATIVE NUMBERS.
R  INDICATES RECORD HAS BEEN SET OR TIED.
MM INDICATES DATA IS MISSING.
T  INDICATES TRACE OF PRECIPITATION.

&&
-------------------------------------------------------------------

AMOUNT OF DAYLIGHT TODAY  (HOUR:MIN)........19 HOURS 53 MINUTES
LOSS SINCE YESTERDAY (HOUR:MIN:SEC).........-0:09:23

$$
TGH JUL 14
