000
CDAK49 PAFG 270944
CLIOTZ

CLIMATE REPORT
NATIONAL WEATHER SERVICE FAIRBANKS AK
144 AM AKDT THU JUL 27 2017


...................................

...THE KOTZEBUE AK CLIMATE SUMMARY FOR JULY 26 2017...

CLIMATE NORMAL PERIOD 1981 TO 2010
CLIMATE RECORD PERIOD 1920 TO 2017


WEATHER ITEM   OBSERVED TIME   RECORD YEAR NORMAL DEPARTURE LAST
                VALUE   (LST)  VALUE       VALUE  FROM      YEAR
                                                  NORMAL
..................................................................
TEMPERATURE (F)
 YESTERDAY
  MAXIMUM         62   1154 AM  79    1970  59      3       62
  MINIMUM         50   1159 PM  33    1931  51     -1       55
  AVERAGE         56                        55      1       59

PRECIPITATION (IN)
  YESTERDAY        0.00          0.94 1971   0.06  -0.06     0.00
  MONTH TO DATE    2.39                      1.13   1.26     1.23
  SINCE JUN 1      2.59                      1.71   0.88     1.48
  SINCE JAN 1      4.67                      4.38   0.29     3.61

SNOWFALL (IN)
  YESTERDAY        0.0           0.0    MM   0.0    0.0      0.0
  MONTH TO DATE    0.0                       0.0    0.0      0.0
  SINCE JUN 1      0.0                       0.0    0.0      0.0
  SINCE JUL 1      0.0                       0.0    0.0      0.0
  SNOW DEPTH       0

DEGREE DAYS
 HEATING
  YESTERDAY        9                        10     -1        6
  MONTH TO DATE  192                       275    -83      188
  SINCE JUN 1    603                       855   -252      592
  SINCE JUL 1    192                       275    -83      188

 COOLING
  YESTERDAY        0                         0      0        0
  MONTH TO DATE    1                         0      1        5
  SINCE JUN 1      1                         1      0        5
  SINCE JAN 1      1                         1      0        5
..................................................................


WIND (MPH)
  HIGHEST GUST SPEED    27   HIGHEST GUST DIRECTION     W (280)


SKY COVER
  AVERAGE SKY COVER 0.1


WEATHER CONDITIONS
 THE FOLLOWING WEATHER WAS RECORDED YESTERDAY.
  FOG


RELATIVE HUMIDITY (PERCENT)
 HIGHEST   100
 LOWEST     67
 AVERAGE    84

..........................................................


THE KOTZEBUE AK CLIMATE NORMALS FOR TODAY
                         NORMAL    RECORD    YEAR
 MAXIMUM TEMPERATURE (F)   59        75      1903
 MINIMUM TEMPERATURE (F)   51        34      2000
                                             1931


SUNRISE AND SUNSET
JULY 27 2017..........SUNRISE   505 AM AKDT  SUNSET  1246 AM AKDT
JULY 28 2017..........SUNRISE   509 AM AKDT  SUNSET  1242 AM AKDT

-  INDICATES NEGATIVE NUMBERS.
R  INDICATES RECORD WAS SET OR TIED.
MM INDICATES DATA IS MISSING.
T  INDICATES TRACE AMOUNT.

&&

SNOW DEPTH IS MEASURED AT 3AM AKST/4AM AKDT.

----------------------------
AVAILABLE DAYLIGHT

AMOUNT OF DAYLIGHT TODAY  (HOUR:MIN)........19:46
GAIN/LOSS SINCE YESTERDAY (HOUR:MIN:SEC)....-0:09:13

$$
SDB JUL 17
