000
CDAK49 PAOT 281121
CLIOTZ

CLIMATE REPORT
NATIONAL WEATHER SERVICE KOTZEBUE, AK
322 AM AKDT SAT MAR 28 2015

...................................
...THE KOTZEBUE WSO AP CLIMATE SUMMARY FOR MARCH 27 2015...

CLIMATE NORMAL PERIOD  1981 TO  2010
CLIMATE RECORD PERIOD  1897 TO  2015

WEATHER ITEM   OBSERVED TIME    RECORD YEAR NORMAL DEPARTURE LAST
               VALUE    (LST)   VALUE       VALUE  FROM      YEAR
                                                   NORMAL
...................................................................
TEMPERATURE
YESTERDAY
 MAXIMUM             0  0624 PM    33  1973     11     -11     19
 MINIMUM           -19  1139 PM   -38  1977     -6     -13      0
 AVERAGE           -10                           2     -12     10

PRECIPITATION
(INCHES)
 YESTERDAY        0.00           0.10  1999   0.02   -0.02   0.00
 MONTH TO DATE    0.51                        0.40    0.11   0.34
 SINCE MAR 1      0.51                        0.40    0.11   0.34
 SINCE JAN 1      1.36                        1.68   -0.32   1.06

SNOWFALL
(INCHES)
 YESTERDAY         0.0            2.5  1962    0.1    -0.1    0.0
 MONTH TO DATE     5.1                         5.3    -0.2    6.5
 SINCE MAR 1       5.1                         5.3    -0.2    6.5
 SINCE JUL 1      20.4                        52.9   -32.5   31.5
 SNOW DEPTH (IN)     8                                          7

DEGREE DAYS
 HEATING
  YESTERDAY         75                          63      12     55
  MONTH TO DATE   1808                        1740      68   1545
  SINCE MAR 1     1799                        1740      59   1542
  SINCE JUL 1    10650                       11982   -1332  10493

 COOLING
  YESTERDAY          0                           0       0      0
  MONTH TO DATE      0                           0       0      0
  SINCE MAR 1        0                           0       0      0
  SINCE JAN 1        0                           0       0      0
...................................................................

WIND (MPH)
 HIGHEST WIND SPEED     9     HIGHEST WIND DIRECTION    260
 HIGHEST GUST SPEED    11     HIGHEST GUST DIRECTION    280
 AVERAGE WIND SPEED   0.0

SKY COVER
  POSSIBLE SUNSHINE    MM          AVERAGE SKY COVER     MM

WEATHER CONDITIONS
 THE FOLLOWING WEATHER WAS RECORDED YESTERDAY.
 NO SIGNIFICANT WEATHER WAS OBSERVED.

RELATIVE HUMIDITY
 HIGHEST RH     MM PERCENT       MM
 LOWEST  RH     MM PERCENT       MM
 AVERAGE RH     MM PERCENT       MM
...................................................................

THE KOTZEBUE CLIMATE NORMALS FOR TODAY
                           NORMAL    RECORD   YEAR
 MAXIMUM TEMPERATURE (F)     11        35     1994
 MINIMUM TEMPERATURE (F)     -6       -30     1951

SUNRISE AND SUNSET
 MAR 28 2015..........SUNRISE  8:19 AM      SUNSET  9:35 PM
 MAR 29 2015..........SUNRISE  8:15 AM      SUNSET  9:39 PM

-  INDICATES NEGATIVE NUMBERS.
R  INDICATES RECORD HAS BEEN SET OR TIED.
MM INDICATES DATA IS MISSING.
T  INDICATES TRACE OF PRECIPITATION.

&&
-------------------------------------------------------------------

AMOUNT OF DAYLIGHT TODAY  (HOUR:MIN)........13 HOURS 16 MINUTES
GAIN SINCE YESTERDAY (HOUR:MIN:SEC).........+0:07:26

$$
TGH MAR 15
