756
CDAK49 PAFG 261009
CLIOTZ

CLIMATE REPORT
NATIONAL WEATHER SERVICE FAIRBANKS AK
209 AM AKDT FRI MAY 26 2017


...................................

...THE KOTZEBUE AK CLIMATE SUMMARY FOR MAY 25 2017...

CLIMATE NORMAL PERIOD 1981 TO 2010
CLIMATE RECORD PERIOD 1920 TO 2017


WEATHER ITEM   OBSERVED TIME   RECORD YEAR NORMAL DEPARTURE LAST
                VALUE   (LST)  VALUE       VALUE  FROM      YEAR
                                                  NORMAL
..................................................................
TEMPERATURE (F)
 YESTERDAY
  MAXIMUM         42    219 PM  68    1969  42      0       45
  MINIMUM         33    538 AM  12    1941  31      2       37
  AVERAGE         38                        36      2       41

PRECIPITATION (IN)
  YESTERDAY        T             0.34 1945   0.01  -0.01     0.01
  MONTH TO DATE    0.41                      0.34   0.07     0.52
  SINCE MAR 1      0.49                      1.32  -0.83     1.29
  SINCE JAN 1      2.08                      2.60  -0.52     2.00

SNOWFALL (IN)
  YESTERDAY        0.0           1.7  1976   0.1   -0.1      0.0
  MONTH TO DATE    0.2                       1.2   -1.0       T
  SINCE MAR 1      2.4                      12.2   -9.8      6.0
  SINCE JUL 1     52.6                      59.8   -7.2     26.0
  SNOW DEPTH       0

DEGREE DAYS
 HEATING
  YESTERDAY       27                        29     -2       24
  MONTH TO DATE  766                       861    -95      680
  SINCE MAR 1   4147                      4394   -247     3759
  SINCE JUL 1  13006                     14639  -1633    12537

 COOLING
  YESTERDAY        0                         0      0        0
  MONTH TO DATE    0                         0      0        0
  SINCE MAR 1      0                         0      0        0
  SINCE JAN 1      0                         0      0        0
..................................................................


WIND (MPH)
  HIGHEST GUST SPEED    31   HIGHEST GUST DIRECTION     S (160)


SKY COVER
  AVERAGE SKY COVER 0.7


WEATHER CONDITIONS
 THE FOLLOWING WEATHER WAS RECORDED YESTERDAY.
  LIGHT RAIN
  FOG


RELATIVE HUMIDITY (PERCENT)
 HIGHEST    89
 LOWEST     60
 AVERAGE    75

..........................................................


THE KOTZEBUE AK CLIMATE NORMALS FOR TODAY
                         NORMAL    RECORD    YEAR
 MAXIMUM TEMPERATURE (F)   42        71      2002
 MINIMUM TEMPERATURE (F)   31        15      1952
                                             1941


SUNRISE AND SUNSET
MAY 26 2017...........SUNRISE   402 AM AKDT  SUNSET   140 AM AKDT
MAY 27 2017...........SUNRISE   356 AM AKDT  SUNSET   146 AM AKDT

-  INDICATES NEGATIVE NUMBERS.
R  INDICATES RECORD WAS SET OR TIED.
MM INDICATES DATA IS MISSING.
T  INDICATES TRACE AMOUNT.

&&

SNOW DEPTH IS MEASURED AT 3AM AKST/4AM AKDT.

----------------------------
AVAILABLE DAYLIGHT

AMOUNT OF DAYLIGHT TODAY  (HOUR:MIN)........21:32
GAIN/LOSS SINCE YESTERDAY (HOUR:MIN:SEC)....+0:11:25

$$
MAY 17
