000
CDAK49 PAOT 261129
CLIOTZ

CLIMATE REPORT
NATIONAL WEATHER SERVICE KOTZEBUE, AK
329 AM AKDT THU MAY 26 2016

...................................
...THE KOTZEBUE WSO AP CLIMATE SUMMARY FOR MAY 25 2016...

CLIMATE NORMAL PERIOD  1981 TO  2010
CLIMATE RECORD PERIOD  1897 TO  2016

WEATHER ITEM   OBSERVED TIME    RECORD YEAR NORMAL DEPARTURE LAST
               VALUE    (LST)   VALUE       VALUE  FROM      YEAR
                                                   NORMAL
...................................................................
TEMPERATURE
YESTERDAY
 MAXIMUM            45  0131 PM    68  1969     42       3     52
 MINIMUM            37  0616 AM     8  1901     31       6     40
 AVERAGE            41                          36       5     46

PRECIPITATION
(INCHES)
 YESTERDAY        0.01           0.10  1976   0.01    0.00      T
 MONTH TO DATE    0.52                        0.34    0.18   0.58
 SINCE MAR 1      1.26                        1.32   -0.06   1.66
 SINCE JAN 1      1.98                        2.60   -0.62   2.51

SNOWFALL
(INCHES)
 YESTERDAY         0.0            1.7  1976    0.1    -0.1    0.0
 MONTH TO DATE       T                         1.2    -1.2      T
 SINCE MAR 1      14.3                        12.2     2.1    9.4
 SINCE JUL 1      59.7                        59.8    -0.1   24.7
 SNOW DEPTH (IN)     0                                          0

DEGREE DAYS
 HEATING
  YESTERDAY         24                          29      -5     19
  MONTH TO DATE    681                         861    -180    670
  SINCE MAR 1     3760                        4399    -639   4197
  SINCE JUL 1    12758                       14641   -1883  13075

 COOLING
  YESTERDAY          0                           0       0      0
  MONTH TO DATE      0                           0       0      0
  SINCE MAR 1        0                           0       0      0
  SINCE JAN 1        0                           0       0      0
...................................................................

WIND (MPH)
 HIGHEST WIND SPEED    15     HIGHEST WIND DIRECTION    150
 HIGHEST GUST SPEED    18     HIGHEST GUST DIRECTION    150
 AVERAGE WIND SPEED   8.6

WEATHER CONDITIONS
 THE FOLLOWING WEATHER WAS RECORDED YESTERDAY.
  RAIN
...................................................................

THE KOTZEBUE CLIMATE NORMALS FOR TODAY
                           NORMAL    RECORD   YEAR
 MAXIMUM TEMPERATURE (F)     42        71     2002
 MINIMUM TEMPERATURE (F)     31         9     1901

SUNRISE AND SUNSET
 MAY 26 2016..........SUNRISE  4:00 AM      SUNSET  1:41 AM
 MAY 27 2016..........SUNRISE  3:54 AM      SUNSET  1:48 AM

-  INDICATES NEGATIVE NUMBERS.
R  INDICATES RECORD HAS BEEN SET OR TIED.
MM INDICATES DATA IS MISSING.
T  INDICATES TRACE OF PRECIPITATION.

&&
-------------------------------------------------------------------

AMOUNT OF DAYLIGHT TODAY  (HOUR:MIN)........21 HOURS 41 MINUTES
GAIN SINCE YESTERDAY (HOUR:MIN:SEC).........+0:11:31

$$
CRG MAY 16
