958
CDAK49 PAFG 190959
CLIOTZ

CLIMATE REPORT
NATIONAL WEATHER SERVICE FAIRBANKS AK
1259 AM AKST MON FEB 19 2018


...................................

...THE KOTZEBUE AK CLIMATE SUMMARY FOR FEBRUARY 18 2018...

CLIMATE NORMAL PERIOD 1981 TO 2010
CLIMATE RECORD PERIOD 1920 TO 2018


WEATHER ITEM   OBSERVED TIME   RECORD YEAR NORMAL DEPARTURE LAST
                VALUE   (LST)  VALUE       VALUE  FROM      YEAR
                                                  NORMAL
..................................................................
TEMPERATURE (F)
 YESTERDAY
  MAXIMUM         33    555 PM  35    1944   7     26       14
  MINIMUM         23   1157 PM -51    1964  -7     30       -6
  AVERAGE         28                         0     28        4

PRECIPITATION (IN)
  YESTERDAY        0.07          0.64 2009   0.03   0.04      T
  MONTH TO DATE    0.49                      0.41   0.08     0.03
  SINCE DEC 1      2.33                      1.79   0.54     1.32
  SINCE JAN 1      0.75                      1.03  -0.28     0.58

SNOWFALL (IN)
  YESTERDAY        0.7           7.0  2009   0.4    0.3      0.5
  MONTH TO DATE    3.0                       6.0   -3.0      0.9
  SINCE DEC 1     27.1                      26.6    0.5     26.3
  SINCE JUL 1     68.1                      44.0   24.1     31.9
  SNOW DEPTH      64

DEGREE DAYS
 HEATING
  YESTERDAY       37                        65    -28       61
  MONTH TO DATE  951                      1193   -242     1174
  SINCE DEC 1   4369                      5239   -870     4930
  SINCE JUL 1   8186                      9597  -1411     8543

 COOLING
  YESTERDAY        0                         0      0        0
  MONTH TO DATE    0                         0      0        0
  SINCE DEC 1      0                         0      0        0
  SINCE JAN 1      0                         0      0        0
..................................................................


WIND (MPH)
  HIGHEST GUST SPEED    52   HIGHEST GUST DIRECTION     E (110)


SKY COVER
  AVERAGE SKY COVER 0.6


WEATHER CONDITIONS
 THE FOLLOWING WEATHER WAS RECORDED YESTERDAY.
  SNOW
  LIGHT SNOW
  FOG
  FOG W/VISIBILITY <= 1/4 MILE
  BLOWING SNOW


RELATIVE HUMIDITY (PERCENT)
 HIGHEST   100
 LOWEST     82
 AVERAGE    91

..........................................................


THE KOTZEBUE AK CLIMATE NORMALS FOR TODAY
                         NORMAL    RECORD    YEAR
 MAXIMUM TEMPERATURE (F)    7        33      2010
 MINIMUM TEMPERATURE (F)   -7       -52      1964


SUNRISE AND SUNSET
FEBRUARY 19 2018......SUNRISE   944 AM AKST  SUNSET   626 PM AKST
FEBRUARY 20 2018......SUNRISE   940 AM AKST  SUNSET   630 PM AKST

-  INDICATES NEGATIVE NUMBERS.
R  INDICATES RECORD WAS SET OR TIED.
MM INDICATES DATA IS MISSING.
T  INDICATES TRACE AMOUNT.

&&

SNOW DEPTH IS MEASURED AT 3AM AKST/4AM AKDT.

----------------------------
AVAILABLE DAYLIGHT

AMOUNT OF DAYLIGHT TODAY  (HOUR:MIN)........8:42
GAIN/LOSS SINCE YESTERDAY (HOUR:MIN:SEC)....+0:07:39

$$
FEB 18
