000
CDUS43 KDDC 251425
CLIP28


CLIMATE REPORT
NATIONAL WEATHER SERVICE DODGE CITY KS
925 AM CDT SAT MAR 25 2017


...................................

...THE MEDICINE LODGE KS CLIMATE SUMMARY FOR MARCH 25 2017...
VALID AS OF 0800 AM LOCAL TIME.

CLIMATE NORMAL PERIOD 1981 TO 2010
CLIMATE RECORD PERIOD 1893 TO 2017


WEATHER ITEM   OBSERVED TIME   RECORD YEAR NORMAL DEPARTURE LAST
                VALUE   (LST)  VALUE       VALUE  FROM      YEAR
                                                  NORMAL
..................................................................
TEMPERATURE (F)
 TODAY
  MAXIMUM         45    747 AM  94    1907  62    -17       67
  MINIMUM         43    546 AM  15    1996  37      6       25
  AVERAGE         44                        49     -5       46

PRECIPITATION (IN)
  TODAY            0.00          1.10 1959   0.07  -0.07     0.00
  MONTH TO DATE    0.00                      1.82  -1.82     0.22
  SINCE MAR 1      0.00                      1.82  -1.82     0.22
  SINCE JAN 1      3.92                      3.57   0.35     1.11

..................................................................


WIND (MPH)
  HIGHEST WIND SPEED    29   HIGHEST WIND DIRECTION     N (340)
  HIGHEST GUST SPEED    39   HIGHEST GUST DIRECTION     N (350)



WEATHER CONDITIONS
 THE FOLLOWING WEATHER WAS RECORDED TODAY.
  NO SIGNIFICANT WEATHER WAS OBSERVED.


RELATIVE HUMIDITY (PERCENT)
 HIGHEST    89           100 AM
 LOWEST     76           500 AM

..........................................................


THE MEDICINE LODGE KS CLIMATE NORMALS FOR TOMORROW
                         NORMAL    RECORD    YEAR
 MAXIMUM TEMPERATURE (F)   62        93      1956
 MINIMUM TEMPERATURE (F)   37         6      1955


SUNRISE AND SUNSET
MARCH 25 2017.........SUNRISE   730 AM CDT   SUNSET   751 PM CDT
MARCH 26 2017.........SUNRISE   728 AM CDT   SUNSET   752 PM CDT


-  INDICATES NEGATIVE NUMBERS.
R  INDICATES RECORD WAS SET OR TIED.
MM INDICATES DATA IS MISSING.
T  INDICATES TRACE AMOUNT.




$$
