000
CDUS43 KDDC 240755
CLIP28


CLIMATE REPORT
NATIONAL WEATHER SERVICE DODGE CITY KS
155 AM CST SAT FEB 24 2018


...................................

...THE MEDICINE LODGE KS CLIMATE SUMMARY FOR FEBRUARY 23 2018...

CLIMATE NORMAL PERIOD 1981 TO 2010
CLIMATE RECORD PERIOD 1893 TO 2018


WEATHER ITEM   OBSERVED TIME   RECORD YEAR NORMAL DEPARTURE LAST
                VALUE   (LST)  VALUE       VALUE  FROM      YEAR
                                                  NORMAL
..................................................................
TEMPERATURE (F)
 YESTERDAY
  MAXIMUM         34   1222 PM  91    1904  53    -19       82
  MINIMUM         30    312 AM   1    2013  28      2       38
  AVERAGE         32                        40     -8       60

PRECIPITATION (IN)
  YESTERDAY        0.01          1.14 1985   0.05  -0.04     0.00
  MONTH TO DATE    0.29                      0.81  -0.52     0.22
  SINCE DEC 1      0.37                      2.44  -2.07     4.62
  SINCE JAN 1      0.37                      1.52  -1.15     3.92

SNOWFALL (IN)
  YESTERDAY       MM            MM      MM   0.1             0.0
  MONTH TO DATE    0.0                       2.0             0.0
  SINCE DEC 1      T                         8.0             1.4
  SINCE JUL 1      T                         8.2             1.4
  SNOW DEPTH       0

DEGREE DAYS
 HEATING
  YESTERDAY       33                        25      8        5
  MONTH TO DATE  716                       634     82      425
  SINCE DEC 1   2517                      2553    -36     2349
  SINCE JUL 1   3277                      3411   -134     2885

 COOLING
  YESTERDAY        0                         0      0        0
  MONTH TO DATE    0                         0      0        0
  SINCE DEC 1      0                         0      0        0
  SINCE JAN 1      0                         0      0        0
..................................................................


WIND (MPH)
  HIGHEST WIND SPEED    14   HIGHEST WIND DIRECTION    NE (50)
  HIGHEST GUST SPEED    19   HIGHEST GUST DIRECTION     N (20)
  AVERAGE WIND SPEED     7.1




RELATIVE HUMIDITY (PERCENT)
 HIGHEST   100           100 AM
 LOWEST     89          1100 AM
 AVERAGE    95

..........................................................


THE MEDICINE LODGE KS CLIMATE NORMALS FOR TODAY
                         NORMAL    RECORD    YEAR
 MAXIMUM TEMPERATURE (F)   53        84      1930
 MINIMUM TEMPERATURE (F)   28        -6      1913


SUNRISE AND SUNSET
FEBRUARY 24 2018......SUNRISE   712 AM CST   SUNSET   623 PM CST
FEBRUARY 25 2018......SUNRISE   711 AM CST   SUNSET   624 PM CST


-  INDICATES NEGATIVE NUMBERS.
R  INDICATES RECORD WAS SET OR TIED.
MM INDICATES DATA IS MISSING.
T  INDICATES TRACE AMOUNT.




$$
