437
CDUS43 KDDC 230709
CLIP28


CLIMATE REPORT
NATIONAL WEATHER SERVICE DODGE CITY KS
108 AM CST THU NOV 23 2017


...................................

...THE MEDICINE LODGE KS CLIMATE SUMMARY FOR NOVEMBER 22 2017...

CLIMATE NORMAL PERIOD 1981 TO 2010
CLIMATE RECORD PERIOD 1893 TO 2017


WEATHER ITEM   OBSERVED TIME   RECORD YEAR NORMAL DEPARTURE LAST
                VALUE   (LST)  VALUE       VALUE  FROM      YEAR
                                                  NORMAL
..................................................................
TEMPERATURE (F)
 YESTERDAY
  MAXIMUM         50    333 PM  77    1966  55     -5       70
  MINIMUM         21    403 AM   9    1929  30     -9       45
  AVERAGE         36                        42     -6       58

PRECIPITATION (IN)
  YESTERDAY        0.00          0.43 1941   0.03  -0.03     0.03
  MONTH TO DATE    0.12                      0.76  -0.64     0.65
  SINCE SEP 1      7.16                      5.70   1.46     9.17
  SINCE JAN 1     29.29                     26.05   3.24    29.60

SNOWFALL (IN)
  YESTERDAY        0.0          MM      MM   0.1             0.0
  MONTH TO DATE    0.0                       0.1             0.0
  SINCE SEP 1      0.0                       0.1             0.0
  SINCE JUL 1      0.0                       0.1             0.0
  SNOW DEPTH       0

DEGREE DAYS
 HEATING
  YESTERDAY       29                        23      6        7
  MONTH TO DATE  402                       390     12      263
  SINCE SEP 1    645                       659    -14      389
  SINCE JUL 1    645                       659    -14      389

 COOLING
  YESTERDAY        0                         0      0        0
  MONTH TO DATE    1                         0      1        5
  SINCE SEP 1    297                       258     39      337
  SINCE JAN 1   1656                      1769   -113     1937
..................................................................


WIND (MPH)
  HIGHEST WIND SPEED    15   HIGHEST WIND DIRECTION     S (180)
  HIGHEST GUST SPEED    21   HIGHEST GUST DIRECTION     S (160)
  AVERAGE WIND SPEED     5.8




RELATIVE HUMIDITY (PERCENT)
 HIGHEST    68           400 AM
 LOWEST     28           200 PM
 AVERAGE    48

..........................................................


THE MEDICINE LODGE KS CLIMATE NORMALS FOR TODAY
                         NORMAL    RECORD    YEAR
 MAXIMUM TEMPERATURE (F)   54        78      1904
 MINIMUM TEMPERATURE (F)   29         8      1921


SUNRISE AND SUNSET
NOVEMBER 23 2017......SUNRISE   722 AM CST   SUNSET   519 PM CST
NOVEMBER 24 2017......SUNRISE   723 AM CST   SUNSET   519 PM CST


-  INDICATES NEGATIVE NUMBERS.
R  INDICATES RECORD WAS SET OR TIED.
MM INDICATES DATA IS MISSING.
T  INDICATES TRACE AMOUNT.




$$
