000
CDUS43 KDDC 010709
CLIP28


CLIMATE REPORT
NATIONAL WEATHER SERVICE DODGE CITY KS
205 AM CDT SAT OCT 1 2016


...................................

...THE MEDICINE LODGE KS CLIMATE SUMMARY FOR SEPTEMBER 30 2016...

CLIMATE NORMAL PERIOD 1981 TO 2010
CLIMATE RECORD PERIOD 1893 TO 2016


WEATHER ITEM   OBSERVED TIME   RECORD YEAR NORMAL DEPARTURE LAST
                VALUE   (LST)  VALUE       VALUE  FROM      YEAR
                                                  NORMAL
..................................................................
TEMPERATURE (F)
 YESTERDAY
  MAXIMUM         72    502 PM 105    1984  78     -6       78
  MINIMUM         44    653 AM  34    1946  53     -9       60
  AVERAGE         58                        65     -7       69

PRECIPITATION (IN)
  YESTERDAY        0.00          9.00 1923   0.06  -0.06     0.00
  MONTH TO DATE    7.18                      2.10   5.08     1.53
  SINCE SEP 1      7.18                      2.10   5.08     1.53
  SINCE JAN 1     27.61                     22.45   5.16    27.70

SNOWFALL (IN)
  YESTERDAY        0.0          MM      MM   0.0             0.0
  MONTH TO DATE    0.0                       0.0             0.0
  SINCE SEP 1      0.0                       0.0             0.0
  SINCE JUL 1      0.0                       0.0             0.0
  SNOW DEPTH       0

DEGREE DAYS
 HEATING
  YESTERDAY        7                         3      4        0
  MONTH TO DATE   22                        32    -10        0
  SINCE SEP 1     22                        34    -12        0
  SINCE JUL 1     22                        34    -12        0

 COOLING
  YESTERDAY        0                         3     -3        4
  MONTH TO DATE  255                       220     35      347
  SINCE SEP 1    255                       220     35      347
  SINCE JAN 1   1855                      1731    124     1826
..................................................................


WIND (MPH)
  HIGHEST WIND SPEED     9   HIGHEST WIND DIRECTION     E (90)
  HIGHEST GUST SPEED    12   HIGHEST GUST DIRECTION    SE (140)
  AVERAGE WIND SPEED     3.1




RELATIVE HUMIDITY (PERCENT)
 HIGHEST    93           200 AM
 LOWEST     41           200 PM
 AVERAGE    67

..........................................................


THE MEDICINE LODGE KS CLIMATE NORMALS FOR TODAY
                         NORMAL    RECORD    YEAR
 MAXIMUM TEMPERATURE (F)   77        97      1979
 MINIMUM TEMPERATURE (F)   52        32      1958


SUNRISE AND SUNSET
OCTOBER  1 2016.......SUNRISE   730 AM CDT   SUNSET   717 PM CDT
OCTOBER  2 2016.......SUNRISE   731 AM CDT   SUNSET   715 PM CDT


-  INDICATES NEGATIVE NUMBERS.
R  INDICATES RECORD WAS SET OR TIED.
MM INDICATES DATA IS MISSING.
T  INDICATES TRACE AMOUNT.




$$
