000
CDUS43 KDDC 262327
CLIP28


CLIMATE REPORT
NATIONAL WEATHER SERVICE DODGE CITY KS
626 PM CDT WED JUL 26 2017


...................................

...THE MEDICINE LODGE KS CLIMATE SUMMARY FOR JULY 26 2017...
VALID TODAY AS OF 0500 PM LOCAL TIME.

CLIMATE NORMAL PERIOD 1981 TO 2010
CLIMATE RECORD PERIOD 1893 TO 2017


WEATHER ITEM   OBSERVED TIME   RECORD YEAR NORMAL DEPARTURE LAST
                VALUE   (LST)  VALUE       VALUE  FROM      YEAR
                                                  NORMAL
..................................................................
TEMPERATURE (F)
 TODAY
  MAXIMUM        102    113 PM 108    1910  95      7       94
  MINIMUM         79    717 AM  56    1900  70      9       68
  AVERAGE         91                        83      8       81

PRECIPITATION (IN)
  TODAY            0.03          1.24 1941   0.09  -0.06     0.00
  MONTH TO DATE    0.86                      2.91  -2.05     1.57
  SINCE JUN 1      2.85                      7.02  -4.17     3.47
  SINCE JAN 1     18.40                     16.76   1.64    12.25

DEGREE DAYS
 HEATING
  TODAY            0                         0      0        0
  MONTH TO DATE    0                         0      0        0
  SINCE JUN 1      0                         3     -3        0
  SINCE JUL 1      0                         0      0        0

 COOLING
  TODAY           26                        18      8       16
  MONTH TO DATE  484                       442     42      489
  SINCE JUN 1    856                       795     61      948
  SINCE JAN 1    954                       951      3     1085
..................................................................


WIND (MPH)
  HIGHEST WIND SPEED    22   HIGHEST WIND DIRECTION    SW (220)
  HIGHEST GUST SPEED    32   HIGHEST GUST DIRECTION    SW (210)
  AVERAGE WIND SPEED    10.8




RELATIVE HUMIDITY (PERCENT)
 HIGHEST    67           600 AM
 LOWEST     29           100 PM
 AVERAGE    48

..........................................................


THE MEDICINE LODGE KS CLIMATE NORMALS FOR TOMORROW
                         NORMAL    RECORD    YEAR
 MAXIMUM TEMPERATURE (F)   95       112      2011
 MINIMUM TEMPERATURE (F)   70        54      1994


SUNRISE AND SUNSET
JULY 26 2017..........SUNRISE   634 AM CDT   SUNSET   847 PM CDT
JULY 27 2017..........SUNRISE   635 AM CDT   SUNSET   846 PM CDT


-  INDICATES NEGATIVE NUMBERS.
R  INDICATES RECORD WAS SET OR TIED.
MM INDICATES DATA IS MISSING.
T  INDICATES TRACE AMOUNT.




$$
