000
CDUS43 KDDC 262337
CLIP28


CLIMATE REPORT
NATIONAL WEATHER SERVICE DODGE CITY KS
532 PM CST MON JAN 26 2015


...................................

...THE MEDICINE LODGE KS CLIMATE SUMMARY FOR JANUARY 26 2015...
VALID TODAY AS OF 0500 PM LOCAL TIME.

CLIMATE NORMAL PERIOD 1981 TO 2010
CLIMATE RECORD PERIOD 1893 TO 2015


WEATHER ITEM   OBSERVED TIME   RECORD YEAR NORMAL DEPARTURE LAST
                VALUE   (LST)  VALUE       VALUE  FROM      YEAR
                                                  NORMAL
..................................................................
TEMPERATURE (F)
 TODAY
  MAXIMUM         74    359 PM  75    1911  46     28       62
  MINIMUM         23    750 AM  -6    1904  22      1       27
  AVERAGE         49                        34     15       45

PRECIPITATION (IN)
  TODAY            0.00          1.25 1916   0.03  -0.03     0.00
  MONTH TO DATE    0.24                      0.55  -0.31     0.12
  SINCE DEC 1      1.56                      1.47   0.09     0.63
  SINCE JAN 1      0.24                      0.55  -0.31     0.12

DEGREE DAYS
 HEATING
  TODAY           16                        31    -15       20
  MONTH TO DATE  823                       825     -2      808
  SINCE DEC 1   1682                      1766    -84     1868
  SINCE JUL 1   2587                      2624    -37     2806

 COOLING
  TODAY            0                         0      0        0
  MONTH TO DATE    0                         0      0        0
  SINCE DEC 1      0                         0      0        0
  SINCE JAN 1      0                         0      0        0
..................................................................


WIND (MPH)
  HIGHEST WIND SPEED    23   HIGHEST WIND DIRECTION     N (340)
  HIGHEST GUST SPEED    30   HIGHEST GUST DIRECTION     N (340)
  AVERAGE WIND SPEED     6.5




RELATIVE HUMIDITY (PERCENT)
 HIGHEST    88           300 AM
 LOWEST     22           300 PM
 AVERAGE    55

..........................................................


THE MEDICINE LODGE KS CLIMATE NORMALS FOR TOMORROW
                         NORMAL    RECORD    YEAR
 MAXIMUM TEMPERATURE (F)   47        74      2013
 MINIMUM TEMPERATURE (F)   22        -6      1963


SUNRISE AND SUNSET
JANUARY 26 2015.......SUNRISE   742 AM CST   SUNSET   552 PM CST
JANUARY 27 2015.......SUNRISE   741 AM CST   SUNSET   553 PM CST


-  INDICATES NEGATIVE NUMBERS.
R  INDICATES RECORD WAS SET OR TIED.
MM INDICATES DATA IS MISSING.
T  INDICATES TRACE AMOUNT.




$$
