000
CDUS43 KDDC 312325
CLIP28


CLIMATE REPORT
NATIONAL WEATHER SERVICE DODGE CITY KS
625 PM CDT WED AUG 31 2016


...................................

...THE MEDICINE LODGE KS CLIMATE SUMMARY FOR AUGUST 31 2016...
VALID TODAY AS OF 0500 PM LOCAL TIME.

CLIMATE NORMAL PERIOD 1981 TO 2010
CLIMATE RECORD PERIOD 1893 TO 2016


WEATHER ITEM   OBSERVED TIME   RECORD YEAR NORMAL DEPARTURE LAST
                VALUE   (LST)  VALUE       VALUE  FROM      YEAR
                                                  NORMAL
..................................................................
TEMPERATURE (F)
 TODAY
  MAXIMUM         83    149 PM 109    2011  90     -7       97
  MINIMUM         68    647 AM  45    1915  65      3       67
  AVERAGE         76                        77     -1       82

PRECIPITATION (IN)
  TODAY            0.00          1.72 1981   0.11  -0.11     0.00
  MONTH TO DATE    7.16                      3.12   4.04     1.30
  SINCE JUN 1     11.65                     10.61   1.04    14.21
  SINCE JAN 1     20.43                     20.35   0.08    26.17

DEGREE DAYS
 HEATING
  TODAY            0                         0      0        0
  MONTH TO DATE    0                         0      0        0
  SINCE JUN 1      0                         3     -3        0
  SINCE JUL 1      0                         0      0        0

 COOLING
  TODAY           11                        12     -1       17
  MONTH TO DATE  428                       474    -46      411
  SINCE JUN 1   1463                      1355    108     1372
  SINCE JAN 1   1600                      1511     89     1479
..................................................................


WIND (MPH)
  HIGHEST WIND SPEED    13   HIGHEST WIND DIRECTION    NE (40)
  HIGHEST GUST SPEED    17   HIGHEST GUST DIRECTION     N (20)
  AVERAGE WIND SPEED     5.8




RELATIVE HUMIDITY (PERCENT)
 HIGHEST    93          1200 AM
 LOWEST     58           300 PM
 AVERAGE    76

..........................................................


THE MEDICINE LODGE KS CLIMATE NORMALS FOR TOMORROW
                         NORMAL    RECORD    YEAR
 MAXIMUM TEMPERATURE (F)   89       110      1939
 MINIMUM TEMPERATURE (F)   64        47      1949


SUNRISE AND SUNSET
AUGUST 31 2016........SUNRISE   704 AM CDT   SUNSET   804 PM CDT
SEPTEMBER  1 2016.....SUNRISE   705 AM CDT   SUNSET   802 PM CDT


-  INDICATES NEGATIVE NUMBERS.
R  INDICATES RECORD WAS SET OR TIED.
MM INDICATES DATA IS MISSING.
T  INDICATES TRACE AMOUNT.




$$
