000
CDUS43 KDDC 301434
CLIP28


CLIMATE REPORT
NATIONAL WEATHER SERVICE DODGE CITY KS
933 AM CDT TUE JUN 30 2015


...................................

...THE MEDICINE LODGE KS CLIMATE SUMMARY FOR JUNE 30 2015...
VALID AS OF 0800 AM LOCAL TIME.

CLIMATE NORMAL PERIOD 1981 TO 2010
CLIMATE RECORD PERIOD 1893 TO 2015


WEATHER ITEM   OBSERVED TIME   RECORD YEAR NORMAL DEPARTURE LAST
                VALUE   (LST)  VALUE       VALUE  FROM      YEAR
                                                  NORMAL
..................................................................
TEMPERATURE (F)
 TODAY
  MAXIMUM         79    759 AM 108    1956  93    -14       94
  MINIMUM         65    538 AM  50    1904  68     -3       64
  AVERAGE         72                        80     -8       79

PRECIPITATION (IN)
  TODAY            0.00          2.20 1951   0.09  -0.09     0.27
  MONTH TO DATE    2.26                      4.11  -1.85     7.89
  SINCE JUN 1      2.26                      4.11  -1.85     7.89
  SINCE JAN 1     14.22                     13.85   0.37    10.78

..................................................................


WIND (MPH)
  HIGHEST WIND SPEED     9   HIGHEST WIND DIRECTION     S (190)
  HIGHEST GUST SPEED    12   HIGHEST GUST DIRECTION     S (190)



WEATHER CONDITIONS
 THE FOLLOWING WEATHER WAS RECORDED TODAY.
  NO SIGNIFICANT WEATHER WAS OBSERVED.


RELATIVE HUMIDITY (PERCENT)
 HIGHEST    87

..........................................................


THE MEDICINE LODGE KS CLIMATE NORMALS FOR TOMORROW
                         NORMAL    RECORD    YEAR
 MAXIMUM TEMPERATURE (F)   93       109      1933
 MINIMUM TEMPERATURE (F)   68        52      1918


SUNRISE AND SUNSET
JUNE 30 2015..........SUNRISE   617 AM CDT   SUNSET   859 PM CDT
JULY  1 2015..........SUNRISE   617 AM CDT   SUNSET   859 PM CDT


-  INDICATES NEGATIVE NUMBERS.
R  INDICATES RECORD WAS SET OR TIED.
MM INDICATES DATA IS MISSING.
T  INDICATES TRACE AMOUNT.




$$
