000
CDUS43 KDDC 281018
CLIP28


CLIMATE REPORT
NATIONAL WEATHER SERVICE DODGE CITY KS
514 AM CDT THU AUG 28 2014


...................................

...THE MEDICINE LODGE KS CLIMATE SUMMARY FOR AUGUST 27 2014...

CLIMATE NORMAL PERIOD 1981 TO 2010
CLIMATE RECORD PERIOD 1893 TO 2014


WEATHER ITEM   OBSERVED TIME   RECORD YEAR NORMAL DEPARTURE LAST
                VALUE   (LST)  VALUE       VALUE  FROM      YEAR
                                                  NORMAL
..................................................................
TEMPERATURE (F)
 YESTERDAY
  MAXIMUM         93    502 PM 107    1984  91      2       93
  MINIMUM         70    658 AM  40    1906  66      4       69
  AVERAGE         82                        78      4       81

PRECIPITATION (IN)
  YESTERDAY        0.00          3.71 1986   0.10  -0.10     0.00
  MONTH TO DATE    1.18                      2.69  -1.51     6.29
  SINCE JUN 1     13.79                     10.18   3.61    11.29
  SINCE JAN 1     16.68                     19.92  -3.24    21.64

SNOWFALL (IN)
  YESTERDAY        0.0          MM      MM   0.0             0.0
  MONTH TO DATE    0.0                       0.0             0.0
  SINCE JUN 1      0.0                       0.0             0.0
  SINCE JUL 1      0.0                       0.0             0.0
  SNOW DEPTH       0

DEGREE DAYS
 HEATING
  YESTERDAY        0                         0      0
  MONTH TO DATE    0                         0      0
  SINCE JUN 1      5                         3      2
  SINCE JUL 1      5                         0      5

 COOLING
  YESTERDAY       17                        13      4       16
  MONTH TO DATE  450                       423     27      351
  SINCE JUN 1   1161                      1304   -143     1230
  SINCE JAN 1   1430                      1460    -30     1373
..................................................................


WIND (MPH)
  HIGHEST WIND SPEED    14   HIGHEST WIND DIRECTION     S (180)
  HIGHEST GUST SPEED    19   HIGHEST GUST DIRECTION     S (160)
  AVERAGE WIND SPEED     6.5




RELATIVE HUMIDITY (PERCENT)
 HIGHEST    90           600 AM
 LOWEST     33           500 PM
 AVERAGE    62

..........................................................


THE MEDICINE LODGE KS CLIMATE NORMALS FOR TODAY
                         NORMAL    RECORD    YEAR
 MAXIMUM TEMPERATURE (F)   90       109      1984
 MINIMUM TEMPERATURE (F)   66        47      1916


SUNRISE AND SUNSET
AUGUST 28 2014........SUNRISE   702 AM CDT   SUNSET   809 PM CDT
AUGUST 29 2014........SUNRISE   702 AM CDT   SUNSET   807 PM CDT


-  INDICATES NEGATIVE NUMBERS.
R  INDICATES RECORD WAS SET OR TIED.
MM INDICATES DATA IS MISSING.
T  INDICATES TRACE AMOUNT.




$$
