967
CDUS43 KDDC 030712
CLIP28


CLIMATE REPORT
NATIONAL WEATHER SERVICE DODGE CITY KS
212 AM CDT TUE MAY 3 2016


...................................

...THE MEDICINE LODGE KS CLIMATE SUMMARY FOR MAY 2 2016...

CLIMATE NORMAL PERIOD 1981 TO 2010
CLIMATE RECORD PERIOD 1893 TO 2016


WEATHER ITEM   OBSERVED TIME   RECORD YEAR NORMAL DEPARTURE LAST
                VALUE   (LST)  VALUE       VALUE  FROM      YEAR
                                                  NORMAL
..................................................................
TEMPERATURE (F)
 YESTERDAY
  MAXIMUM         66    537 PM  96    1968  74     -8       84
  MINIMUM         45    347 AM  32    2014  50     -5       58
  AVERAGE         56                        62     -6       71

PRECIPITATION (IN)
  YESTERDAY        0.00          1.78 1914   0.11  -0.11     0.00
  MONTH TO DATE    0.00                      0.21  -0.21     0.00
  SINCE MAR 1      5.61                      4.90   0.71     3.86
  SINCE JAN 1      6.50                      6.65  -0.15     5.17

SNOWFALL (IN)
  YESTERDAY        0.0          MM      MM   0.0             0.0
  MONTH TO DATE    0.0                       0.0             0.0
  SINCE MAR 1      1.0                       0.1             0.3
  SINCE JUL 1      2.0                       8.5            13.2
  SNOW DEPTH       0

DEGREE DAYS
 HEATING
  YESTERDAY        9                         5      4        0
  MONTH TO DATE   27                        10     17        0
  SINCE MAR 1    630                       866   -236      643
  SINCE JUL 1   3519                      4395   -876     4217

 COOLING
  YESTERDAY        0                         2     -2        6
  MONTH TO DATE    0                         3     -3        7
  SINCE MAR 1     36                        27      9       39
  SINCE JAN 1     36                        27      9       39
..................................................................


WIND (MPH)
  HIGHEST WIND SPEED    15   HIGHEST WIND DIRECTION     N (340)
  HIGHEST GUST SPEED    20   HIGHEST GUST DIRECTION     N (10)
  AVERAGE WIND SPEED     7.9




RELATIVE HUMIDITY (PERCENT)
 HIGHEST    86          1200 AM
 LOWEST     34           600 PM
 AVERAGE    60

..........................................................


THE MEDICINE LODGE KS CLIMATE NORMALS FOR TODAY
                         NORMAL    RECORD    YEAR
 MAXIMUM TEMPERATURE (F)   74       101      1950
 MINIMUM TEMPERATURE (F)   50        28      1954


SUNRISE AND SUNSET
MAY  3 2016...........SUNRISE   637 AM CDT   SUNSET   826 PM CDT
MAY  4 2016...........SUNRISE   636 AM CDT   SUNSET   827 PM CDT


-  INDICATES NEGATIVE NUMBERS.
R  INDICATES RECORD WAS SET OR TIED.
MM INDICATES DATA IS MISSING.
T  INDICATES TRACE AMOUNT.




$$
