000
CDUS43 KDDC 310719
CLIP28


CLIMATE REPORT
NATIONAL WEATHER SERVICE DODGE CITY KS
218 AM CDT SUN JUL 31 2016


...................................

...THE MEDICINE LODGE KS CLIMATE SUMMARY FOR JULY 30 2016...

CLIMATE NORMAL PERIOD 1981 TO 2010
CLIMATE RECORD PERIOD 1893 TO 2016


WEATHER ITEM   OBSERVED TIME   RECORD YEAR NORMAL DEPARTURE LAST
                VALUE   (LST)  VALUE       VALUE  FROM      YEAR
                                                  NORMAL
..................................................................
TEMPERATURE (F)
 YESTERDAY
  MAXIMUM         91    345 PM 109    2012  95     -4       84
  MINIMUM         70    736 AM  53    1971  70      0       69
  AVERAGE         81                        82     -1       77

PRECIPITATION (IN)
  YESTERDAY        0.07          2.18 2014   0.11  -0.04     2.04
  MONTH TO DATE    2.59                      3.27  -0.68    10.65
  SINCE JUN 1      4.49                      7.38  -2.89    12.91
  SINCE JAN 1     13.27                     17.12  -3.85    24.87

SNOWFALL (IN)
  YESTERDAY        0.0          MM      MM   0.0             0.0
  MONTH TO DATE    0.0                       0.0             0.0
  SINCE JUN 1      0.0                       0.0             0.0
  SINCE JUL 1      0.0                       0.0             0.0
  SNOW DEPTH       0

DEGREE DAYS
 HEATING
  YESTERDAY        0                         0      0        0
  MONTH TO DATE    0                         0      0        0
  SINCE JUN 1      0                         3     -3        0
  SINCE JUL 1      0                         0      0        0

 COOLING
  YESTERDAY       16                        17     -1       12
  MONTH TO DATE  555                       513     42      514
  SINCE JUN 1   1014                       866    148      946
  SINCE JAN 1   1151                      1022    129     1053
..................................................................


WIND (MPH)
  HIGHEST WIND SPEED    15   HIGHEST WIND DIRECTION    NE (50)
  HIGHEST GUST SPEED    22   HIGHEST GUST DIRECTION     S (170)
  AVERAGE WIND SPEED     7.3




RELATIVE HUMIDITY (PERCENT)
 HIGHEST    90           300 AM
 LOWEST     47           300 PM
 AVERAGE    69

..........................................................


THE MEDICINE LODGE KS CLIMATE NORMALS FOR TODAY
                         NORMAL    RECORD    YEAR
 MAXIMUM TEMPERATURE (F)   95       113      1934
 MINIMUM TEMPERATURE (F)   70        52      1925


SUNRISE AND SUNSET
JULY 31 2016..........SUNRISE   639 AM CDT   SUNSET   842 PM CDT
AUGUST  1 2016........SUNRISE   639 AM CDT   SUNSET   841 PM CDT


-  INDICATES NEGATIVE NUMBERS.
R  INDICATES RECORD WAS SET OR TIED.
MM INDICATES DATA IS MISSING.
T  INDICATES TRACE AMOUNT.




$$
