000
CDUS45 KRIW 260738
CLIP60


CLIMATE REPORT
NATIONAL WEATHER SERVICE RIVERTON WY
138 AM MDT THU MAY 26 2016


...................................

...THE LAKE YELLOWSTONE WY CLIMATE SUMMARY FOR MAY 25 2016...

CLIMATE NORMAL PERIOD 1981 TO 2010
CLIMATE RECORD PERIOD 1998 TO 2016


WEATHER ITEM   OBSERVED TIME   RECORD YEAR NORMAL DEPARTURE LAST
                VALUE   (LST)  VALUE       VALUE  FROM      YEAR
                                                  NORMAL
..................................................................
TEMPERATURE (F)
 YESTERDAY
  MAXIMUM         46    432 PM  69    2003  54     -8       53
  MINIMUM         31   1034 PM  23    2005  31      0       29
  AVERAGE         39                        42     -3       41

PRECIPITATION (IN)
  YESTERDAY        0.41R         0.40 2012   0.07   0.34     0.11
  MONTH TO DATE    2.21                      1.75   0.46     2.24
  SINCE MAR 1      5.81                      5.04   0.77     3.98
  SINCE JAN 1      8.46                      8.56  -0.10     6.87

DEGREE DAYS
 HEATING
  YESTERDAY       26                        23      3       24
  MONTH TO DATE  619                       647    -28      591
  SINCE MAR 1   2830                      2961   -131     2753
  SINCE JUL 1  10614                     10898   -284    10317

 COOLING
  YESTERDAY        0                         0      0        0
  MONTH TO DATE    0                         0      0        0
  SINCE MAR 1      0                         0      0        0
  SINCE JAN 1      0                         0      0        0
..................................................................


WIND (MPH)
  HIGHEST WIND SPEED    14   HIGHEST WIND DIRECTION    NW (320)
  HIGHEST GUST SPEED    20   HIGHEST GUST DIRECTION    NW (310)
  AVERAGE WIND SPEED     1.6


SKY COVER
  POSSIBLE SUNSHINE  MM
  AVERAGE SKY COVER 0.0


WEATHER CONDITIONS
 THE FOLLOWING WEATHER WAS RECORDED YESTERDAY.
  NO SIGNIFICANT WEATHER WAS OBSERVED.


RELATIVE HUMIDITY (PERCENT)
 HIGHEST    96           800 AM
 LOWEST     70           100 PM
 AVERAGE    83

..........................................................


THE LAKE YELLOWSTONE WY CLIMATE NORMALS FOR TODAY
                         NORMAL    RECORD    YEAR
 MAXIMUM TEMPERATURE (F)   55        68      2003
 MINIMUM TEMPERATURE (F)   31        22      2005


SUNRISE AND SUNSET
MAY 26 2016...........SUNRISE   543 AM MDT   SUNSET   855 PM MDT
MAY 27 2016...........SUNRISE   543 AM MDT   SUNSET   856 PM MDT


-  INDICATES NEGATIVE NUMBERS.
R  INDICATES RECORD WAS SET OR TIED.
MM INDICATES DATA IS MISSING.
T  INDICATES TRACE AMOUNT.




$$
