000
CDUS45 KRIW 280036
CLIP60


CLIMATE REPORT
NATIONAL WEATHER SERVICE RIVERTON WY
634 PM MDT WED JUL 27 2016


...................................

...THE LAKE YELLOWSTONE WY CLIMATE SUMMARY FOR JULY 27 2016...
VALID TODAY AS OF 0500 PM LOCAL TIME.

CLIMATE NORMAL PERIOD 1981 TO 2010
CLIMATE RECORD PERIOD 1998 TO 2016


WEATHER ITEM   OBSERVED TIME   RECORD YEAR NORMAL DEPARTURE LAST
                VALUE   (LST)  VALUE       VALUE  FROM      YEAR
                                                  NORMAL
..................................................................
TEMPERATURE (F)
 TODAY
  MAXIMUM         79        MM  82    2006  74      5       66
  MINIMUM         39        MM  32    2005  41     -2       34
  AVERAGE         59

PRECIPITATION (IN)
  TODAY            0.00          0.36 2002   0.05  -0.05     0.12
  MONTH TO DATE    0.83                      1.28  -0.45     1.13
  SINCE JUN 1      1.78                      3.28  -1.50     2.04
  SINCE JAN 1     10.84                     12.36  -1.52     9.78

DEGREE DAYS
 HEATING
  TODAY            6                         8     -2       15
  MONTH TO DATE  291                       251     40      274
  SINCE JUN 1    659                       744    -85      600
  SINCE JUL 1    291                       251     40      274

 COOLING
  TODAY            0                         0      0        0
  MONTH TO DATE    0                         0      0        0
  SINCE JUN 1      0                         0      0        1
  SINCE JAN 1      0                         0      0        1
..................................................................


WIND (MPH)
  HIGHEST WIND SPEED     7   HIGHEST WIND DIRECTION     E (99)
  HIGHEST GUST SPEED    MM   HIGHEST GUST DIRECTION    MM
  AVERAGE WIND SPEED     2.8


SKY COVER
  POSSIBLE SUNSHINE  MM
  AVERAGE SKY COVER 0.0


WEATHER CONDITIONS
 THE FOLLOWING WEATHER WAS RECORDED TODAY.
  NO SIGNIFICANT WEATHER WAS OBSERVED.


RELATIVE HUMIDITY (PERCENT)
 HIGHEST    85           500 AM
 LOWEST     15           400 PM
 AVERAGE    50

..........................................................


THE LAKE YELLOWSTONE WY CLIMATE NORMALS FOR TOMORROW
                         NORMAL    RECORD    YEAR
 MAXIMUM TEMPERATURE (F)   74        84      2006
 MINIMUM TEMPERATURE (F)   41        30      2015


SUNRISE AND SUNSET
JULY 27 2016..........SUNRISE   603 AM MDT   SUNSET   852 PM MDT
JULY 28 2016..........SUNRISE   605 AM MDT   SUNSET   851 PM MDT


-  INDICATES NEGATIVE NUMBERS.
R  INDICATES RECORD WAS SET OR TIED.
MM INDICATES DATA IS MISSING.
T  INDICATES TRACE AMOUNT.




$$
