000
CDUS45 KRIW 260743
CLIP60


CLIMATE REPORT
NATIONAL WEATHER SERVICE RIVERTON WY
1228 AM MST THU FEB 26 2015


...................................

...THE LAKE YELLOWSTONE WY CLIMATE SUMMARY FOR FEBRUARY 25 2015...

CLIMATE NORMAL PERIOD 1981 TO 2010
CLIMATE RECORD PERIOD 1998 TO 2015


WEATHER ITEM   OBSERVED TIME   RECORD YEAR NORMAL DEPARTURE LAST
                VALUE   (LST)  VALUE       VALUE  FROM      YEAR
                                                  NORMAL
..................................................................
TEMPERATURE (F)
 YESTERDAY
  MAXIMUM         28    153 PM  41    1999  30     -2       31
  MINIMUM          1   1027 PM -31    2003   4     -3      -11
  AVERAGE         15                        17     -2       10

PRECIPITATION (IN)
  YESTERDAY        0.02          0.40 2012   0.05  -0.03     0.10
  MONTH TO DATE    0.86                      1.25  -0.39     2.87
  SINCE DEC 1      5.39                      4.86   0.53     6.73
  SINCE JAN 1      2.89                      3.36  -0.47     4.78

DEGREE DAYS
 HEATING
  YESTERDAY       50                        48      2       55
  MONTH TO DATE 1067                      1263   -196     1324
  SINCE DEC 1   4057                      4474   -417     4684
  SINCE JUL 1   7384                      7794   -410     7912

 COOLING
  YESTERDAY        0                         0      0        0
  MONTH TO DATE    0                         0      0        0
  SINCE DEC 1      0                         0      0        0
  SINCE JAN 1      0                         0      0        0
..................................................................


WIND (MPH)
  HIGHEST WIND SPEED    14   HIGHEST WIND DIRECTION    NW (330)
  HIGHEST GUST SPEED    26   HIGHEST GUST DIRECTION     N (20)
  AVERAGE WIND SPEED     3.9


SKY COVER
  POSSIBLE SUNSHINE  MM
  AVERAGE SKY COVER 0.0


WEATHER CONDITIONS
 THE FOLLOWING WEATHER WAS RECORDED YESTERDAY.
  NO SIGNIFICANT WEATHER WAS OBSERVED.


RELATIVE HUMIDITY (PERCENT)
 HIGHEST    92           600 AM
 LOWEST     37           100 PM
 AVERAGE    65

..........................................................


THE LAKE YELLOWSTONE WY CLIMATE NORMALS FOR TODAY
                         NORMAL    RECORD    YEAR
 MAXIMUM TEMPERATURE (F)   31        40      2005
 MINIMUM TEMPERATURE (F)    4       -33      2002


SUNRISE AND SUNSET
FEBRUARY 26 2015......SUNRISE   704 AM MST   SUNSET   605 PM MST
FEBRUARY 27 2015......SUNRISE   703 AM MST   SUNSET   607 PM MST


-  INDICATES NEGATIVE NUMBERS.
R  INDICATES RECORD WAS SET OR TIED.
MM INDICATES DATA IS MISSING.
T  INDICATES TRACE AMOUNT.




$$
