000
CDUS45 KRIW 250034
CLIP60


CLIMATE REPORT
NATIONAL WEATHER SERVICE RIVERTON WY
532 PM MST WED DEC 24 2014


...................................

...THE LAKE YELLOWSTONE WY CLIMATE SUMMARY FOR DECEMBER 24 2014...
VALID TODAY AS OF 0500 PM LOCAL TIME.

CLIMATE NORMAL PERIOD 1981 TO 2010
CLIMATE RECORD PERIOD 1998 TO 2014


WEATHER ITEM   OBSERVED TIME   RECORD YEAR NORMAL DEPARTURE LAST
                VALUE   (LST)  VALUE       VALUE  FROM      YEAR
                                                  NORMAL
..................................................................
TEMPERATURE (F)
 TODAY
  MAXIMUM         23        MM  32    2005  24     -1       28
                                      1999
  MINIMUM         13        MM -16    2011   2     11        5
  AVERAGE         18

PRECIPITATION (IN)
  TODAY            0.08          0.24 2012   0.04   0.04     0.16
  MONTH TO DATE    1.60                      1.10   0.50     1.56
  SINCE DEC 1      1.60                      1.10   0.50     1.56
  SINCE JAN 1     30.40                     19.90  10.50    20.45

DEGREE DAYS
 HEATING
  TODAY           47                        52     -5       48
  MONTH TO DATE 1002                      1225   -223     1360
  SINCE DEC 1   1002                      1225   -223     1360
  SINCE JUL 1   4329                      4545   -216     4588

 COOLING
  TODAY            0                         0      0        0
  MONTH TO DATE    0                         0      0        0
  SINCE DEC 1      0                         0      0        0
  SINCE JAN 1      0                         0      0        0
..................................................................


WIND (MPH)
  HIGHEST WIND SPEED     6   HIGHEST WIND DIRECTION     E (99)
  HIGHEST GUST SPEED    MM   HIGHEST GUST DIRECTION    MM
  AVERAGE WIND SPEED     1.2


SKY COVER
  POSSIBLE SUNSHINE  MM
  AVERAGE SKY COVER 0.0


WEATHER CONDITIONS
 THE FOLLOWING WEATHER WAS RECORDED TODAY.
  NO SIGNIFICANT WEATHER WAS OBSERVED.


RELATIVE HUMIDITY (PERCENT)
 HIGHEST    92           100 AM
 LOWEST     77          1100 AM
 AVERAGE    85

..........................................................


THE LAKE YELLOWSTONE WY CLIMATE NORMALS FOR TOMORROW
                         NORMAL    RECORD    YEAR
 MAXIMUM TEMPERATURE (F)   24        32      2005
                                             1999
 MINIMUM TEMPERATURE (F)    2       -17      2002


SUNRISE AND SUNSET
DECEMBER 24 2014......SUNRISE   757 AM MST   SUNSET   446 PM MST
DECEMBER 25 2014......SUNRISE   757 AM MST   SUNSET   447 PM MST


-  INDICATES NEGATIVE NUMBERS.
R  INDICATES RECORD WAS SET OR TIED.
MM INDICATES DATA IS MISSING.
T  INDICATES TRACE AMOUNT.




$$
