000
CDUS45 KRIW 300753
CLIP60


CLIMATE REPORT
NATIONAL WEATHER SERVICE RIVERTON WY
151 AM MDT SAT MAY 30 2015


...................................

...THE LAKE YELLOWSTONE WY CLIMATE SUMMARY FOR MAY 29 2015...

CLIMATE NORMAL PERIOD 1981 TO 2010
CLIMATE RECORD PERIOD 1998 TO 2015


WEATHER ITEM   OBSERVED TIME   RECORD YEAR NORMAL DEPARTURE LAST
                VALUE   (LST)  VALUE       VALUE  FROM      YEAR
                                                  NORMAL
..................................................................
TEMPERATURE (F)
 YESTERDAY
  MAXIMUM         57    351 PM  77    2003  56      1       58
  MINIMUM         30    509 AM  27    2012  31     -1       31
                                      2008
                                      2007
  AVERAGE         44                        43      1       45

PRECIPITATION (IN)
  YESTERDAY        0.10          0.38 2013   0.09   0.01     0.00
  MONTH TO DATE    2.98                      2.09   0.89     1.67
  SINCE MAR 1      4.72                      5.38  -0.66    10.03
  SINCE JAN 1      7.61                      8.90  -1.29    15.11

DEGREE DAYS
 HEATING
  YESTERDAY       21                        22     -1       20
  MONTH TO DATE  680                       735    -55      731
  SINCE MAR 1   2842                      3049   -207     3218
  SINCE JUL 1  10406                     10986   -580    11271

 COOLING
  YESTERDAY        0                         0      0        0
  MONTH TO DATE    0                         0      0        0
  SINCE MAR 1      0                         0      0        0
  SINCE JAN 1      0                         0      0        0
..................................................................


WIND (MPH)
  HIGHEST WIND SPEED     8   HIGHEST WIND DIRECTION     E (70)
  HIGHEST GUST SPEED    10   HIGHEST GUST DIRECTION     E (110)
  AVERAGE WIND SPEED     1.7


SKY COVER
  POSSIBLE SUNSHINE  MM
  AVERAGE SKY COVER 0.0


WEATHER CONDITIONS
 THE FOLLOWING WEATHER WAS RECORDED YESTERDAY.
  NO SIGNIFICANT WEATHER WAS OBSERVED.


RELATIVE HUMIDITY (PERCENT)
 HIGHEST   100           300 AM
 LOWEST     50           100 PM
 AVERAGE    75

..........................................................


THE LAKE YELLOWSTONE WY CLIMATE NORMALS FOR TODAY
                         NORMAL    RECORD    YEAR
 MAXIMUM TEMPERATURE (F)   56        71      2002
 MINIMUM TEMPERATURE (F)   32        24      2007


SUNRISE AND SUNSET
MAY 30 2015...........SUNRISE   541 AM MDT   SUNSET   858 PM MDT
MAY 31 2015...........SUNRISE   541 AM MDT   SUNSET   859 PM MDT


-  INDICATES NEGATIVE NUMBERS.
R  INDICATES RECORD WAS SET OR TIED.
MM INDICATES DATA IS MISSING.
T  INDICATES TRACE AMOUNT.




$$
