000
CDUS45 KRIW 230744
CLIP60


CLIMATE REPORT
NATIONAL WEATHER SERVICE RIVERTON WY
1238 AM MST THU NOV 23 2017


...................................

...THE LAKE YELLOWSTONE WY CLIMATE SUMMARY FOR NOVEMBER 22 2017...

CLIMATE NORMAL PERIOD 1981 TO 2010
CLIMATE RECORD PERIOD 1998 TO 2017


WEATHER ITEM   OBSERVED TIME   RECORD YEAR NORMAL DEPARTURE LAST
                VALUE   (LST)  VALUE       VALUE  FROM      YEAR
                                                  NORMAL
..................................................................
TEMPERATURE (F)
 YESTERDAY
  MAXIMUM         41   1216 PM  44    2002  30     11       29
  MINIMUM         34    318 AM -15    2003   9     25       10
  AVERAGE         38                        20     18       20

PRECIPITATION (IN)
  YESTERDAY        0.02          0.24 2010   0.07  -0.05     0.00
  MONTH TO DATE    4.49                      1.53   2.96     0.93
  SINCE SEP 1      8.51                      4.18   4.33     9.36
  SINCE JAN 1     30.81                     18.25  12.56    20.59

DEGREE DAYS
 HEATING
  YESTERDAY       27                        45    -18       45
  MONTH TO DATE  938                       893     45      720
  SINCE SEP 1   2511                      2354    157     2173
  SINCE JUL 1   3064                      2941    123     2756

 COOLING
  YESTERDAY        0                         0      0        0
  MONTH TO DATE    0                         0      0        0
  SINCE SEP 1      0                         0      0        0
  SINCE JAN 1      0                         0      0        0
..................................................................


WIND (MPH)
  HIGHEST WIND SPEED    13   HIGHEST WIND DIRECTION     W (270)
  HIGHEST GUST SPEED    23   HIGHEST GUST DIRECTION     W (280)
  AVERAGE WIND SPEED     3.3


SKY COVER
  POSSIBLE SUNSHINE  MM
  AVERAGE SKY COVER 0.0


WEATHER CONDITIONS
 THE FOLLOWING WEATHER WAS RECORDED YESTERDAY.
  NO SIGNIFICANT WEATHER WAS OBSERVED.


RELATIVE HUMIDITY (PERCENT)
 HIGHEST   100          1200 AM
 LOWEST     92           400 AM
 AVERAGE    96

..........................................................


THE LAKE YELLOWSTONE WY CLIMATE NORMALS FOR TODAY
                         NORMAL    RECORD    YEAR
 MAXIMUM TEMPERATURE (F)   29        39      2015
                                             2011
 MINIMUM TEMPERATURE (F)    9       -16      2003


SUNRISE AND SUNSET
NOVEMBER 23 2017......SUNRISE   729 AM MST   SUNSET   447 PM MST
NOVEMBER 24 2017......SUNRISE   730 AM MST   SUNSET   446 PM MST


-  INDICATES NEGATIVE NUMBERS.
R  INDICATES RECORD WAS SET OR TIED.
MM INDICATES DATA IS MISSING.
T  INDICATES TRACE AMOUNT.




$$
