000
CDUS45 KLKN 300938
CLIP68


CLIMATE REPORT
NATIONAL WEATHER SERVICE ELKO NV
237 AM PDT SAT MAY 30 2015


...................................

...THE EUREKA AIRPORT NV CLIMATE SUMMARY FOR MAY 29 2015...

CLIMATE NORMAL PERIOD 1981 TO 2010
CLIMATE RECORD PERIOD 1963 TO 2015


WEATHER ITEM   OBSERVED TIME   RECORD YEAR NORMAL DEPARTURE LAST
                VALUE   (LST)  VALUE       VALUE  FROM      YEAR
                                                  NORMAL
..................................................................
TEMPERATURE (F)
 YESTERDAY
  MAXIMUM         80    405 PM  92    2003  74      6       76
  MINIMUM         42    458 AM  24    1989  37      5       31
  AVERAGE         61                        55      6       54

PRECIPITATION (IN)
  YESTERDAY        0.00          0.92 1988   0.02  -0.02     0.00
  MONTH TO DATE    1.96                      0.68   1.28     0.95
  SINCE OCT 1      4.33                      6.31  -1.98     6.95
  SINCE JAN 1      3.21                      4.18  -0.97     4.55

DEGREE DAYS
 HEATING
  YESTERDAY        4                        10     -6       11
  MONTH TO DATE  382                       392    -10      350
  SINCE MAR 1   1662                      1911   -249     1717
  SINCE JUL 1   5705                      7196  -1491     6521

 COOLING
  YESTERDAY        0                         0      0        0
  MONTH TO DATE    0                         0      0        2
  SINCE MAR 1      0                         0      0        2
  SINCE JAN 1      0                         0      0        2
..................................................................


WIND (MPH)
  HIGHEST WIND SPEED    13   HIGHEST WIND DIRECTION     N (20)
  HIGHEST GUST SPEED    18   HIGHEST GUST DIRECTION    NW (320)
  AVERAGE WIND SPEED     4.6




RELATIVE HUMIDITY (PERCENT)
 HIGHEST    82           500 AM
 LOWEST     16           200 PM
 AVERAGE    49

..........................................................


THE EUREKA AIRPORT NV CLIMATE NORMALS FOR TODAY
                         NORMAL    RECORD    YEAR
 MAXIMUM TEMPERATURE (F)   74        93      2002
 MINIMUM TEMPERATURE (F)   37        16      1985


SUNRISE AND SUNSET
MAY 30 2015...........SUNRISE   520 AM PDT   SUNSET   804 PM PDT
MAY 31 2015...........SUNRISE   519 AM PDT   SUNSET   804 PM PDT


-  INDICATES NEGATIVE NUMBERS.
R  INDICATES RECORD WAS SET OR TIED.
MM INDICATES DATA IS MISSING.
T  INDICATES TRACE AMOUNT.




$$
