000
CDUS45 KLKN 270947
CLIP68


CLIMATE REPORT
NATIONAL WEATHER SERVICE ELKO NV
247 AM PDT WED JUL 27 2016


...................................

...THE EUREKA AIRPORT NV CLIMATE SUMMARY FOR JULY 26 2016...

CLIMATE NORMAL PERIOD 1981 TO 2010
CLIMATE RECORD PERIOD 1963 TO 2016


WEATHER ITEM   OBSERVED TIME   RECORD YEAR NORMAL DEPARTURE LAST
                VALUE   (LST)  VALUE       VALUE  FROM      YEAR
                                                  NORMAL
..................................................................
TEMPERATURE (F)
 YESTERDAY
  MAXIMUM         99R   206 PM  98    1996  91      8       93
  MINIMUM         51    442 AM  33    1983  50      1       47
  AVERAGE         75                        70      5       70

PRECIPITATION (IN)
  YESTERDAY        0.00          0.38 2010   0.03  -0.03     0.00
  MONTH TO DATE    0.00                      0.51  -0.51     0.88
  SINCE OCT 1     12.05                      7.72   4.33     6.02
  SINCE JAN 1      7.78                      5.59   2.19     4.90

DEGREE DAYS
 HEATING
  YESTERDAY        0                         0      0        0
  MONTH TO DATE   13                         8      5       13
  SINCE JUN 1     67                       168   -101       52
  SINCE JUL 1     13                         8      5       13

 COOLING
  YESTERDAY       10                         6      4        5
  MONTH TO DATE  136                       117     19      108
  SINCE JUN 1    227                       146     81      265
  SINCE JAN 1    227                       149     78      273
..................................................................


WIND (MPH)
  HIGHEST WIND SPEED    20   HIGHEST WIND DIRECTION     W (260)
  HIGHEST GUST SPEED    29   HIGHEST GUST DIRECTION    NW (300)
  AVERAGE WIND SPEED     6.7




RELATIVE HUMIDITY (PERCENT)
 HIGHEST    30          1100 PM
 LOWEST      5           300 PM
 AVERAGE    18

..........................................................


THE EUREKA AIRPORT NV CLIMATE NORMALS FOR TODAY
                         NORMAL    RECORD    YEAR
 MAXIMUM TEMPERATURE (F)   91       100      2006
 MINIMUM TEMPERATURE (F)   50        35      1993
                                             1983


SUNRISE AND SUNSET
JULY 27 2016..........SUNRISE   539 AM PDT   SUNSET   801 PM PDT
JULY 28 2016..........SUNRISE   540 AM PDT   SUNSET   800 PM PDT


-  INDICATES NEGATIVE NUMBERS.
R  INDICATES RECORD WAS SET OR TIED.
MM INDICATES DATA IS MISSING.
T  INDICATES TRACE AMOUNT.




$$
