000
CDUS45 KLKN 260926
CLIP68


CLIMATE REPORT
NATIONAL WEATHER SERVICE ELKO NV
226 AM PDT THU MAR 26 2015


...................................

...THE EUREKA AIRPORT NV CLIMATE SUMMARY FOR MARCH 25 2015...

CLIMATE NORMAL PERIOD 1981 TO 2010
CLIMATE RECORD PERIOD 1963 TO 2015


WEATHER ITEM   OBSERVED TIME   RECORD YEAR NORMAL DEPARTURE LAST
                VALUE   (LST)  VALUE       VALUE  FROM      YEAR
                                                  NORMAL
..................................................................
TEMPERATURE (F)
 YESTERDAY
  MAXIMUM         58    409 PM  69    2014  53      5       69
  MINIMUM         30   1152 PM   0    1995  25      5       21
  AVERAGE         44                        39      5       45

PRECIPITATION (IN)
  YESTERDAY        0.00          0.13 2011   0.03  -0.03     0.00
  MONTH TO DATE    0.31                      0.73  -0.42     0.10
  SINCE OCT 1      2.02                      4.46  -2.44     4.24
  SINCE JAN 1      0.90                      2.33  -1.43     1.84

DEGREE DAYS
 HEATING
  YESTERDAY       21                        26     -5       20
  MONTH TO DATE  561                       719   -158      621
  SINCE MAR 1    561                       719   -158      621
  SINCE JUL 1   4604                      6004  -1400     5425

 COOLING
  YESTERDAY        0                         0      0        0
  MONTH TO DATE    0                         0      0        0
  SINCE MAR 1      0                         0      0        0
  SINCE JAN 1      0                         0      0        0
..................................................................


WIND (MPH)
  HIGHEST WIND SPEED    15   HIGHEST WIND DIRECTION     N (20)
  HIGHEST GUST SPEED    21   HIGHEST GUST DIRECTION    NE (50)
  AVERAGE WIND SPEED     5.8




RELATIVE HUMIDITY (PERCENT)
 HIGHEST    76           200 AM
 LOWEST     25           400 PM
 AVERAGE    51

..........................................................


THE EUREKA AIRPORT NV CLIMATE NORMALS FOR TODAY
                         NORMAL    RECORD    YEAR
 MAXIMUM TEMPERATURE (F)   53        72      1988
 MINIMUM TEMPERATURE (F)   25         4      1985


SUNRISE AND SUNSET
MARCH 26 2015.........SUNRISE   638 AM PDT   SUNSET   702 PM PDT
MARCH 27 2015.........SUNRISE   636 AM PDT   SUNSET   703 PM PDT


-  INDICATES NEGATIVE NUMBERS.
R  INDICATES RECORD WAS SET OR TIED.
MM INDICATES DATA IS MISSING.
T  INDICATES TRACE AMOUNT.




$$
