000
CDUS45 KLKN 280031
CLIP68


CLIMATE REPORT
NATIONAL WEATHER SERVICE ELKO NV
530 PM PDT SAT MAY 27 2017


...................................

...THE EUREKA AIRPORT NV CLIMATE SUMMARY FOR MAY 27 2017...
VALID TODAY AS OF 0500 PM LOCAL TIME.

CLIMATE NORMAL PERIOD 1981 TO 2010
CLIMATE RECORD PERIOD 1963 TO 2017


WEATHER ITEM   OBSERVED TIME   RECORD YEAR NORMAL DEPARTURE LAST
                VALUE   (LST)  VALUE       VALUE  FROM      YEAR
                                                  NORMAL
..................................................................
TEMPERATURE (F)
 TODAY
  MAXIMUM         72    347 PM  90    2014  73     -1       70
                                      2003
  MINIMUM         31    419 AM  24    1980  36     -5       38
  AVERAGE         52                        55     -3       54

PRECIPITATION (IN)
  TODAY            0.00          0.81 1987   0.02  -0.02     0.00
  MONTH TO DATE    0.40                      0.64  -0.24     1.73
  SINCE OCT 1      8.96                      6.27   2.69    11.43
  SINCE JAN 1      6.87                      4.14   2.73     7.16

DEGREE DAYS
 HEATING
  TODAY           13                        11      2       11
  MONTH TO DATE  334                       372    -38      382
  SINCE MAR 1   1666                      1891   -225     1686
  SINCE JUL 1   6526                      7176   -650     6789

 COOLING
  TODAY            0                         0      0        0
  MONTH TO DATE    0                         0      0        0
  SINCE MAR 1      0                         0      0        0
  SINCE JAN 1      0                         0      0        0
..................................................................


WIND (MPH)
  HIGHEST WIND SPEED    16   HIGHEST WIND DIRECTION     N (10)
  HIGHEST GUST SPEED    23   HIGHEST GUST DIRECTION     N (340)




RELATIVE HUMIDITY (PERCENT)
 HIGHEST    75           100 AM
 LOWEST     17           400 PM
 AVERAGE    46

..........................................................


THE EUREKA AIRPORT NV CLIMATE NORMALS FOR TOMORROW
                         NORMAL    RECORD    YEAR
 MAXIMUM TEMPERATURE (F)   73        95      2003
 MINIMUM TEMPERATURE (F)   36        25      1982


SUNRISE AND SUNSET
MAY 27 2017...........SUNRISE   521 AM PDT   SUNSET   802 PM PDT
MAY 28 2017...........SUNRISE   520 AM PDT   SUNSET   802 PM PDT


-  INDICATES NEGATIVE NUMBERS.
R  INDICATES RECORD WAS SET OR TIED.
MM INDICATES DATA IS MISSING.
T  INDICATES TRACE AMOUNT.




$$
