000
CDUS45 KLKN 310027
CLIP68


CLIMATE REPORT
NATIONAL WEATHER SERVICE ELKO NV
526 PM PDT SAT AUG 30 2014


...................................

...THE EUREKA AIRPORT NV CLIMATE SUMMARY FOR AUGUST 30 2014...
VALID TODAY AS OF 0500 PM LOCAL TIME.

CLIMATE NORMAL PERIOD 1981 TO 2010
CLIMATE RECORD PERIOD 1963 TO 2014


WEATHER ITEM   OBSERVED TIME   RECORD YEAR NORMAL DEPARTURE LAST
                VALUE   (LST)  VALUE       VALUE  FROM      YEAR
                                                  NORMAL
..................................................................
TEMPERATURE (F)
 TODAY
  MAXIMUM         87    136 PM  93    2011  84      3       90
                                      1998
  MINIMUM         60   1232 AM  30    1968  44     16       53
  AVERAGE         74                        64     10       72

PRECIPITATION (IN)
  TODAY            0.00          0.31 2012   0.02  -0.02     0.00
  MONTH TO DATE    1.84                      0.56   1.28     0.14
  SINCE OCT 1      9.21                      8.40   0.81     6.39
  SINCE JAN 1      6.81                      6.27   0.54     4.95

DEGREE DAYS
 HEATING
  TODAY            0                         3     -3        0
  MONTH TO DATE   22                        31     -9        0
  SINCE JUN 1    125                       204    -79       81
  SINCE JUL 1     22                        44    -22        1

 COOLING
  TODAY            9                         1      8        7
  MONTH TO DATE   98                       100     -2      166
  SINCE JUN 1    399                       272    127      532
  SINCE JAN 1    401                       275    126      533
..................................................................


WIND (MPH)
  HIGHEST WIND SPEED    26   HIGHEST WIND DIRECTION     W (290)
  HIGHEST GUST SPEED    33   HIGHEST GUST DIRECTION     W (270)




RELATIVE HUMIDITY (PERCENT)
 HIGHEST    34           500 AM
 LOWEST      7           400 PM
 AVERAGE    21

..........................................................


THE EUREKA AIRPORT NV CLIMATE NORMALS FOR TOMORROW
                         NORMAL    RECORD    YEAR
 MAXIMUM TEMPERATURE (F)   83        92      1995
 MINIMUM TEMPERATURE (F)   44        29      2005
                                             1968


SUNRISE AND SUNSET
AUGUST 30 2014........SUNRISE   610 AM PDT   SUNSET   718 PM PDT
AUGUST 31 2014........SUNRISE   611 AM PDT   SUNSET   716 PM PDT


-  INDICATES NEGATIVE NUMBERS.
R  INDICATES RECORD WAS SET OR TIED.
MM INDICATES DATA IS MISSING.
T  INDICATES TRACE AMOUNT.




$$
