000
CDUS45 KLKN 220939
CLIP68


CLIMATE REPORT
NATIONAL WEATHER SERVICE ELKO NV
137 AM PST WED FEB 22 2017


...................................

...THE EUREKA AIRPORT NV CLIMATE SUMMARY FOR FEBRUARY 21 2017...

CLIMATE NORMAL PERIOD 1981 TO 2010
CLIMATE RECORD PERIOD 1963 TO 2017


WEATHER ITEM   OBSERVED TIME   RECORD YEAR NORMAL DEPARTURE LAST
                VALUE   (LST)  VALUE       VALUE  FROM      YEAR
                                                  NORMAL
..................................................................
TEMPERATURE (F)
 YESTERDAY
  MAXIMUM         56    152 PM  65    1995  44     12       49
  MINIMUM         29   1156 PM  -4    1985  18     11       19
  AVERAGE         43                        31     12       34

PRECIPITATION (IN)
  YESTERDAY        0.04          0.20 2000   0.03   0.01     0.00
  MONTH TO DATE    0.24                      0.63  -0.39     0.33
  SINCE OCT 1      4.78                      3.50   1.28     6.24
  SINCE JAN 1      2.69                      1.37   1.32     1.97

DEGREE DAYS
 HEATING
  YESTERDAY       22                        34    -12       31
  MONTH TO DATE  575                       773   -198      863
  SINCE DEC 1   3157                      3297   -140     3398
  SINCE JUL 1   4570                      5056   -486     4884

 COOLING
  YESTERDAY        0                         0      0        0
  MONTH TO DATE    0                         0      0        0
  SINCE DEC 1      0                         0      0        0
  SINCE JAN 1      0                         0      0        0
..................................................................


WIND (MPH)
  HIGHEST WIND SPEED    35   HIGHEST WIND DIRECTION     S (200)
  HIGHEST GUST SPEED    49   HIGHEST GUST DIRECTION     S (200)
  AVERAGE WIND SPEED    14.2




RELATIVE HUMIDITY (PERCENT)
 HIGHEST    89           700 PM
 LOWEST     30           100 PM
 AVERAGE    60

..........................................................


THE EUREKA AIRPORT NV CLIMATE NORMALS FOR TODAY
                         NORMAL    RECORD    YEAR
 MAXIMUM TEMPERATURE (F)   45        61      1991
 MINIMUM TEMPERATURE (F)   18       -10      1969


SUNRISE AND SUNSET
FEBRUARY 22 2017......SUNRISE   626 AM PST   SUNSET   529 PM PST
FEBRUARY 23 2017......SUNRISE   625 AM PST   SUNSET   530 PM PST


-  INDICATES NEGATIVE NUMBERS.
R  INDICATES RECORD WAS SET OR TIED.
MM INDICATES DATA IS MISSING.
T  INDICATES TRACE AMOUNT.




$$
