000
CDUS45 KLKN 060036
CLIP68


CLIMATE REPORT
NATIONAL WEATHER SERVICE ELKO NV
435 PM PST MON DEC 5 2016


...................................

...THE EUREKA AIRPORT NV CLIMATE SUMMARY FOR DECEMBER 5 2016...
VALID TODAY AS OF 0400 PM LOCAL TIME.

CLIMATE NORMAL PERIOD 1981 TO 2010
CLIMATE RECORD PERIOD 1963 TO 2016


WEATHER ITEM   OBSERVED TIME   RECORD YEAR NORMAL DEPARTURE LAST
                VALUE   (LST)  VALUE       VALUE  FROM      YEAR
                                                  NORMAL
..................................................................
TEMPERATURE (F)
 TODAY
  MAXIMUM         44   1233 AM  61    1995  41      3       44
  MINIMUM         28    611 AM -13    2013  13     15       15
  AVERAGE         36                        27      9       30

PRECIPITATION (IN)
  TODAY            0.00          0.46 1996   0.02  -0.02     0.00
  MONTH TO DATE    0.01                      0.09  -0.08     0.00
  SINCE OCT 1      1.12                      1.61  -0.49     2.58
  SINCE JAN 1     10.03                      8.48   1.55     9.66

DEGREE DAYS
 HEATING
  TODAY           29                        38     -9       35
  MONTH TO DATE  194                       187      7      182
  SINCE DEC 1    194                       187      7      182
  SINCE JUL 1   1607                      1946   -339     1668

 COOLING
  TODAY            0                         0      0        0
  MONTH TO DATE    0                         0      0        0
  SINCE DEC 1      0                         0      0        0
  SINCE JAN 1    424                       288    136      516
..................................................................


WIND (MPH)
  HIGHEST WIND SPEED    31   HIGHEST WIND DIRECTION     W (280)
  HIGHEST GUST SPEED    44   HIGHEST GUST DIRECTION     W (270)




RELATIVE HUMIDITY (PERCENT)
 HIGHEST    75           800 AM
 LOWEST     36           100 AM
 AVERAGE    56

..........................................................


THE EUREKA AIRPORT NV CLIMATE NORMALS FOR TOMORROW
                         NORMAL    RECORD    YEAR
 MAXIMUM TEMPERATURE (F)   40        57      1981
 MINIMUM TEMPERATURE (F)   13        -8      2013


SUNRISE AND SUNSET
DECEMBER  5 2016......SUNRISE   649 AM PST   SUNSET   420 PM PST
DECEMBER  6 2016......SUNRISE   650 AM PST   SUNSET   420 PM PST


-  INDICATES NEGATIVE NUMBERS.
R  INDICATES RECORD WAS SET OR TIED.
MM INDICATES DATA IS MISSING.
T  INDICATES TRACE AMOUNT.




$$
