000
CDUS45 KLKN 220931
CLIP68


CLIMATE REPORT
NATIONAL WEATHER SERVICE ELKO NV
130 AM PST MON JAN 22 2018


...................................

...THE EUREKA AIRPORT NV CLIMATE SUMMARY FOR JANUARY 21 2018...

CLIMATE NORMAL PERIOD 1981 TO 2010
CLIMATE RECORD PERIOD 1963 TO 2018


WEATHER ITEM   OBSERVED TIME   RECORD YEAR NORMAL DEPARTURE LAST
                VALUE   (LST)  VALUE       VALUE  FROM      YEAR
                                                  NORMAL
..................................................................
TEMPERATURE (F)
 YESTERDAY
  MAXIMUM         31    345 PM  60    1994  38     -7       37
  MINIMUM          3    700 AM -12    1966  11     -8       11
  AVERAGE         17                        24     -7       24

PRECIPITATION (IN)
  YESTERDAY        0.00          0.13 2010   0.03  -0.03     0.00
  MONTH TO DATE    0.62                      0.50   0.12     1.94
  SINCE OCT 1      1.81                      2.63  -0.82     4.03
  SINCE JAN 1      0.62                      0.50   0.12     1.94

DEGREE DAYS
 HEATING
  YESTERDAY       48                        41      7       41
  MONTH TO DATE  627                       876   -249      886
  SINCE DEC 1   1719                      2123   -404     2111
  SINCE JUL 1   3303                      3882   -579     3524

 COOLING
  YESTERDAY        0                         0      0        0
  MONTH TO DATE    0                         0      0        0
  SINCE DEC 1      0                         0      0        0
  SINCE JAN 1      0                         0      0        0
..................................................................


WIND (MPH)
  HIGHEST WIND SPEED     9   HIGHEST WIND DIRECTION     S (190)
  HIGHEST GUST SPEED    10   HIGHEST GUST DIRECTION    NW (320)
  AVERAGE WIND SPEED     3.6




RELATIVE HUMIDITY (PERCENT)
 HIGHEST    92           500 AM
 LOWEST     53           300 PM
 AVERAGE    73

..........................................................


THE EUREKA AIRPORT NV CLIMATE NORMALS FOR TODAY
                         NORMAL    RECORD    YEAR
 MAXIMUM TEMPERATURE (F)   38        61      1994
 MINIMUM TEMPERATURE (F)   11       -13      2008
                                             2004


SUNRISE AND SUNSET
JANUARY 22 2018.......SUNRISE   659 AM PST   SUNSET   452 PM PST
JANUARY 23 2018.......SUNRISE   658 AM PST   SUNSET   454 PM PST


-  INDICATES NEGATIVE NUMBERS.
R  INDICATES RECORD WAS SET OR TIED.
MM INDICATES DATA IS MISSING.
T  INDICATES TRACE AMOUNT.




$$
