000
CDUS45 KLKN 190931
CLIP68


CLIMATE REPORT
NATIONAL WEATHER SERVICE ELKO NV
228 AM PDT FRI SEP 19 2014


...................................

...THE EUREKA AIRPORT NV CLIMATE SUMMARY FOR SEPTEMBER 18 2014...

CLIMATE NORMAL PERIOD 1981 TO 2010
CLIMATE RECORD PERIOD 1963 TO 2014


WEATHER ITEM   OBSERVED TIME   RECORD YEAR NORMAL DEPARTURE LAST
                VALUE   (LST)  VALUE       VALUE  FROM      YEAR
                                                  NORMAL
..................................................................
TEMPERATURE (F)
 YESTERDAY
  MAXIMUM         86    339 PM  87    2010  77      9       68
                                      2009
                                      1966
  MINIMUM         51   1159 PM  18    1988  38     13       35
  AVERAGE         69                        57     12       52

PRECIPITATION (IN)
  YESTERDAY        0.00          0.21 1963   0.02  -0.02     0.00
  MONTH TO DATE    0.00                      0.35  -0.35     1.02
  SINCE OCT 1      9.21                      8.77   0.44     7.41
  SINCE JAN 1      6.81                      6.64   0.17     5.97

DEGREE DAYS
 HEATING
  YESTERDAY        0                         8     -8       13
  MONTH TO DATE   22                        92    -70       39
  SINCE SEP 1     22                        92    -70       39
  SINCE JUL 1     47                       139    -92       40

 COOLING
  YESTERDAY        4                         0      4        0
  MONTH TO DATE   32                         9     23       44
  SINCE SEP 1     32                         9     23       44
  SINCE JAN 1    431                       286    145      585
..................................................................


WIND (MPH)
  HIGHEST WIND SPEED    25   HIGHEST WIND DIRECTION     S (170)
  HIGHEST GUST SPEED    31   HIGHEST GUST DIRECTION     S (180)
  AVERAGE WIND SPEED    11.5




RELATIVE HUMIDITY (PERCENT)
 HIGHEST    72           900 PM
 LOWEST     19           200 PM
 AVERAGE    46

..........................................................


THE EUREKA AIRPORT NV CLIMATE NORMALS FOR TODAY
                         NORMAL    RECORD    YEAR
 MAXIMUM TEMPERATURE (F)   77        88      1981
 MINIMUM TEMPERATURE (F)   37        19      1971


SUNRISE AND SUNSET
SEPTEMBER 19 2014.....SUNRISE   629 AM PDT   SUNSET   646 PM PDT
SEPTEMBER 20 2014.....SUNRISE   630 AM PDT   SUNSET   644 PM PDT


-  INDICATES NEGATIVE NUMBERS.
R  INDICATES RECORD WAS SET OR TIED.
MM INDICATES DATA IS MISSING.
T  INDICATES TRACE AMOUNT.




$$
