000
CDUS45 KLKN 280030
CLIP68


CLIMATE REPORT
NATIONAL WEATHER SERVICE ELKO NV
528 PM PDT MON JUL 27 2015


...................................

...THE EUREKA AIRPORT NV CLIMATE SUMMARY FOR JULY 27 2015...
VALID TODAY AS OF 0500 PM LOCAL TIME.

CLIMATE NORMAL PERIOD 1981 TO 2010
CLIMATE RECORD PERIOD 1963 TO 2015


WEATHER ITEM   OBSERVED TIME   RECORD YEAR NORMAL DEPARTURE LAST
                VALUE   (LST)  VALUE       VALUE  FROM      YEAR
                                                  NORMAL
..................................................................
TEMPERATURE (F)
 TODAY
  MAXIMUM         79    332 PM 100    2006  91    -12       92
  MINIMUM         56    548 AM  35    1993  50      6       59
                                      1983
  AVERAGE         68                        70     -2       76

PRECIPITATION (IN)
  TODAY            0.00          0.29 1982   0.02  -0.02     0.00
  MONTH TO DATE    0.88                      0.53   0.35     0.24
  SINCE OCT 1      6.02                      7.74  -1.72     7.31
  SINCE JAN 1      4.90                      5.61  -0.71     4.91

DEGREE DAYS
 HEATING
  TODAY            0                         0      0        0
  MONTH TO DATE   13                         8      5        0
  SINCE JUN 1     52                       168   -116      103
  SINCE JUL 1     13                         8      5        0

 COOLING
  TODAY            3                         5     -2       11
  MONTH TO DATE  111                       122    -11      237
  SINCE JUN 1    268                       151    117      278
  SINCE JAN 1    276                       154    122      280
..................................................................


WIND (MPH)
  HIGHEST WIND SPEED    21   HIGHEST WIND DIRECTION    NW (310)
  HIGHEST GUST SPEED    28   HIGHEST GUST DIRECTION    NW (320)




RELATIVE HUMIDITY (PERCENT)
 HIGHEST    51           600 AM
 LOWEST     12           400 PM
 AVERAGE    32

..........................................................


THE EUREKA AIRPORT NV CLIMATE NORMALS FOR TOMORROW
                         NORMAL    RECORD    YEAR
 MAXIMUM TEMPERATURE (F)   91       100      1994
 MINIMUM TEMPERATURE (F)   50        37      1983


SUNRISE AND SUNSET
JULY 27 2015..........SUNRISE   539 AM PDT   SUNSET   801 PM PDT
JULY 28 2015..........SUNRISE   540 AM PDT   SUNSET   800 PM PDT


-  INDICATES NEGATIVE NUMBERS.
R  INDICATES RECORD WAS SET OR TIED.
MM INDICATES DATA IS MISSING.
T  INDICATES TRACE AMOUNT.




$$
