000
CDUS43 KPAH 190644
CLIPAH


CLIMATE REPORT
NATIONAL WEATHER SERVICE PADUCAH KY
143 AM CDT FRI SEP 19 2014


...................................

...THE PADUCAH KY CLIMATE SUMMARY FOR SEPTEMBER 18 2014...

CLIMATE NORMAL PERIOD 1981 TO 2010
CLIMATE RECORD PERIOD 1937 TO 2014


WEATHER ITEM   OBSERVED TIME   RECORD YEAR NORMAL DEPARTURE LAST
                VALUE   (LST)  VALUE       VALUE  FROM      YEAR
                                                  NORMAL
..................................................................
TEMPERATURE (F)
 YESTERDAY
  MAXIMUM         81    132 PM  97    1953  81      0       87
  MINIMUM         61   1159 PM  44    1999  57      4       66
  AVERAGE         71                        69      2       77

PRECIPITATION (IN)
  YESTERDAY        0.00          1.32 1952   0.12  -0.12     0.00
  MONTH TO DATE    0.91                      2.16  -1.25     0.27
  SINCE SEP 1      0.91                      2.16  -1.25     0.27
  SINCE JAN 1     37.68                     34.64   3.04    41.04

SNOWFALL (IN)
  YESTERDAY        0.0           0.0  2002   0.0    0.0      0.0
                                      2001
  MONTH TO DATE    0.0                       0.0    0.0      0.0
  SINCE SEP 1      0.0                       0.0    0.0      0.0
  SINCE JUL 1      0.0                       0.0    0.0      0.0
  SNOW DEPTH       0

DEGREE DAYS
 HEATING
  YESTERDAY        0                         1     -1        0
  MONTH TO DATE   17                         6     11        2
  SINCE SEP 1     17                         6     11        2
  SINCE JUL 1     17                         7     10        2

 COOLING
  YESTERDAY        6                         5      1       12
  MONTH TO DATE  145                       140      5      181
  SINCE SEP 1    145                       140      5      181
  SINCE JAN 1   1616                      1453    163     1355
..................................................................


WIND (MPH)
  HIGHEST WIND SPEED    13   HIGHEST WIND DIRECTION    NE (50)
  HIGHEST GUST SPEED    19   HIGHEST GUST DIRECTION     E (110)
  AVERAGE WIND SPEED     4.1


SKY COVER
  POSSIBLE SUNSHINE  MM
  AVERAGE SKY COVER 0.5


WEATHER CONDITIONS
 THE FOLLOWING WEATHER WAS RECORDED YESTERDAY.
  HAZE


RELATIVE HUMIDITY (PERCENT)
 HIGHEST    87           400 AM
 LOWEST     45           100 PM
 AVERAGE    66

..........................................................


THE PADUCAH KY CLIMATE NORMALS FOR TODAY
                         NORMAL    RECORD    YEAR
 MAXIMUM TEMPERATURE (F)   81        97      1954
 MINIMUM TEMPERATURE (F)   56        41      1973


SUNRISE AND SUNSET
SEPTEMBER 19 2014.....SUNRISE   640 AM CDT   SUNSET   657 PM CDT
SEPTEMBER 20 2014.....SUNRISE   641 AM CDT   SUNSET   655 PM CDT


-  INDICATES NEGATIVE NUMBERS.
R  INDICATES RECORD WAS SET OR TIED.
MM INDICATES DATA IS MISSING.
T  INDICATES TRACE AMOUNT.

&&
..........................................................

***** AGRICULTURAL DATA *****

SOIL TEMPERATURES AT A DEPTH OF FOUR INCHES

UNDER GRASS.........  MAX: 71  MIN: 70


$$
