000
CDUS43 KPAH 210627
CLIPAH


CLIMATE REPORT
NATIONAL WEATHER SERVICE PADUCAH KY
1226 AM CST TUE NOV 21 2017


...................................

...THE PADUCAH KY CLIMATE SUMMARY FOR NOVEMBER 20 2017...

CLIMATE NORMAL PERIOD 1981 TO 2010
CLIMATE RECORD PERIOD 1937 TO 2017


WEATHER ITEM   OBSERVED TIME   RECORD YEAR NORMAL DEPARTURE LAST
                VALUE   (LST)  VALUE       VALUE  FROM      YEAR
                                                  NORMAL
..................................................................
TEMPERATURE (F)
 YESTERDAY
  MAXIMUM         54    310 PM  80    1942  56     -2       49
  MINIMUM         24    151 AM  20    2014  36    -12       27
                                      1968
                                      1951
  AVERAGE         39                        46     -7       38

PRECIPITATION (IN)
  YESTERDAY        0.00          2.21 1956   0.16  -0.16     0.00
  MONTH TO DATE    3.37                      2.73   0.64     0.28
  SINCE SEP 1      9.96                     10.44  -0.48     1.45
  SINCE JAN 1     43.09                     42.92   0.17    44.12

SNOWFALL (IN)
  YESTERDAY        0.0           0.0  2001   0.0    0.0      0.0
  MONTH TO DATE    0.0                       0.0    0.0      0.0
  SINCE SEP 1      0.0                       0.1   -0.1      0.0
  SINCE JUL 1      0.0                       0.1   -0.1      0.0
  SNOW DEPTH       0

DEGREE DAYS
 HEATING
  YESTERDAY       26                        19      7       27
  MONTH TO DATE  290                       299     -9      215
  SINCE SEP 1    499                       565    -66      319
  SINCE JUL 1    499                       566    -67      319

 COOLING
  YESTERDAY        0                         0      0        0
  MONTH TO DATE    7                         0      7       19
  SINCE SEP 1    318                       225     93      423
  SINCE JAN 1   1692                      1538    154     1953
..................................................................


WIND (MPH)
  HIGHEST WIND SPEED    13   HIGHEST WIND DIRECTION    SW (220)
  HIGHEST GUST SPEED    17   HIGHEST GUST DIRECTION     S (180)
  AVERAGE WIND SPEED     4.3


SKY COVER
  POSSIBLE SUNSHINE  MM
  AVERAGE SKY COVER 0.0


WEATHER CONDITIONS
 THE FOLLOWING WEATHER WAS RECORDED YESTERDAY.
  NO SIGNIFICANT WEATHER WAS OBSERVED.


RELATIVE HUMIDITY (PERCENT)
 HIGHEST    88           200 AM
 LOWEST     28           400 PM
 AVERAGE    58

..........................................................


THE PADUCAH KY CLIMATE NORMALS FOR TODAY
                         NORMAL    RECORD    YEAR
 MAXIMUM TEMPERATURE (F)   56        76      1990
 MINIMUM TEMPERATURE (F)   36        14      1964


SUNRISE AND SUNSET
NOVEMBER 21 2017......SUNRISE   640 AM CST   SUNSET   442 PM CST
NOVEMBER 22 2017......SUNRISE   641 AM CST   SUNSET   441 PM CST


-  INDICATES NEGATIVE NUMBERS.
R  INDICATES RECORD WAS SET OR TIED.
MM INDICATES DATA IS MISSING.
T  INDICATES TRACE AMOUNT.

&&
.............................................

***** AGRICULTURAL DATA *****

SOIL TEMPERATURES AT A DEPTH OF FOUR INCHES

UNDER GRASS... MAX: 53    MIN: 51

$$
