000
CDUS44 KLZK 282059
CLIPBF


CLIMATE REPORT
NATIONAL WEATHER SERVICE LITTLE ROCK AR
358 PM CDT SUN AUG 28 2016


...................................

...THE PINE BLUFF CLIMATE SUMMARY FOR AUGUST 28 2016...
VALID TODAY AS OF 0300 PM LOCAL TIME.

CLIMATE NORMAL PERIOD 1981 TO 2010
CLIMATE RECORD PERIOD 1883 TO 2016


WEATHER ITEM   OBSERVED TIME   RECORD YEAR NORMAL DEPARTURE LAST
                VALUE   (LST)  VALUE       VALUE  FROM      YEAR
                                                  NORMAL
..................................................................
TEMPERATURE (F)
 TODAY
  MAXIMUM         94    127 PM 104    2000  91      3       86
                                      1954
                                      1924
  MINIMUM         73    452 AM  54    1967  69      4       57
                                      1906
  AVERAGE         84                        80      4       72

PRECIPITATION (IN)
  TODAY            0.00          1.70 2005   0.06  -0.06     0.00
  MONTH TO DATE    6.63                      2.28   4.35     1.96
  SINCE JUN 1     12.52                      9.79   2.73     6.66
  SINCE JAN 1     43.52                     32.99  10.53    34.31

SNOWFALL (IN)
  TODAY            0.0          MM      MM   0.0    0.0      0.0
  MONTH TO DATE    0.0                       0.0    0.0      0.0
  SINCE JUN 1      0.0                       0.0    0.0      0.0
  SINCE JUL 1      0.0                       0.0    0.0      0.0
  SNOW DEPTH       0

DEGREE DAYS
 HEATING
  TODAY            0                         0      0        0
  MONTH TO DATE    0                         0      0        0
  SINCE JUN 1      0                         0      0        0
  SINCE JUL 1      0                         0      0        0

 COOLING
  TODAY           19                        15      4        7
  MONTH TO DATE  471                       458     13      434
  SINCE JUN 1   1502                      1408     94     1474
  SINCE JAN 1   1750                      1715     35     1803
..................................................................


WIND (MPH)
  HIGHEST WIND SPEED    15   HIGHEST WIND DIRECTION     E (80)
  HIGHEST GUST SPEED    20   HIGHEST GUST DIRECTION     E (100)
  AVERAGE WIND SPEED     4.5


SKY COVER
  POSSIBLE SUNSHINE  MM
  AVERAGE SKY COVER 0.1


WEATHER CONDITIONS
 THE FOLLOWING WEATHER WAS RECORDED TODAY.
  NO SIGNIFICANT WEATHER WAS OBSERVED.


RELATIVE HUMIDITY (PERCENT)
 HIGHEST   100           200 AM
 LOWEST     41          1200 PM
 AVERAGE    71

..........................................................


THE PINE BLUFF CLIMATE NORMALS FOR TOMORROW
                         NORMAL    RECORD    YEAR
 MAXIMUM TEMPERATURE (F)   91       105      1924
 MINIMUM TEMPERATURE (F)   69        52      1906


SUNRISE AND SUNSET
AUGUST 28 2016........SUNRISE   639 AM CDT   SUNSET   738 PM CDT
AUGUST 29 2016........SUNRISE   639 AM CDT   SUNSET   737 PM CDT


-  INDICATES NEGATIVE NUMBERS.
R  INDICATES RECORD WAS SET OR TIED.
MM INDICATES DATA IS MISSING.
T  INDICATES TRACE AMOUNT.




$$
