000
CDUS44 KLZK 031009
CLIPBF


CLIMATE REPORT
NATIONAL WEATHER SERVICE LITTLE ROCK AR
409 AM CST TUE MAR 3 2015


...................................

...THE PINE BLUFF CLIMATE SUMMARY FOR MARCH 2 2015...

CLIMATE NORMAL PERIOD 1981 TO 2010
CLIMATE RECORD PERIOD 1883 TO 2015


WEATHER ITEM   OBSERVED TIME   RECORD YEAR NORMAL DEPARTURE LAST
                VALUE   (LST)  VALUE       VALUE  FROM      YEAR
                                                  NORMAL
..................................................................
TEMPERATURE (F)
 YESTERDAY
  MAXIMUM         39    119 AM  85    1904  60    -21       66
  MINIMUM         33    952 AM  16    1980  40     -7       31
  AVERAGE         36                        50    -14       49

PRECIPITATION (IN)
  YESTERDAY        0.12          2.08 1934   0.18  -0.06     1.67
  MONTH TO DATE    0.75                      0.36   0.39     1.67
  SINCE MAR 1      0.75                      0.36   0.39     1.67
  SINCE JAN 1      7.68                      8.18  -0.50     7.10

SNOWFALL (IN)
  YESTERDAY        0.0           T    2008   0.0    0.0      0.0
                                      1995
  MONTH TO DATE    T                         0.0    0.0      0.0
  SINCE MAR 1      T                         0.0    0.0      0.0
  SINCE JUL 1      7.2                       3.1    4.1      3.7
  SNOW DEPTH       0

DEGREE DAYS
 HEATING
  YESTERDAY       29                        15     14       16
  MONTH TO DATE   58                        30     28       23
  SINCE MAR 1     58                        30     28       23
  SINCE JUL 1   2792                      2418    374     2792

 COOLING
  YESTERDAY        0                         0      0        0
  MONTH TO DATE    0                         0      0        0
  SINCE MAR 1      0                         0      0        0
  SINCE JAN 1      0                         3     -3        0
..................................................................


WIND (MPH)
  HIGHEST WIND SPEED    22   HIGHEST WIND DIRECTION    NE (30)
  HIGHEST GUST SPEED    30   HIGHEST GUST DIRECTION    NE (40)
  AVERAGE WIND SPEED    10.1


SKY COVER
  POSSIBLE SUNSHINE  MM
  AVERAGE SKY COVER 1.0


WEATHER CONDITIONS
 THE FOLLOWING WEATHER WAS RECORDED YESTERDAY.
  RAIN
  LIGHT RAIN
  FOG


RELATIVE HUMIDITY (PERCENT)
 HIGHEST   100           200 AM
 LOWEST     82          1200 PM
 AVERAGE    91

..........................................................


THE PINE BLUFF CLIMATE NORMALS FOR TODAY
                         NORMAL    RECORD    YEAR
 MAXIMUM TEMPERATURE (F)   61        91      1918
 MINIMUM TEMPERATURE (F)   40        13      1943


SUNRISE AND SUNSET
MARCH  3 2015.........SUNRISE   634 AM CST   SUNSET   606 PM CST
MARCH  4 2015.........SUNRISE   633 AM CST   SUNSET   606 PM CST


-  INDICATES NEGATIVE NUMBERS.
R  INDICATES RECORD WAS SET OR TIED.
MM INDICATES DATA IS MISSING.
T  INDICATES TRACE AMOUNT.




$$
