000
CDUS44 KLZK 192057
CLIPBF


CLIMATE REPORT
NATIONAL WEATHER SERVICE LITTLE ROCK AR
356 PM CDT FRI SEP 19 2014


...................................

...THE PINE BLUFF CLIMATE SUMMARY FOR SEPTEMBER 19 2014...
VALID TODAY AS OF 0300 PM LOCAL TIME.

CLIMATE NORMAL PERIOD 1981 TO 2010
CLIMATE RECORD PERIOD 1883 TO 2014


WEATHER ITEM   OBSERVED TIME   RECORD YEAR NORMAL DEPARTURE LAST
                VALUE   (LST)  VALUE       VALUE  FROM      YEAR
                                                  NORMAL
..................................................................
TEMPERATURE (F)
 TODAY
  MAXIMUM         86    239 PM 103    1925  85      1       95
  MINIMUM         64    252 AM  42    1901  61      3       69
  AVERAGE         75                        73      2       82

PRECIPITATION (IN)
  TODAY            0.00          2.29 1958   0.08  -0.08     0.00
  MONTH TO DATE    0.79                      1.51  -0.72     0.18
  SINCE SEP 1      0.79                      1.51  -0.72     0.18
  SINCE JAN 1     30.70                     34.70  -4.00    33.81

SNOWFALL (IN)
  TODAY            0.0          MM      MM   0.0    0.0      0.0
  MONTH TO DATE    0.0                       0.0    0.0      0.0
  SINCE SEP 1      0.0                       0.0    0.0      0.0
  SINCE JUL 1      0.0                       0.0    0.0      0.0
  SNOW DEPTH       0

DEGREE DAYS
 HEATING
  TODAY            0                         0      0        0
  MONTH TO DATE    3                         0      3        0
  SINCE SEP 1      3                         0      3        0
  SINCE JUL 1      4                         0      4        0

 COOLING
  TODAY           10                         8      2       17
  MONTH TO DATE  221                       214      7      294
  SINCE SEP 1    221                       214      7      294
  SINCE JAN 1   1722                      1972   -250     1958
..................................................................


WIND (MPH)
  HIGHEST WIND SPEED    10   HIGHEST WIND DIRECTION     E (110)
  HIGHEST GUST SPEED    15   HIGHEST GUST DIRECTION    SE (150)
  AVERAGE WIND SPEED     4.7


SKY COVER
  POSSIBLE SUNSHINE  MM
  AVERAGE SKY COVER 0.5


WEATHER CONDITIONS
 THE FOLLOWING WEATHER WAS RECORDED TODAY.
  FOG


RELATIVE HUMIDITY (PERCENT)
 HIGHEST   100           500 AM
 LOWEST     59           100 PM
 AVERAGE    80

..........................................................


THE PINE BLUFF CLIMATE NORMALS FOR TOMORROW
                         NORMAL    RECORD    YEAR
 MAXIMUM TEMPERATURE (F)   84       102      1925
 MINIMUM TEMPERATURE (F)   61        43      1901


SUNRISE AND SUNSET
SEPTEMBER 19 2014.....SUNRISE   654 AM CDT   SUNSET   709 PM CDT
SEPTEMBER 20 2014.....SUNRISE   654 AM CDT   SUNSET   707 PM CDT


-  INDICATES NEGATIVE NUMBERS.
R  INDICATES RECORD WAS SET OR TIED.
MM INDICATES DATA IS MISSING.
T  INDICATES TRACE AMOUNT.




$$
