000
CDUS44 KLZK 300901
CLIPBF


CLIMATE REPORT
NATIONAL WEATHER SERVICE LITTLE ROCK AR
401 AM CDT THU OCT 30 2014


...................................

...THE PINE BLUFF CLIMATE SUMMARY FOR OCTOBER 29 2014...

CLIMATE NORMAL PERIOD 1981 TO 2010
CLIMATE RECORD PERIOD 1883 TO 2014


WEATHER ITEM   OBSERVED TIME   RECORD YEAR NORMAL DEPARTURE LAST
                VALUE   (LST)  VALUE       VALUE  FROM      YEAR
                                                  NORMAL
..................................................................
TEMPERATURE (F)
 YESTERDAY
  MAXIMUM         70    231 PM  88    1937  71     -1       79
                                      1927
  MINIMUM         49   1159 PM  27    1914  48      1       50
  AVERAGE         60                        59      1       65

PRECIPITATION (IN)
  YESTERDAY        0.00          5.58 1991   0.16  -0.16     0.00
  MONTH TO DATE    6.35                      4.67   1.68     2.62
  SINCE SEP 1      7.14                      7.36  -0.22     7.10
  SINCE JAN 1     37.05                     40.55  -3.50    40.73

SNOWFALL (IN)
  YESTERDAY        0.0          MM      MM   0.0    0.0      0.0
  MONTH TO DATE    0.0                       0.0    0.0      0.0
  SINCE SEP 1      0.0                       0.0    0.0      0.0
  SINCE JUL 1      0.0                       0.0    0.0      0.0
  SNOW DEPTH       0

DEGREE DAYS
 HEATING
  YESTERDAY        5                         7     -2        0
  MONTH TO DATE   62                       111    -49      118
  SINCE SEP 1     65                       122    -57      118
  SINCE JUL 1     66                       122    -56      118

 COOLING
  YESTERDAY        0                         1     -1        0
  MONTH TO DATE   92                        73     19       88
  SINCE SEP 1    397                       359     38      476
  SINCE JAN 1   1898                      2117   -219     2140
..................................................................


WIND (MPH)
  HIGHEST WIND SPEED    10   HIGHEST WIND DIRECTION     N (20)
  HIGHEST GUST SPEED    13   HIGHEST GUST DIRECTION     N (20)
  AVERAGE WIND SPEED     3.9


SKY COVER
  POSSIBLE SUNSHINE  MM
  AVERAGE SKY COVER 0.2


WEATHER CONDITIONS
 THE FOLLOWING WEATHER WAS RECORDED YESTERDAY.
  FOG
  HAZE


RELATIVE HUMIDITY (PERCENT)
 HIGHEST    96           600 AM
 LOWEST     37           300 PM
 AVERAGE    67

..........................................................


THE PINE BLUFF CLIMATE NORMALS FOR TODAY
                         NORMAL    RECORD    YEAR
 MAXIMUM TEMPERATURE (F)   70        91      1937
 MINIMUM TEMPERATURE (F)   48        25      1917


SUNRISE AND SUNSET
OCTOBER 30 2014.......SUNRISE   726 AM CDT   SUNSET   617 PM CDT
OCTOBER 31 2014.......SUNRISE   727 AM CDT   SUNSET   616 PM CDT


-  INDICATES NEGATIVE NUMBERS.
R  INDICATES RECORD WAS SET OR TIED.
MM INDICATES DATA IS MISSING.
T  INDICATES TRACE AMOUNT.




$$
