000
CDUS44 KLZK 270657
CLIPBF


CLIMATE REPORT
NATIONAL WEATHER SERVICE LITTLE ROCK AR
156 AM CDT SAT MAY 27 2017


...................................

...THE PINE BLUFF CLIMATE SUMMARY FOR MAY 26 2017...

CLIMATE NORMAL PERIOD 1981 TO 2010
CLIMATE RECORD PERIOD 1883 TO 2017


WEATHER ITEM   OBSERVED TIME   RECORD YEAR NORMAL DEPARTURE LAST
                VALUE   (LST)  VALUE       VALUE  FROM      YEAR
                                                  NORMAL
..................................................................
TEMPERATURE (F)
 YESTERDAY
  MAXIMUM         83    350 PM  96    1918  84     -1       86
                                      1896
  MINIMUM         66    527 AM  48    1925  64      2       70
  AVERAGE         75                        74      1       78

PRECIPITATION (IN)
  YESTERDAY        0.00          2.45 1974   0.16  -0.16     0.14
  MONTH TO DATE    6.42                      4.27   2.15     1.83
  SINCE MAR 1     16.86                     14.60   2.26    22.34
  SINCE JAN 1     23.16                     22.42   0.74    28.39

SNOWFALL (IN)
  YESTERDAY        0.0          MM      MM   0.0    0.0      0.0
  MONTH TO DATE    0.0                       0.0    0.0      0.0
  SINCE MAR 1      0.0                       0.0    0.0      0.0
  SINCE JUL 1      1.5                       3.1   -1.6      3.6
  SNOW DEPTH       0

DEGREE DAYS
 HEATING
  YESTERDAY        0                         0      0        0
  MONTH TO DATE   24                        15      9       28
  SINCE MAR 1    323                       491   -168      327
  SINCE JUL 1   2034                      2879   -845     2234

 COOLING
  YESTERDAY       10                        10      0       13
  MONTH TO DATE  125                       170    -45      111
  SINCE MAR 1    263                       254      9      194
  SINCE JAN 1    284                       257     27      198
..................................................................


WIND (MPH)
  HIGHEST WIND SPEED    23   HIGHEST WIND DIRECTION     S (190)
  HIGHEST GUST SPEED    32   HIGHEST GUST DIRECTION     S (200)
  AVERAGE WIND SPEED    12.9


SKY COVER
  POSSIBLE SUNSHINE  MM
  AVERAGE SKY COVER 0.6


WEATHER CONDITIONS
 THE FOLLOWING WEATHER WAS RECORDED YESTERDAY.
  NO SIGNIFICANT WEATHER WAS OBSERVED.


RELATIVE HUMIDITY (PERCENT)
 HIGHEST    87           100 AM
 LOWEST     65           300 PM
 AVERAGE    76

..........................................................


THE PINE BLUFF CLIMATE NORMALS FOR TODAY
                         NORMAL    RECORD    YEAR
 MAXIMUM TEMPERATURE (F)   85        97      1918
 MINIMUM TEMPERATURE (F)   65        45      1901


SUNRISE AND SUNSET
MAY 27 2017...........SUNRISE   559 AM CDT   SUNSET   811 PM CDT
MAY 28 2017...........SUNRISE   558 AM CDT   SUNSET   812 PM CDT


-  INDICATES NEGATIVE NUMBERS.
R  INDICATES RECORD WAS SET OR TIED.
MM INDICATES DATA IS MISSING.
T  INDICATES TRACE AMOUNT.




$$
