000
CDUS44 KLZK 280632
CLIPBF


CLIMATE REPORT
NATIONAL WEATHER SERVICE LITTLE ROCK AR
131 AM CDT WED SEP 28 2016


...................................

...THE PINE BLUFF CLIMATE SUMMARY FOR SEPTEMBER 27 2016...

CLIMATE NORMAL PERIOD 1981 TO 2010
CLIMATE RECORD PERIOD 1883 TO 2016


WEATHER ITEM   OBSERVED TIME   RECORD YEAR NORMAL DEPARTURE LAST
                VALUE   (LST)  VALUE       VALUE  FROM      YEAR
                                                  NORMAL
..................................................................
TEMPERATURE (F)
 YESTERDAY
  MAXIMUM         79    344 PM 102    1939  82     -3       86
  MINIMUM         55   1152 PM  39    1942  58     -3       65
  AVERAGE         67                        70     -3       76

PRECIPITATION (IN)
  YESTERDAY        0.00          2.11 1896   0.13  -0.13      T
  MONTH TO DATE    1.32                      2.31  -0.99     0.03
  SINCE SEP 1      1.32                      2.31  -0.99     0.03
  SINCE JAN 1     45.27                     35.50   9.77    34.34

SNOWFALL (IN)
  YESTERDAY        0.0          MM      MM   0.0    0.0      0.0
  MONTH TO DATE    0.0                       0.0    0.0      0.0
  SINCE SEP 1      0.0                       0.0    0.0      0.0
  SINCE JUL 1      0.0                       0.0    0.0      0.0
  SNOW DEPTH       0

DEGREE DAYS
 HEATING
  YESTERDAY        0                         1     -1        0
  MONTH TO DATE    0                         7     -7        0
  SINCE SEP 1      0                         7     -7        0
  SINCE JUL 1      0                         7     -7        0

 COOLING
  YESTERDAY        2                         6     -4       11
  MONTH TO DATE  366                       269     97      315
  SINCE SEP 1    366                       269     97      315
  SINCE JAN 1   2174                      2027    147     2162
..................................................................


WIND (MPH)
  HIGHEST WIND SPEED    13   HIGHEST WIND DIRECTION    NW (320)
  HIGHEST GUST SPEED    18   HIGHEST GUST DIRECTION    NW (320)
  AVERAGE WIND SPEED     4.2


SKY COVER
  POSSIBLE SUNSHINE  MM
  AVERAGE SKY COVER 0.0


WEATHER CONDITIONS
 THE FOLLOWING WEATHER WAS RECORDED YESTERDAY.
  NO SIGNIFICANT WEATHER WAS OBSERVED.


RELATIVE HUMIDITY (PERCENT)
 HIGHEST    90           100 AM
 LOWEST     27           300 PM
 AVERAGE    59

..........................................................


THE PINE BLUFF CLIMATE NORMALS FOR TODAY
                         NORMAL    RECORD    YEAR
 MAXIMUM TEMPERATURE (F)   81       101      1953
 MINIMUM TEMPERATURE (F)   58        42      1985
                                             1909
                                             1908


SUNRISE AND SUNSET
SEPTEMBER 28 2016.....SUNRISE   700 AM CDT   SUNSET   655 PM CDT
SEPTEMBER 29 2016.....SUNRISE   701 AM CDT   SUNSET   654 PM CDT


-  INDICATES NEGATIVE NUMBERS.
R  INDICATES RECORD WAS SET OR TIED.
MM INDICATES DATA IS MISSING.
T  INDICATES TRACE AMOUNT.




$$
