000
CDUS44 KLZK 190636
CLIPBF


CLIMATE REPORT
NATIONAL WEATHER SERVICE LITTLE ROCK AR
1236 AM CST THU JAN 19 2017


...................................

...THE PINE BLUFF CLIMATE SUMMARY FOR JANUARY 18 2017...

CLIMATE NORMAL PERIOD 1981 TO 2010
CLIMATE RECORD PERIOD 1883 TO 2017


WEATHER ITEM   OBSERVED TIME   RECORD YEAR NORMAL DEPARTURE LAST
                VALUE   (LST)  VALUE       VALUE  FROM      YEAR
                                                  NORMAL
..................................................................
TEMPERATURE (F)
 YESTERDAY
  MAXIMUM         51    216 PM  76    1907  52     -1       35
  MINIMUM         47   1012 AM  -2    1930  33     14       23
  AVERAGE         49                        42      7       29

PRECIPITATION (IN)
  YESTERDAY        0.51          2.32 1995   0.12   0.39      T
  MONTH TO DATE    2.01                      2.14  -0.13     0.91
  SINCE DEC 1      6.59                      7.58  -0.99     6.25
  SINCE JAN 1      2.01                      2.14  -0.13     0.91

SNOWFALL (IN)
  YESTERDAY       MM             9.0  1893   0.1   MM         T
  MONTH TO DATE    1.5                       0.8    0.7       T
  SINCE DEC 1      1.5                       1.0    0.5       T
  SINCE JUL 1      1.5                       1.0    0.5       T
  SNOW DEPTH       0

DEGREE DAYS
 HEATING
  YESTERDAY       16                        23     -7       36
  MONTH TO DATE  339                       414    -75      417
  SINCE DEC 1    950                      1063   -113      820
  SINCE JUL 1   1247                      1567   -320     1159

 COOLING
  YESTERDAY        0                         0      0        0
  MONTH TO DATE    5                         0      5        0
  SINCE DEC 1     10                         1      9       10
  SINCE JAN 1      5                         0      5        0
..................................................................


WIND (MPH)
  HIGHEST WIND SPEED    16   HIGHEST WIND DIRECTION     E (70)
  HIGHEST GUST SPEED    20   HIGHEST GUST DIRECTION     E (90)
  AVERAGE WIND SPEED     7.5


SKY COVER
  POSSIBLE SUNSHINE  MM
  AVERAGE SKY COVER 1.0


WEATHER CONDITIONS
 THE FOLLOWING WEATHER WAS RECORDED YESTERDAY.
  HEAVY RAIN
  RAIN
  LIGHT RAIN
  FOG


RELATIVE HUMIDITY (PERCENT)
 HIGHEST   100           500 AM
 LOWEST     80          1200 AM
 AVERAGE    90

..........................................................


THE PINE BLUFF CLIMATE NORMALS FOR TODAY
                         NORMAL    RECORD    YEAR
 MAXIMUM TEMPERATURE (F)   52        80      1914
 MINIMUM TEMPERATURE (F)   33         1      1940


SUNRISE AND SUNSET
JANUARY 19 2017.......SUNRISE   712 AM CST   SUNSET   525 PM CST
JANUARY 20 2017.......SUNRISE   712 AM CST   SUNSET   526 PM CST


-  INDICATES NEGATIVE NUMBERS.
R  INDICATES RECORD WAS SET OR TIED.
MM INDICATES DATA IS MISSING.
T  INDICATES TRACE AMOUNT.




$$
