103
CDUS42 KMFL 192116
CLIPBI


CLIMATE REPORT
NATIONAL WEATHER SERVICE MIAMI, FL
416 PM EST THU JAN 19 2017


...................................

...THE WEST PALM BEACH CLIMATE SUMMARY FOR JANUARY 19 2017...
VALID TODAY AS OF 0400 PM LOCAL TIME.

CLIMATE NORMAL PERIOD 1981 TO 2010
CLIMATE RECORD PERIOD 1888 TO 2017


WEATHER ITEM   OBSERVED TIME   RECORD YEAR NORMAL DEPARTURE LAST
                VALUE   (LST)  VALUE       VALUE  FROM      YEAR
                                                  NORMAL
..................................................................
TEMPERATURE (F)
 TODAY
  MAXIMUM         80    226 PM  86    1987  75      5       64
                                      1943
  MINIMUM         60    748 AM  29    1977  57      3       49
  AVERAGE         70                        66      4       57

PRECIPITATION (IN)
  TODAY            0.00          2.86 1908   0.10  -0.10     0.00
  MONTH TO DATE    0.24                      2.00  -1.76     2.81
  SINCE NOV 1      4.71                     10.13  -5.42    13.21
  SINCE JAN 1      0.24                      2.00  -1.76     2.81

SNOWFALL (IN)
  TODAY            0.0
  MONTH TO DATE    0.0
  SINCE DEC 1      0.0
  SINCE JUL 1      0.0
  SNOW DEPTH      MM

DEGREE DAYS
 HEATING
  TODAY            0                         3     -3        8
  MONTH TO DATE   15                        57    -42       20
  SINCE DEC 1     21                       116    -95       20
  SINCE JUL 1     22                       128   -106       20

 COOLING
  TODAY            5                         3      2        0
  MONTH TO DATE  130                        64     66       66
  SINCE DEC 1    423                       219    204      422
  SINCE JAN 1    130                        64     66       66
..................................................................


WIND (MPH)
  HIGHEST WIND SPEED    12   HIGHEST WIND DIRECTION     E (100)
  HIGHEST GUST SPEED    14   HIGHEST GUST DIRECTION    SE (120)
  AVERAGE WIND SPEED    MM


SKY COVER
  AVERAGE SKY COVER  MM


WEATHER CONDITIONS
 THE FOLLOWING WEATHER WAS RECORDED TODAY.
  NO SIGNIFICANT WEATHER WAS OBSERVED.


RELATIVE HUMIDITY (PERCENT)
 HIGHEST    MM
 LOWEST     MM
 AVERAGE    MM

..........................................................


THE WEST PALM BEACH CLIMATE NORMALS FOR TOMORROW
                         NORMAL    RECORD    YEAR
 MAXIMUM TEMPERATURE (F)   75        86      1947
 MINIMUM TEMPERATURE (F)   57        27      1977


SUNRISE AND SUNSET
JANUARY 19 2017.......SUNRISE   710 AM EST   SUNSET   553 PM EST
JANUARY 20 2017.......SUNRISE   710 AM EST   SUNSET   554 PM EST


-  INDICATES NEGATIVE NUMBERS.
R  INDICATES RECORD WAS SET OR TIED.
MM INDICATES DATA IS MISSING.
T  INDICATES TRACE AMOUNT.




$$
