000
CDUS42 KMFL 200927
CLIPBI


CLIMATE REPORT
NATIONAL WEATHER SERVICE MIAMI, FL
427 AM EST SAT DEC 20 2014


...................................

...THE WEST PALM BEACH CLIMATE SUMMARY FOR DECEMBER 19 2014...

CLIMATE NORMAL PERIOD 1981 TO 2010
CLIMATE RECORD PERIOD 1888 TO 2014


WEATHER ITEM   OBSERVED TIME   RECORD YEAR NORMAL DEPARTURE LAST
                VALUE   (LST)  VALUE       VALUE  FROM      YEAR
                                                  NORMAL
..................................................................
TEMPERATURE (F)
 YESTERDAY
  MAXIMUM         79   1238 PM  88    1989  76      3       78
  MINIMUM         54    646 AM  39    1981  59     -5       56
  AVERAGE         67                        68     -1       67

PRECIPITATION (IN)
  YESTERDAY        0.00          1.50 1947   0.12  -0.12     0.00
  MONTH TO DATE    0.41                      2.04  -1.63     4.18
  SINCE NOV 1      2.35                      6.79  -4.44     6.96
  SINCE JAN 1     59.94                     60.99  -1.05    64.82

SNOWFALL (IN)
  YESTERDAY        0.0
  MONTH TO DATE    0.0
  SINCE DEC 1      0.0
  SINCE JUL 1      0.0
  SNOW DEPTH       0

DEGREE DAYS
 HEATING
  YESTERDAY        0                         2     -2
  MONTH TO DATE   25                        28     -3
  SINCE DEC 1     25                        28     -3
  SINCE JUL 1     42                        40      2

 COOLING
  YESTERDAY        2                         5     -3
  MONTH TO DATE   86                       104    -18
  SINCE DEC 1     86                       104    -18
  SINCE JAN 1   4226                      3970    256
..................................................................


WIND (MPH)
  HIGHEST WIND SPEED    10   HIGHEST WIND DIRECTION     E (110)
  HIGHEST GUST SPEED    13   HIGHEST GUST DIRECTION     E (110)
  AVERAGE WIND SPEED     4.6


SKY COVER
  AVERAGE SKY COVER 0.5


WEATHER CONDITIONS
 THE FOLLOWING WEATHER WAS RECORDED YESTERDAY.
  NO SIGNIFICANT WEATHER WAS OBSERVED.


RELATIVE HUMIDITY (PERCENT)
 HIGHEST    93
 LOWEST     48
 AVERAGE    71

..........................................................


THE WEST PALM BEACH CLIMATE NORMALS FOR TODAY
                         NORMAL    RECORD    YEAR
 MAXIMUM TEMPERATURE (F)   76        88      1948
 MINIMUM TEMPERATURE (F)   59        36      1981


SUNRISE AND SUNSET
DECEMBER 20 2014......SUNRISE   704 AM EST   SUNSET   532 PM EST
DECEMBER 21 2014......SUNRISE   705 AM EST   SUNSET   533 PM EST


-  INDICATES NEGATIVE NUMBERS.
R  INDICATES RECORD WAS SET OR TIED.
MM INDICATES DATA IS MISSING.
T  INDICATES TRACE AMOUNT.




$$
