000
CDUS42 KMFL 252018
CLIPBI


CLIMATE REPORT
NATIONAL WEATHER SERVICE MIAMI, FL
418 PM EDT SAT OCT 25 2014


...................................

...THE WEST PALM BEACH CLIMATE SUMMARY FOR OCTOBER 25 2014...
VALID TODAY AS OF 0400 PM LOCAL TIME.

CLIMATE NORMAL PERIOD 1981 TO 2010
CLIMATE RECORD PERIOD 1894 TO 2014


WEATHER ITEM   OBSERVED TIME   RECORD YEAR NORMAL DEPARTURE LAST
                VALUE   (LST)  VALUE       VALUE  FROM      YEAR
                                                  NORMAL
..................................................................
TEMPERATURE (F)
 TODAY
  MAXIMUM         82    215 PM  90    1925  84     -2       85
  MINIMUM         64    628 AM  52    2005  70     -6       67
  AVERAGE         73                        77     -4       76

PRECIPITATION (IN)
  TODAY            0.00          1.94 1921   0.15  -0.15     0.00
  MONTH TO DATE    5.05                      4.25   0.80     1.13
  SINCE JUN 1     39.61                     34.61   5.00    32.90
  SINCE JAN 1     57.33                     53.32   4.01    57.85

SNOWFALL (IN)
  TODAY            0.0
  MONTH TO DATE    0.0
  SINCE SEP 1      0.0
  SINCE JUL 1      0.0
  SNOW DEPTH       0

DEGREE DAYS
 HEATING
  TODAY            0                         0      0
  MONTH TO DATE    0                         0      0
  SINCE SEP 1      0                         0      0
  SINCE JUL 1      0                         0      0

 COOLING
  TODAY            8                        12     -4
  MONTH TO DATE  355                       347      8
  SINCE SEP 1    867                       849     18
  SINCE JAN 1   3875                      3555    320
..................................................................


WIND (MPH)
  HIGHEST WIND SPEED    17   HIGHEST WIND DIRECTION     N (20)
  HIGHEST GUST SPEED    27   HIGHEST GUST DIRECTION     N (360)
  AVERAGE WIND SPEED    10.0


SKY COVER
  AVERAGE SKY COVER 0.4


WEATHER CONDITIONS
 THE FOLLOWING WEATHER WAS RECORDED TODAY.
  NO SIGNIFICANT WEATHER WAS OBSERVED.


RELATIVE HUMIDITY (PERCENT)
 HIGHEST    93
 LOWEST     46
 AVERAGE    70

..........................................................


THE WEST PALM BEACH CLIMATE NORMALS FOR TOMORROW
                         NORMAL    RECORD    YEAR
 MAXIMUM TEMPERATURE (F)   83        89      1925
                                             1914
 MINIMUM TEMPERATURE (F)   70        52      2005
                                             1929
                                             1926


SUNRISE AND SUNSET
OCTOBER 25 2014.......SUNRISE   726 AM EDT   SUNSET   643 PM EDT
OCTOBER 26 2014.......SUNRISE   726 AM EDT   SUNSET   642 PM EDT


-  INDICATES NEGATIVE NUMBERS.
R  INDICATES RECORD WAS SET OR TIED.
MM INDICATES DATA IS MISSING.
T  INDICATES TRACE AMOUNT.

$$
