000
CDUS42 KMFL 212119
CLIPBI


CLIMATE REPORT
NATIONAL WEATHER SERVICE MIAMI, FL
419 PM EST FRI NOV 21 2014


...................................

...THE WEST PALM BEACH CLIMATE SUMMARY FOR NOVEMBER 21 2014...
VALID TODAY AS OF 0400 PM LOCAL TIME.

CLIMATE NORMAL PERIOD 1981 TO 2010
CLIMATE RECORD PERIOD 1894 TO 2014


WEATHER ITEM   OBSERVED TIME   RECORD YEAR NORMAL DEPARTURE LAST
                VALUE   (LST)  VALUE       VALUE  FROM      YEAR
                                                  NORMAL
..................................................................
TEMPERATURE (F)
 TODAY
  MAXIMUM         75    206 AM  90    1900  79     -4       79
  MINIMUM         69    617 AM  38    1914  65      4       74
  AVERAGE         72                        72      0       77

PRECIPITATION (IN)
  TODAY            0.09          2.74 1993   0.13  -0.04     0.55
  MONTH TO DATE    1.66                      3.56  -1.90     1.54
  SINCE NOV 1      1.66                      3.56  -1.90     1.54
  SINCE JAN 1     59.25                     57.76   1.49    59.40

SNOWFALL (IN)
  TODAY            0.0
  MONTH TO DATE    0.0
  SINCE SEP 1      0.0
  SINCE JUL 1      0.0
  SNOW DEPTH       0

DEGREE DAYS
 HEATING
  TODAY            0                         0      0
  MONTH TO DATE   10                         0     10
  SINCE SEP 1     10                         1      9
  SINCE JUL 1     10                         1      9

 COOLING
  TODAY            7                         7      0
  MONTH TO DATE  131                       183    -52
  SINCE SEP 1   1059                      1098    -39
  SINCE JAN 1   4067                      3804    263
..................................................................


WIND (MPH)
  HIGHEST WIND SPEED    17   HIGHEST WIND DIRECTION    NE (60)
  HIGHEST GUST SPEED    30   HIGHEST GUST DIRECTION     E (70)
  AVERAGE WIND SPEED    13.6


SKY COVER
  AVERAGE SKY COVER 0.9


WEATHER CONDITIONS
 THE FOLLOWING WEATHER WAS RECORDED TODAY.
  RAIN
  LIGHT RAIN
  FOG


RELATIVE HUMIDITY (PERCENT)
 HIGHEST    84
 LOWEST     57
 AVERAGE    71

..........................................................


THE WEST PALM BEACH CLIMATE NORMALS FOR TOMORROW
                         NORMAL    RECORD    YEAR
 MAXIMUM TEMPERATURE (F)   79        89      1920
 MINIMUM TEMPERATURE (F)   64        40      2006


SUNRISE AND SUNSET
NOVEMBER 21 2014......SUNRISE   644 AM EST   SUNSET   528 PM EST
NOVEMBER 22 2014......SUNRISE   645 AM EST   SUNSET   528 PM EST


-  INDICATES NEGATIVE NUMBERS.
R  INDICATES RECORD WAS SET OR TIED.
MM INDICATES DATA IS MISSING.
T  INDICATES TRACE AMOUNT.




$$
