000
CDUS42 KMFL 280924
CLIPBI


CLIMATE REPORT
NATIONAL WEATHER SERVICE MIAMI, FL
423 AM EST SAT FEB 28 2015


...................................

...THE WEST PALM BEACH CLIMATE SUMMARY FOR FEBRUARY 27 2015...

CLIMATE NORMAL PERIOD 1981 TO 2010
CLIMATE RECORD PERIOD 1888 TO 2015


WEATHER ITEM   OBSERVED TIME   RECORD YEAR NORMAL DEPARTURE LAST
                VALUE   (LST)  VALUE       VALUE  FROM      YEAR
                                                  NORMAL
..................................................................
TEMPERATURE (F)
 YESTERDAY
  MAXIMUM         71   1159 PM  89    1959  78     -7       77
  MINIMUM         65   1032 AM  40    1965  61      4       64
  AVERAGE         68                        69     -1       71

PRECIPITATION (IN)
  YESTERDAY        0.10          2.25 1983   0.11  -0.01     0.02
  MONTH TO DATE    1.80                      2.70  -0.90     0.91
  SINCE NOV 1      6.55                     13.96  -7.41    18.45
  SINCE JAN 1      2.85                      5.83  -2.98    11.33

SNOWFALL (IN)
  YESTERDAY        0.0
  MONTH TO DATE    0.0
  SINCE DEC 1      0.0
  SINCE JUL 1      0.0
  SNOW DEPTH       0

DEGREE DAYS
 HEATING
  YESTERDAY        0                         1     -1        0
  MONTH TO DATE   54                        47      7       13
  SINCE DEC 1    107                       192    -85      111
  SINCE JUL 1    124                       204    -80      115

 COOLING
  YESTERDAY        3                         5     -2        6
  MONTH TO DATE  104                       123    -19      224
  SINCE DEC 1    466                       386     80      644
  SINCE JAN 1    268                       231     37      346
..................................................................


WIND (MPH)
  HIGHEST WIND SPEED    17   HIGHEST WIND DIRECTION     N (360)
  HIGHEST GUST SPEED    22   HIGHEST GUST DIRECTION     N (20)
  AVERAGE WIND SPEED    10.6


SKY COVER
  AVERAGE SKY COVER 0.9


WEATHER CONDITIONS
 THE FOLLOWING WEATHER WAS RECORDED YESTERDAY.
  RAIN
  LIGHT RAIN
  FOG


RELATIVE HUMIDITY (PERCENT)
 HIGHEST   100
 LOWEST     81
 AVERAGE    91

..........................................................


THE WEST PALM BEACH CLIMATE NORMALS FOR TODAY
                         NORMAL    RECORD    YEAR
 MAXIMUM TEMPERATURE (F)   78        88      2003
                                             1958
                                             1956
 MINIMUM TEMPERATURE (F)   61        37      1935


SUNRISE AND SUNSET
FEBRUARY 28 2015......SUNRISE   645 AM EST   SUNSET   621 PM EST
MARCH  1 2015.........SUNRISE   644 AM EST   SUNSET   622 PM EST


-  INDICATES NEGATIVE NUMBERS.
R  INDICATES RECORD WAS SET OR TIED.
MM INDICATES DATA IS MISSING.
T  INDICATES TRACE AMOUNT.




$$
