000
CDUS42 KMFL 202017
CLIPBI


CLIMATE REPORT
NATIONAL WEATHER SERVICE MIAMI, FL
417 PM EDT FRI OCT 20 2017


...................................

...THE WEST PALM BEACH CLIMATE SUMMARY FOR OCTOBER 20 2017...
VALID TODAY AS OF 0400 PM LOCAL TIME.

CLIMATE NORMAL PERIOD 1981 TO 2010
CLIMATE RECORD PERIOD 1888 TO 2017


WEATHER ITEM   OBSERVED TIME   RECORD YEAR NORMAL DEPARTURE LAST
                VALUE   (LST)  VALUE       VALUE  FROM      YEAR
                                                  NORMAL
..................................................................
TEMPERATURE (F)
 TODAY
  MAXIMUM         87   1223 PM  91    1980  84      3       84
                                      1916
                                      1910
  MINIMUM         79    431 AM  49    1927  71      8       72
  AVERAGE         83                        78      5       78

PRECIPITATION (IN)
  TODAY            T             5.15 1959   0.15  -0.15     0.57
  MONTH TO DATE    7.85                      3.48   4.37     4.22
  SINCE JUN 1     37.11                     33.84   3.27    25.07
  SINCE JAN 1     48.52                     52.55  -4.03    46.46

SNOWFALL (IN)
  TODAY            0.0
  MONTH TO DATE    0.0
  SINCE SEP 1      0.0
  SINCE JUL 1      0.0
  SNOW DEPTH       0

DEGREE DAYS
 HEATING
  TODAY            0                         0      0        0
  MONTH TO DATE    0                         0      0        0
  SINCE SEP 1      0                         0      0        0
  SINCE JUL 1      0                         0      0        0

 COOLING
  TODAY           18                        13      5       13
  MONTH TO DATE  345                       286     59      337
  SINCE SEP 1    903                       788    115      892
  SINCE JAN 1   3964                      3494    470     4013
..................................................................


WIND (MPH)
  HIGHEST WIND SPEED    26   HIGHEST WIND DIRECTION     E (70)
  HIGHEST GUST SPEED    33   HIGHEST GUST DIRECTION     E (70)
  AVERAGE WIND SPEED    15.6


SKY COVER
  AVERAGE SKY COVER 0.6


WEATHER CONDITIONS
 THE FOLLOWING WEATHER WAS RECORDED TODAY.
  LIGHT RAIN


RELATIVE HUMIDITY (PERCENT)
 HIGHEST    79
 LOWEST     65
 AVERAGE    72

..........................................................


THE WEST PALM BEACH CLIMATE NORMALS FOR TOMORROW
                         NORMAL    RECORD    YEAR
 MAXIMUM TEMPERATURE (F)   84        91      1941
 MINIMUM TEMPERATURE (F)   71        48      1989


SUNRISE AND SUNSET
OCTOBER 20 2017.......SUNRISE   723 AM EDT   SUNSET   647 PM EDT
OCTOBER 21 2017.......SUNRISE   723 AM EDT   SUNSET   646 PM EDT


-  INDICATES NEGATIVE NUMBERS.
R  INDICATES RECORD WAS SET OR TIED.
MM INDICATES DATA IS MISSING.
T  INDICATES TRACE AMOUNT.




$$
