000
CDUS42 KFFC 270818
CLIPDK


CLIMATE REPORT
NATIONAL WEATHER SERVICE PEACHTREE CITY GA
418 AM EDT WED MAY 27 2015


...................................

...THE DEKALB PEACHTREE AIRPORT CLIMATE SUMMARY FOR MAY 26 2015...

CLIMATE NORMAL PERIOD 1981 TO 2010
CLIMATE RECORD PERIOD 9999 TO 9999


WEATHER ITEM   OBSERVED TIME   RECORD YEAR NORMAL DEPARTURE LAST
                VALUE   (LST)  VALUE       VALUE  FROM      YEAR
                                                  NORMAL
..................................................................
TEMPERATURE (F)
 YESTERDAY
  MAXIMUM         83    134 PM  MM      MM  82      1       84
  MINIMUM         64   1159 PM  MM      MM  62      2       62
  AVERAGE         74                        72      2       73

PRECIPITATION (IN)
  YESTERDAY        0.56         MM      MM   0.13   0.43     0.06
  MONTH TO DATE    3.32                      3.40  -0.08     2.66
  SINCE MAR 1     10.71                     12.03  -1.32    11.68
  SINCE JAN 1     17.49                     21.84  -4.35    18.04

DEGREE DAYS
 COOLING
  YESTERDAY        9                         7      2        8
  MONTH TO DATE  178                       122     56      136
  SINCE MAR 1    229                       171     58      168
  SINCE JAN 1    229                       171     58      168
..................................................................


WIND (MPH)
  RESULTANT WIND SPEED   5   RESULTANT WIND DIRECTION  SE (150)
  HIGHEST WIND SPEED    24   HIGHEST WIND DIRECTION    SW (210)
  HIGHEST GUST SPEED    33   HIGHEST GUST DIRECTION     S (200)
  AVERAGE WIND SPEED     5.3


SKY COVER
  AVERAGE SKY COVER 0.8


WEATHER CONDITIONS
 THE FOLLOWING WEATHER WAS RECORDED YESTERDAY.
  THUNDERSTORM
  HEAVY RAIN
  RAIN
  LIGHT RAIN
  FOG
  HAZE


RELATIVE HUMIDITY (PERCENT)
 HIGHEST   100          1100 PM
 LOWEST     69           100 PM
 AVERAGE    85

..........................................................


THE DEKALB PEACHTREE AIRPORT CLIMATE NORMALS FOR TODAY
                         NORMAL    RECORD    YEAR
 MAXIMUM TEMPERATURE (F)   83        MM        MM
 MINIMUM TEMPERATURE (F)   62        MM        MM


SUNRISE AND SUNSET
MAY 27 2015...........SUNRISE   629 AM EDT   SUNSET   840 PM EDT
MAY 28 2015...........SUNRISE   629 AM EDT   SUNSET   840 PM EDT


-  INDICATES NEGATIVE NUMBERS.
R  INDICATES RECORD WAS SET OR TIED.
MM INDICATES DATA IS MISSING.
T  INDICATES TRACE AMOUNT.




$$
