000
CDUS42 KFFC 010839
CLIPDK


CLIMATE REPORT
NATIONAL WEATHER SERVICE PEACHTREE CITY GA
439 AM EDT FRI AUG 1 2014


...................................

...THE DEKALB PEACHTREE AIRPORT CLIMATE SUMMARY FOR JULY 31 2014...

CLIMATE NORMAL PERIOD 1981 TO 2010
CLIMATE RECORD PERIOD 9999 TO 9999


WEATHER ITEM   OBSERVED TIME   RECORD YEAR NORMAL DEPARTURE LAST
                VALUE   (LST)  VALUE       VALUE  FROM      YEAR
                                                  NORMAL
..................................................................
TEMPERATURE (F)
 YESTERDAY
  MAXIMUM         83    329 PM  MM      MM  89     -6       78
  MINIMUM         66   1159 PM  MM      MM  71     -5       69
  AVERAGE         75                        80     -5       74

PRECIPITATION (IN)
  YESTERDAY        1.45         MM      MM   0.13   1.32     0.58
  MONTH TO DATE    6.41                      5.02   1.39     9.62
  SINCE JUN 1      7.89                      9.78  -1.89    19.29
  SINCE JAN 1     26.77                     32.27  -5.50    28.81

DEGREE DAYS
 COOLING
  YESTERDAY       10                        15     -5        9
  MONTH TO DATE  396                       459    -63      377
  SINCE JUN 1    784                       812    -28      735
  SINCE JAN 1   1001                      1023    -22      900
..................................................................


WIND (MPH)
  RESULTANT WIND SPEED   3   RESULTANT WIND DIRECTION  NE (50)
  HIGHEST WIND SPEED    21   HIGHEST WIND DIRECTION     E (100)
  HIGHEST GUST SPEED    MM   HIGHEST GUST DIRECTION    MM
  AVERAGE WIND SPEED     4.0


SKY COVER
  AVERAGE SKY COVER 0.6


WEATHER CONDITIONS
 THE FOLLOWING WEATHER WAS RECORDED YESTERDAY.
  HEAVY RAIN
  RAIN
  LIGHT RAIN
  FOG
  FOG W/VISIBILITY <= 1/4 MILE
  HAZE


RELATIVE HUMIDITY (PERCENT)
 HIGHEST    90           600 PM
 LOWEST     58           200 PM
 AVERAGE    74

..........................................................


THE DEKALB PEACHTREE AIRPORT CLIMATE NORMALS FOR TODAY
                         NORMAL    RECORD    YEAR
 MAXIMUM TEMPERATURE (F)   89        MM        MM
 MINIMUM TEMPERATURE (F)   71        MM        MM


SUNRISE AND SUNSET
AUGUST  1 2014........SUNRISE   649 AM EDT   SUNSET   838 PM EDT
AUGUST  2 2014........SUNRISE   650 AM EDT   SUNSET   837 PM EDT


-  INDICATES NEGATIVE NUMBERS.
R  INDICATES RECORD WAS SET OR TIED.
MM INDICATES DATA IS MISSING.
T  INDICATES TRACE AMOUNT.




$$
