000
CDUS46 KPDT 280041
CLIPDT

CLIMATE REPORT
NATIONAL WEATHER SERVICE PENDLETON OR
528 PM PDT SAT MAY 27 2017


...................................

...THE PENDLETON OR CLIMATE SUMMARY FOR MAY 27 2017...
VALID TODAY AS OF 0500 PM LOCAL TIME.

CLIMATE NORMAL PERIOD 1981 TO 2010
CLIMATE RECORD PERIOD 1890 TO 2017


WEATHER ITEM   OBSERVED TIME   RECORD YEAR NORMAL DEPARTURE LAST
                VALUE   (LST)  VALUE       VALUE  FROM      YEAR
                                                  NORMAL
..................................................................
TEMPERATURE (F)
 TODAY
  MAXIMUM         84    359 PM  99    1934  73     11       67
  MINIMUM         46    428 AM  33    1932  48     -2       47
  AVERAGE         65                        61      4       57

PRECIPITATION (IN)
  TODAY            0.00          0.60 2010   0.05  -0.05     0.00
  MONTH TO DATE    0.93                      1.16  -0.23     1.19
  SINCE OCT 1     14.66                     10.22   4.44     9.86
  SINCE JAN 1      9.14                      6.22   2.92     5.59

SNOWFALL (IN)
  TODAY            0.0           0.0  2002   0.0    0.0      0.0
                                      2001
                                      2000
  MONTH TO DATE    T                         0.0    0.0      0.0
  SINCE JAN 1     25.9                       7.7   18.2       T
  SINCE JUL 1     44.4                      15.2   29.2      4.1
  SNOW DEPTH       0

DEGREE DAYS
 HEATING
  TODAY            0                         6     -6        8
  MONTH TO DATE  240                       226     14      144
  SINCE MAR 1   1287                      1274     13      964
  SINCE JUL 1   5589                      5173    416     4556

 COOLING
  TODAY            0                         1     -1        0
  MONTH TO DATE   12                        18     -6       18
  SINCE MAR 1     12                        19     -7       18
  SINCE JAN 1     12                        19     -7       18
..................................................................


WIND (MPH)
  HIGHEST WIND SPEED    12   HIGHEST WIND DIRECTION    SE (140)
  HIGHEST GUST SPEED    15   HIGHEST GUST DIRECTION    NE (40)
  AVERAGE WIND SPEED     5.4


SKY COVER
  POSSIBLE SUNSHINE  MM
  AVERAGE SKY COVER 0.0


WEATHER CONDITIONS
THE FOLLOWING WEATHER WAS RECORDED TODAY.
  NO SIGNIFICANT WEATHER WAS OBSERVED.


RELATIVE HUMIDITY (PERCENT)
 HIGHEST    82           300 AM
 LOWEST     17          1200 PM
 AVERAGE    50

..........................................................


THE PENDLETON OR CLIMATE NORMALS FOR TOMORROW
                         NORMAL    RECORD    YEAR
 MAXIMUM TEMPERATURE (F)   73       100      1934
 MINIMUM TEMPERATURE (F)   49        31      1918


SUNRISE AND SUNSET
MAY 27 2017...........SUNRISE   512 AM PDT   SUNSET   833 PM PDT
MAY 28 2017...........SUNRISE   512 AM PDT   SUNSET   834 PM PDT


-  INDICATES NEGATIVE NUMBERS.
R  INDICATES RECORD WAS SET OR TIED.
MM INDICATES DATA IS MISSING.
T  INDICATES TRACE AMOUNT.




$$
