000
CDUS46 KPDT 250030
CLIPDT

CLIMATE REPORT
NATIONAL WEATHER SERVICE PENDLETON OR
529 PM PDT MON APR 24 2017


...................................

...THE PENDLETON OR CLIMATE SUMMARY FOR APRIL 24 2017...
VALID TODAY AS OF 0500 PM LOCAL TIME.

CLIMATE NORMAL PERIOD 1981 TO 2010
CLIMATE RECORD PERIOD 1890 TO 2017


WEATHER ITEM   OBSERVED TIME   RECORD YEAR NORMAL DEPARTURE LAST
                VALUE   (LST)  VALUE       VALUE  FROM      YEAR
                                                  NORMAL
..................................................................
TEMPERATURE (F)
 TODAY
  MAXIMUM         55    250 PM  91    1977  64     -9       64
  MINIMUM         44    716 AM  21    1924  40      4       43
  AVERAGE         50                        52     -2       54

PRECIPITATION (IN)
  TODAY            0.22          0.49 1974   0.04   0.18     0.01
  MONTH TO DATE    1.50                      0.95   0.55     0.37
  SINCE OCT 1     13.29                      8.81   4.48     8.63
  SINCE JAN 1      7.77                      4.81   2.96     4.36

SNOWFALL (IN)
  TODAY            0.0           0.0  2002   0.0    0.0      0.0
                                      2001
                                      2000
  MONTH TO DATE    T                         0.0    0.0      0.0
  SINCE JAN 1     25.9                       7.7   18.2       T
  SINCE JUL 1     44.4                      15.2   29.2      4.1
  SNOW DEPTH       0

DEGREE DAYS
 HEATING
  TODAY           15                        13      2       11
  MONTH TO DATE  373                       358     15      192
  SINCE MAR 1    958                       975    -17      755
  SINCE JUL 1   5260                      4874    386     4347

 COOLING
  TODAY            0                         0      0        0
  MONTH TO DATE    0                         0      0        0
  SINCE MAR 1      0                         0      0        0
  SINCE JAN 1      0                         0      0        0
..................................................................


WIND (MPH)
  HIGHEST WIND SPEED    26   HIGHEST WIND DIRECTION     W (250)
  HIGHEST GUST SPEED    31   HIGHEST GUST DIRECTION     W (250)
  AVERAGE WIND SPEED     5.5


SKY COVER
  POSSIBLE SUNSHINE  MM
  AVERAGE SKY COVER 0.8


WEATHER CONDITIONS
 THE FOLLOWING WEATHER WAS RECORDED TODAY.
  RAIN
  LIGHT RAIN
  FOG


RELATIVE HUMIDITY (PERCENT)
 HIGHEST    93           100 AM
 LOWEST     66          1100 AM
 AVERAGE    80

..........................................................


THE PENDLETON OR CLIMATE NORMALS FOR TOMORROW
                         NORMAL    RECORD    YEAR
 MAXIMUM TEMPERATURE (F)   64        94      1910
 MINIMUM TEMPERATURE (F)   40        22      1924


SUNRISE AND SUNSET
APRIL 24 2017.........SUNRISE   554 AM PDT   SUNSET   754 PM PDT
APRIL 25 2017.........SUNRISE   552 AM PDT   SUNSET   755 PM PDT


-  INDICATES NEGATIVE NUMBERS.
R  INDICATES RECORD WAS SET OR TIED.
MM INDICATES DATA IS MISSING.
T  INDICATES TRACE AMOUNT.




$$
