000
CDUS46 KPDT 230035
CLIPDT

CLIMATE REPORT
NATIONAL WEATHER SERVICE PENDLETON OR
535 PM PDT WED OCT 22 2014


...................................

...THE PENDLETON OR CLIMATE SUMMARY FOR OCTOBER 22 2014...
VALID TODAY AS OF 0500 PM LOCAL TIME.

CLIMATE NORMAL PERIOD 1981 TO 2010
CLIMATE RECORD PERIOD 1890 TO 2014


WEATHER ITEM   OBSERVED TIME   RECORD YEAR NORMAL DEPARTURE LAST
                VALUE   (LST)  VALUE       VALUE  FROM      YEAR
                                                  NORMAL
..................................................................
TEMPERATURE (F)
 TODAY
  MAXIMUM         67    359 PM  82    1924  61      6       70
                                      1915
  MINIMUM         43    139 AM  16    1911  39      4       38
  AVERAGE         55                        50      5       54

PRECIPITATION (IN)
  TODAY            0.09          0.55 1923   0.04   0.05     0.00
  MONTH TO DATE    0.38                      0.63  -0.25     0.08
  SINCE OCT 1      0.38                      0.63  -0.25     0.08
  SINCE JAN 1      8.92                      9.29  -0.37     7.57

SNOWFALL (IN)
  TODAY            0.0           0.0  2002   0.0    0.0      0.0
                                      2001
                                      1999
  MONTH TO DATE    0.0                       0.0    0.0      0.0
  SINCE JAN 1     15.2                       7.7    7.5      0.2
  SINCE JUL 1      0.0                       0.0    0.0       T
  SNOW DEPTH       0

DEGREE DAYS
 HEATING
  TODAY           10                        15     -5       11
  MONTH TO DATE  127                       254   -127      328
  SINCE SEP 1    190                       366   -176      434
  SINCE JUL 1    193                       388   -195      434

 COOLING
  TODAY            0                         0      0        0
  MONTH TO DATE   12                         0     12        0
  SINCE SEP 1     78                        64     14      121
  SINCE JAN 1    839                       634    205      831
..................................................................


WIND (MPH)
  HIGHEST WIND SPEED    21   HIGHEST WIND DIRECTION     S (190)
  HIGHEST GUST SPEED    24   HIGHEST GUST DIRECTION    SE (140)
  AVERAGE WIND SPEED     8.1


SKY COVER
  POSSIBLE SUNSHINE  MM
  AVERAGE SKY COVER 0.8


WEATHER CONDITIONS
 THE FOLLOWING WEATHER WAS RECORDED TODAY.
  LIGHT RAIN


RELATIVE HUMIDITY (PERCENT)
 HIGHEST    76           200 AM
 LOWEST     40           400 PM
 AVERAGE    58

..........................................................


THE PENDLETON OR CLIMATE NORMALS FOR TOMORROW
                         NORMAL    RECORD    YEAR
 MAXIMUM TEMPERATURE (F)   60        82      1933
 MINIMUM TEMPERATURE (F)   38        19      1916


SUNRISE AND SUNSET
OCTOBER 22 2014.......SUNRISE   721 AM PDT   SUNSET   558 PM PDT
OCTOBER 23 2014.......SUNRISE   723 AM PDT   SUNSET   556 PM PDT


-  INDICATES NEGATIVE NUMBERS.
R  INDICATES RECORD WAS SET OR TIED.
MM INDICATES DATA IS MISSING.
T  INDICATES TRACE AMOUNT.


$$
