000
CDUS46 KPDT 250028
CLIPDT

CLIMATE REPORT
NATIONAL WEATHER SERVICE PENDLETON OR
428 PM PST FRI NOV 24 2017


...................................

...THE PENDLETON OR CLIMATE SUMMARY FOR NOVEMBER 24 2017...
VALID TODAY AS OF 0400 PM LOCAL TIME.

CLIMATE NORMAL PERIOD 1981 TO 2010
CLIMATE RECORD PERIOD 1890 TO 2017


WEATHER ITEM   OBSERVED TIME   RECORD YEAR NORMAL DEPARTURE LAST
                VALUE   (LST)  VALUE       VALUE  FROM      YEAR
                                                  NORMAL
..................................................................
TEMPERATURE (F)
 TODAY
  MAXIMUM         53    253 PM  71    1960  45      8       54
  MINIMUM         36    722 AM -11    1985  31      5       38
  AVERAGE         45                        38      7       46

PRECIPITATION (IN)
  TODAY            0.00          0.57 1964   0.05  -0.05      T
  MONTH TO DATE    1.14                      1.21  -0.07     0.78
  SINCE OCT 1      2.55                      2.22   0.33     3.10
  SINCE JAN 1     14.84                     10.88   3.96    11.17

SNOWFALL (IN)
  TODAY            0.0           6.4  1961   0.1   -0.1      0.0
  MONTH TO DATE    0.0                       0.9   -0.9      0.0
  SINCE JAN 1     25.9                       8.7   17.2       T
  SINCE JUL 1      0.0                       1.0   -1.0      0.0
  SNOW DEPTH       0

DEGREE DAYS
 HEATING
  TODAY           20                        27     -7       19
  MONTH TO DATE  510                       543    -33      416
  SINCE SEP 1   1060                      1063     -3      904
  SINCE JUL 1   1062                      1085    -23      906

 COOLING
  TODAY            0                         0      0        0
  MONTH TO DATE    0                         0      0        0
  SINCE SEP 1    113                        66     47       17
  SINCE JAN 1    894                       636    258      605
..................................................................


WIND (MPH)
  HIGHEST WIND SPEED    14   HIGHEST WIND DIRECTION    SW (240)
  HIGHEST GUST SPEED    17   HIGHEST GUST DIRECTION    SW (240)
  AVERAGE WIND SPEED     6.7


SKY COVER
  POSSIBLE SUNSHINE  MM
  AVERAGE SKY COVER 0.1


WEATHER CONDITIONS
 THE FOLLOWING WEATHER WAS RECORDED TODAY.
  NO SIGNIFICANT WEATHER WAS OBSERVED.


RELATIVE HUMIDITY (PERCENT)
 HIGHEST    85           400 AM
 LOWEST     50           300 PM
 AVERAGE    68

..........................................................


THE PENDLETON OR CLIMATE NORMALS FOR TOMORROW
                         NORMAL    RECORD    YEAR
 MAXIMUM TEMPERATURE (F)   45        66      1894
 MINIMUM TEMPERATURE (F)   31         2      1993


SUNRISE AND SUNSET
NOVEMBER 24 2017......SUNRISE   707 AM PST   SUNSET   417 PM PST
NOVEMBER 25 2017......SUNRISE   709 AM PST   SUNSET   416 PM PST


-  INDICATES NEGATIVE NUMBERS.
R  INDICATES RECORD WAS SET OR TIED.
MM INDICATES DATA IS MISSING.
T  INDICATES TRACE AMOUNT.




$$
