000
CDUS46 KPDT 200826
CLIPDT

CLIMATE REPORT NATIONAL WEATHER SERVICE PENDLETON OR

125 AM PDT THU JUL 20 2017


...................................

...THE PENDLETON OR CLIMATE SUMMARY FOR JULY 19 2017...

CLIMATE NORMAL PERIOD 1981 TO 2010
CLIMATE RECORD PERIOD 1890 TO 2017


WEATHER ITEM   OBSERVED TIME   RECORD YEAR NORMAL DEPARTURE LAST
                VALUE   (LST)  VALUE       VALUE  FROM      YEAR
                                                  NORMAL
..................................................................
TEMPERATURE (F)
 YESTERDAY
  MAXIMUM         90    434 PM 107    1931  89      1       79
  MINIMUM         61    500 AM  43    1932  58      3       56
                                      1916
  AVERAGE         76                        74      2       68

PRECIPITATION (IN)
  YESTERDAY        0.00          0.55 1924   0.01  -0.01     0.00
  MONTH TO DATE    T                         0.22  -0.22     0.80
  SINCE OCT 1     16.82                     11.61   5.21    11.59
  SINCE JAN 1     11.30                      7.61   3.69     7.32

SNOWFALL (IN)
  YESTERDAY        0.0           0.0  2002   0.0    0.0      0.0
                                      2001
                                      2000
  MONTH TO DATE    0.0                       0.0    0.0      0.0
  SINCE JAN 1     25.9                       7.7   18.2       T
  SINCE JUL 1      0.0                       0.0    0.0      0.0
  SNOW DEPTH       0

DEGREE DAYS
 HEATING
  YESTERDAY        0                         0      0        0
  MONTH TO DATE    0                         7     -7        0
  SINCE JUN 1     75                        90    -15       69
  SINCE JUL 1      0                         7     -7        0

 COOLING
  YESTERDAY       11                         9      2        3
  MONTH TO DATE  192                       134     58       75
  SINCE JUN 1    291                       213     78      212
  SINCE JAN 1    319                       236     83      230
..................................................................


WIND (MPH)
  HIGHEST WIND SPEED    21   HIGHEST WIND DIRECTION     W (260)
  HIGHEST GUST SPEED    29   HIGHEST GUST DIRECTION    SW (240)
  AVERAGE WIND SPEED     9.9


SKY COVER
  POSSIBLE SUNSHINE  MM
  AVERAGE SKY COVER 0.0


WEATHER CONDITIONS
 THE FOLLOWING WEATHER WAS RECORDED YESTERDAY.
  NO SIGNIFICANT WEATHER WAS OBSERVED.


RELATIVE HUMIDITY (PERCENT)
 HIGHEST    51           500 AM
 LOWEST     18           600 PM
 AVERAGE    35

..........................................................


THE PENDLETON OR CLIMATE NORMALS FOR TODAY
                         NORMAL    RECORD    YEAR
 MAXIMUM TEMPERATURE (F)   90       110      1931
                                             1905
 MINIMUM TEMPERATURE (F)   58        42      1932


SUNRISE AND SUNSET
JULY 20 2017..........SUNRISE   526 AM PDT   SUNSET   837 PM PDT
JULY 21 2017..........SUNRISE   527 AM PDT   SUNSET   836 PM PDT


-  INDICATES NEGATIVE NUMBERS.
R  INDICATES RECORD WAS SET OR TIED.
MM INDICATES DATA IS MISSING.
T  INDICATES TRACE AMOUNT.




$$
