000
CDUS46 KPDT 230829
CLIPDT

CLIMATE REPORT
NATIONAL WEATHER SERVICE PENDLETON OR
1227 AM PST FRI FEB 23 2018


...................................

...THE PENDLETON OR CLIMATE SUMMARY FOR FEBRUARY 22 2018...

CLIMATE NORMAL PERIOD 1981 TO 2010
CLIMATE RECORD PERIOD 1890 TO 2018


WEATHER ITEM   OBSERVED TIME   RECORD YEAR NORMAL DEPARTURE LAST
                VALUE   (LST)  VALUE       VALUE  FROM      YEAR
                                                  NORMAL
..................................................................
TEMPERATURE (F)
 YESTERDAY
  MAXIMUM         28    401 PM  68    2002  48    -20       42
  MINIMUM         15   1159 PM   5    1894  31    -16       31
  AVERAGE         22                        40    -18       37

PRECIPITATION (IN)
  YESTERDAY        0.03          0.60 1922   0.04  -0.01      T
  MONTH TO DATE    0.66                      0.86  -0.20     1.88
  SINCE OCT 1      6.44                      6.29   0.15     9.05
  SINCE JAN 1      2.25                      2.29  -0.04     3.53

SNOWFALL (IN)
  YESTERDAY        1.0           2.7  1957   0.2    0.8      0.0
  MONTH TO DATE    3.9                       2.8    1.1      3.0
  SINCE JAN 1      3.9                       6.5   -2.6     21.5
  SINCE JUL 1     13.9                      14.0   -0.1     40.0
  SNOW DEPTH       0

DEGREE DAYS
 HEATING
  YESTERDAY       43                        25     18       28
  MONTH TO DATE  574                       594    -20      650
  SINCE DEC 1   2393                      2499   -106     3099
  SINCE JUL 1   3601                      3752   -151     4123

 COOLING
  YESTERDAY        0                         0      0        0
  MONTH TO DATE    0                         0      0        0
  SINCE DEC 1      0                         0      0        0
  SINCE JAN 1      0                         0      0        0
..................................................................


WIND (MPH)
  HIGHEST WIND SPEED    12   HIGHEST WIND DIRECTION    NW (320)
  HIGHEST GUST SPEED    15   HIGHEST GUST DIRECTION    NW (310)
  AVERAGE WIND SPEED     5.1


SKY COVER
  POSSIBLE SUNSHINE  MM
  AVERAGE SKY COVER 0.8


WEATHER CONDITIONS
 THE FOLLOWING WEATHER WAS RECORDED YESTERDAY.
  LIGHT SNOW
  FOG


RELATIVE HUMIDITY (PERCENT)
 HIGHEST   100           900 AM
 LOWEST     50           300 PM
 AVERAGE    75

..........................................................


THE PENDLETON OR CLIMATE NORMALS FOR TODAY
                         NORMAL    RECORD    YEAR
 MAXIMUM TEMPERATURE (F)   49        66      1921
 MINIMUM TEMPERATURE (F)   31         7      1894


SUNRISE AND SUNSET
FEBRUARY 23 2018......SUNRISE   644 AM PST   SUNSET   534 PM PST
FEBRUARY 24 2018......SUNRISE   642 AM PST   SUNSET   535 PM PST


-  INDICATES NEGATIVE NUMBERS.
R  INDICATES RECORD WAS SET OR TIED.
MM INDICATES DATA IS MISSING.
T  INDICATES TRACE AMOUNT.




$$
