000
CDUS46 KPDT 300903
CLIPDT

CLIMATE REPORT
NATIONAL WEATHER SERVICE PENDLETON OR
203 AM PDT SAT APR 30 2016


...................................

...THE PENDLETON OR CLIMATE SUMMARY FOR APRIL 29 2016...

CLIMATE NORMAL PERIOD 1981 TO 2010
CLIMATE RECORD PERIOD 1890 TO 2016


WEATHER ITEM   OBSERVED TIME   RECORD YEAR NORMAL DEPARTURE LAST
                VALUE   (LST)  VALUE       VALUE  FROM      YEAR
                                                  NORMAL
..................................................................
TEMPERATURE (F)
 YESTERDAY
  MAXIMUM         60    421 PM  91    1926  65     -5       62
  MINIMUM         48    514 AM  25    1907  41      7       44
  AVERAGE         54                        53      1       53

PRECIPITATION (IN)
  YESTERDAY        T             0.75 1915   0.04  -0.04     0.01
  MONTH TO DATE    0.41                      1.16  -0.75     0.39
  SINCE OCT 1      8.67                      9.02  -0.35     7.83
  SINCE JAN 1      4.40                      5.02  -0.62     3.13

SNOWFALL (IN)
  YESTERDAY        0.0           0.0  2002   0.0    0.0      0.0
                                      2001
                                      2000
  MONTH TO DATE    0.0                       0.0    0.0       T
  SINCE JAN 1      T                         7.7   -7.7      0.4
  SINCE JUL 1      4.1                      15.2  -11.1      7.2
  SNOW DEPTH       0

DEGREE DAYS
 HEATING
  YESTERDAY       11                        12     -1       12
  MONTH TO DATE  247                       420   -173      463
  SINCE MAR 1    810                      1037   -227      933
  SINCE JUL 1   4402                      4936   -534     4426

 COOLING
  YESTERDAY        0                         0      0        0
  MONTH TO DATE    0                         0      0        0
  SINCE MAR 1      0                         0      0        0
  SINCE JAN 1      0                         0      0        0
..................................................................


WIND (MPH)
  HIGHEST WIND SPEED    26   HIGHEST WIND DIRECTION     W (260)
  HIGHEST GUST SPEED    32   HIGHEST GUST DIRECTION     W (260)
  AVERAGE WIND SPEED    15.7


SKY COVER
  POSSIBLE SUNSHINE  MM
  AVERAGE SKY COVER 0.9


WEATHER CONDITIONS
 THE FOLLOWING WEATHER WAS RECORDED YESTERDAY.
  LIGHT RAIN


RELATIVE HUMIDITY (PERCENT)
 HIGHEST    66           500 AM
 LOWEST     47           100 PM
 AVERAGE    57

..........................................................


THE PENDLETON OR CLIMATE NORMALS FOR TODAY
                         NORMAL    RECORD    YEAR
 MAXIMUM TEMPERATURE (F)   66        89      1931
 MINIMUM TEMPERATURE (F)   42        28      1904


SUNRISE AND SUNSET
APRIL 30 2016.........SUNRISE   544 AM PDT   SUNSET   802 PM PDT
MAY  1 2016...........SUNRISE   542 AM PDT   SUNSET   803 PM PDT


-  INDICATES NEGATIVE NUMBERS.
R  INDICATES RECORD WAS SET OR TIED.
MM INDICATES DATA IS MISSING.
T  INDICATES TRACE AMOUNT.




$$
