000
CDUS46 KPDT 020831
CLIPDT

CLIMATE REPORT
NATIONAL WEATHER SERVICE PENDLETON OR
130 AM PDT THU OCT 2 2014


...................................

...THE PENDLETON OR CLIMATE SUMMARY FOR OCTOBER 1 2014...

CLIMATE NORMAL PERIOD 1981 TO 2010
CLIMATE RECORD PERIOD 1890 TO 2014


WEATHER ITEM   OBSERVED TIME   RECORD YEAR NORMAL DEPARTURE LAST
                VALUE   (LST)  VALUE       VALUE  FROM      YEAR
                                                  NORMAL
..................................................................
TEMPERATURE (F)
 YESTERDAY
  MAXIMUM         69    326 PM  93    1931  71     -2       58
  MINIMUM         42   1131 PM  29    1900  44     -2       39
  AVERAGE         56                        58     -2       49

PRECIPITATION (IN)
  YESTERDAY        0.00          0.57 1957   0.03  -0.03     0.07
  MONTH TO DATE    0.00                      0.03  -0.03     0.07
  SINCE OCT 1      0.00                      0.03  -0.03     0.07
  SINCE JAN 1      8.54                      8.69  -0.15     7.56

SNOWFALL (IN)
  YESTERDAY        0.0           0.0  2002   0.0    0.0      0.0
                                      2001
                                      1999
  MONTH TO DATE    0.0                       0.0    0.0      0.0
  SINCE JAN 1     15.2                       7.7    7.5      0.2
  SINCE JUL 1      0.0                       0.0    0.0       T
  SNOW DEPTH       0

DEGREE DAYS
 HEATING
  YESTERDAY        9                         8      1       16
  MONTH TO DATE    9                         8      1       16
  SINCE SEP 1     72                       120    -48      122
  SINCE JUL 1     75                       142    -67      122

 COOLING
  YESTERDAY        0                         0      0        0
  MONTH TO DATE    0                         0      0        0
  SINCE SEP 1     66                        64      2      121
  SINCE JAN 1    827                       634    193      831
..................................................................


WIND (MPH)
  HIGHEST WIND SPEED    17   HIGHEST WIND DIRECTION     W (280)
  HIGHEST GUST SPEED    24   HIGHEST GUST DIRECTION     W (260)
  AVERAGE WIND SPEED     7.8


SKY COVER
  POSSIBLE SUNSHINE  MM
  AVERAGE SKY COVER 0.2


WEATHER CONDITIONS
 THE FOLLOWING WEATHER WAS RECORDED YESTERDAY.
  NO SIGNIFICANT WEATHER WAS OBSERVED.


RELATIVE HUMIDITY (PERCENT)
 HIGHEST    76           600 AM
 LOWEST     27           300 PM
 AVERAGE    52

..........................................................


THE PENDLETON OR CLIMATE NORMALS FOR TODAY
                         NORMAL    RECORD    YEAR
 MAXIMUM TEMPERATURE (F)   71        91      1932
 MINIMUM TEMPERATURE (F)   44        29      1999


SUNRISE AND SUNSET
OCTOBER  2 2014.......SUNRISE   655 AM PDT   SUNSET   634 PM PDT
OCTOBER  3 2014.......SUNRISE   656 AM PDT   SUNSET   632 PM PDT


-  INDICATES NEGATIVE NUMBERS.
R  INDICATES RECORD WAS SET OR TIED.
MM INDICATES DATA IS MISSING.
T  INDICATES TRACE AMOUNT.




$$
