000
CDUS46 KPDT 240056
CLIPDT

CLIMATE REPORT
NATIONAL WEATHER SERVICE PENDLETON OR
544 PM PDT SAT MAY 23 2015


...................................

...THE PENDLETON OR CLIMATE SUMMARY FOR MAY 23 2015...
VALID TODAY AS OF 0500 PM LOCAL TIME.

CLIMATE NORMAL PERIOD 1981 TO 2010
CLIMATE RECORD PERIOD 1890 TO 2015


WEATHER ITEM   OBSERVED TIME   RECORD YEAR NORMAL DEPARTURE LAST
                VALUE   (LST)  VALUE       VALUE  FROM      YEAR
                                                  NORMAL
..................................................................
TEMPERATURE (F)
 TODAY
  MAXIMUM         75    353 PM  95    2001  72      3       83
                                      1934
  MINIMUM         53    403 AM  23    1903  47      6       52
  AVERAGE         64                        60      4       68

PRECIPITATION (IN)
  TODAY            0.01          0.41 1962   0.04  -0.03     0.05
  MONTH TO DATE    1.29                      0.96   0.33     0.83
  SINCE OCT 1      9.12                     10.02  -0.90     8.26
  SINCE JAN 1      4.42                      6.02  -1.60     6.47

SNOWFALL (IN)
  TODAY            0.0           0.0  2002   0.0    0.0      0.0
                                      2001
                                      2000
  MONTH TO DATE    0.0                       0.0    0.0      0.0
  SINCE JAN 1      0.4                       7.7   -7.3     15.2
  SINCE JUL 1      7.2                      15.2   -8.0     21.7
  SNOW DEPTH       0

DEGREE DAYS
 HEATING
  TODAY            1                         6     -5        0
  MONTH TO DATE  151                       202    -51      134
  SINCE MAR 1   1097                      1250   -153     1147
  SINCE JUL 1   4590                      5149   -559     5412

 COOLING
  TODAY            0                         1     -1        3
  MONTH TO DATE    3                        14    -11       18
  SINCE MAR 1      3                        15    -12       18
  SINCE JAN 1      3                        15    -12       18
..................................................................


WIND (MPH)
  HIGHEST WIND SPEED    16   HIGHEST WIND DIRECTION     W (290)
  HIGHEST GUST SPEED    22   HIGHEST GUST DIRECTION     W (260)
  AVERAGE WIND SPEED     7.6


SKY COVER
  POSSIBLE SUNSHINE  MM
  AVERAGE SKY COVER 0.6


WEATHER CONDITIONS
THE FOLLOWING WEATHER WAS RECORDED TODAY.
  LIGHT RAIN


RELATIVE HUMIDITY (PERCENT)
 HIGHEST    93           600 AM
 LOWEST     41           400 PM
 AVERAGE    67

..........................................................


THE PENDLETON OR CLIMATE NORMALS FOR TOMORROW
                         NORMAL    RECORD    YEAR
 MAXIMUM TEMPERATURE (F)   72        93      1928
 MINIMUM TEMPERATURE (F)   48        34      1920


SUNRISE AND SUNSET
MAY 23 2015...........SUNRISE   516 AM PDT   SUNSET   829 PM PDT
MAY 24 2015...........SUNRISE   515 AM PDT   SUNSET   830 PM PDT


-  INDICATES NEGATIVE NUMBERS.
R  INDICATES RECORD WAS SET OR TIED.
MM INDICATES DATA IS MISSING.
T  INDICATES TRACE AMOUNT.




$$
