000
CDUS46 KPDT 220843
CLIPDT

CLIMATE REPORT
NATIONAL WEATHER SERVICE PENDLETON OR
1243 AM PST MON DEC 22 2014


...................................

...THE PENDLETON OR CLIMATE SUMMARY FOR DECEMBER 21 2014...

CLIMATE NORMAL PERIOD 1981 TO 2010
CLIMATE RECORD PERIOD 1890 TO 2014


WEATHER ITEM   OBSERVED TIME   RECORD YEAR NORMAL DEPARTURE LAST
                VALUE   (LST)  VALUE       VALUE  FROM      YEAR
                                                  NORMAL
..................................................................
TEMPERATURE (F)
 YESTERDAY
  MAXIMUM         59    209 AM  68    1933  39     20       46
  MINIMUM         47   1159 PM -16    1990  26     21       32
  AVERAGE         53                        32     21       39

PRECIPITATION (IN)
  YESTERDAY        T             0.43 2008   0.05  -0.05      T
  MONTH TO DATE    1.89                      1.01   0.88     0.69
  SINCE OCT 1      3.79                      3.54   0.25     1.68
  SINCE JAN 1     12.33                     12.20   0.13     9.17

SNOWFALL (IN)
  YESTERDAY        0.0           3.0  1938   0.3   -0.3      0.0
  MONTH TO DATE    T                         3.9   -3.9      6.5
  SINCE JAN 1     19.8                      13.1    6.7      6.7
  SINCE JUL 1      4.6                       5.4   -0.8      6.5
  SNOW DEPTH       0

DEGREE DAYS
 HEATING
  YESTERDAY       12                        33    -21       26
  MONTH TO DATE  575                       661    -86      778
  SINCE DEC 1    575                       661    -86      778
  SINCE JUL 1   1705                      1914   -209     2161

 COOLING
  YESTERDAY        0                         0      0        0
  MONTH TO DATE    0                         0      0        0
  SINCE DEC 1      0                         0      0        0
  SINCE JAN 1    839                       636    203      831
..................................................................


WIND (MPH)
  HIGHEST WIND SPEED    41   HIGHEST WIND DIRECTION     W (250)
  HIGHEST GUST SPEED    50   HIGHEST GUST DIRECTION     W (250)
  AVERAGE WIND SPEED    23.4


SKY COVER
  POSSIBLE SUNSHINE  MM
  AVERAGE SKY COVER 0.6


WEATHER CONDITIONS
 THE FOLLOWING WEATHER WAS RECORDED YESTERDAY.
  LIGHT RAIN


RELATIVE HUMIDITY (PERCENT)
 HIGHEST    76          1100 PM
 LOWEST     57           100 AM
 AVERAGE    67

..........................................................


THE PENDLETON OR CLIMATE NORMALS FOR TODAY
                         NORMAL    RECORD    YEAR
 MAXIMUM TEMPERATURE (F)   39        68      1933
 MINIMUM TEMPERATURE (F)   26       -15      1983


SUNRISE AND SUNSET
DECEMBER 22 2014......SUNRISE   734 AM PST   SUNSET   415 PM PST
DECEMBER 23 2014......SUNRISE   734 AM PST   SUNSET   415 PM PST


-  INDICATES NEGATIVE NUMBERS.
R  INDICATES RECORD WAS SET OR TIED.
MM INDICATES DATA IS MISSING.
T  INDICATES TRACE AMOUNT.


$$
