361
CDUS46 KPDT 230929
CLIPDT

CLIMATE REPORT
NATIONAL WEATHER SERVICE PENDLETON OR
126 AM PST THU FEB 23 2017


...................................

...THE PENDLETON OR CLIMATE SUMMARY FOR FEBRUARY 22 2017...

CLIMATE NORMAL PERIOD 1981 TO 2010
CLIMATE RECORD PERIOD 1890 TO 2017


WEATHER ITEM   OBSERVED TIME   RECORD YEAR NORMAL DEPARTURE LAST
                VALUE   (LST)  VALUE       VALUE  FROM      YEAR
                                                  NORMAL
..................................................................
TEMPERATURE (F)
 YESTERDAY
  MAXIMUM         42    344 PM  68    2002  48     -6       51
  MINIMUM         31   1150 PM   5    1894  31      0       30
  AVERAGE         37                        40     -3       41

PRECIPITATION (IN)
  YESTERDAY        T             0.60 1922   0.04  -0.04     0.00
  MONTH TO DATE    1.88                      0.86   1.02     0.82
  SINCE OCT 1      9.05                      6.29   2.76     6.60
  SINCE JAN 1      3.53                      2.29   1.24     2.33

SNOWFALL (IN)
  YESTERDAY        0.0           2.7  1957   0.2   MM        0.0
  MONTH TO DATE    3.0                       2.8    0.2       T
  SINCE JAN 1     21.5                       6.5   15.0       T
  SINCE JUL 1     40.0                      14.0   26.0      4.1
  SNOW DEPTH       0

DEGREE DAYS
 HEATING
  YESTERDAY       28                        25      3       24
  MONTH TO DATE  650                       594     56      479
  SINCE DEC 1   3099                      2499    600     2245
  SINCE JUL 1   4123                      3752    371     3445

 COOLING
  YESTERDAY        0                         0      0        0
  MONTH TO DATE    0                         0      0        0
  SINCE DEC 1      0                         0      0        0
  SINCE JAN 1      0                         0      0        0
..................................................................


WIND (MPH)
  HIGHEST WIND SPEED    14   HIGHEST WIND DIRECTION     W (270)
  HIGHEST GUST SPEED    19   HIGHEST GUST DIRECTION     W (280)
  AVERAGE WIND SPEED     6.3


SKY COVER
  POSSIBLE SUNSHINE  MM
  AVERAGE SKY COVER 0.7


WEATHER CONDITIONS
 THE FOLLOWING WEATHER WAS RECORDED YESTERDAY.
  LIGHT RAIN


RELATIVE HUMIDITY (PERCENT)
 HIGHEST   100           300 AM
 LOWEST     64          1100 AM
 AVERAGE    82

..........................................................


THE PENDLETON OR CLIMATE NORMALS FOR TODAY
                         NORMAL    RECORD    YEAR
 MAXIMUM TEMPERATURE (F)   49        66      1921
 MINIMUM TEMPERATURE (F)   31         7      1894


SUNRISE AND SUNSET
FEBRUARY 23 2017......SUNRISE   644 AM PST   SUNSET   534 PM PST
FEBRUARY 24 2017......SUNRISE   642 AM PST   SUNSET   536 PM PST


-  INDICATES NEGATIVE NUMBERS.
R  INDICATES RECORD WAS SET OR TIED.
MM INDICATES DATA IS MISSING.
T  INDICATES TRACE AMOUNT.




$$
