000
CDUS46 KPDT 160854
CLIPDT

CLIMATE REPORT
NATIONAL WEATHER SERVICE PENDLETON OR
154 AM PDT TUE SEP 16 2014


...................................

...THE PENDLETON OR CLIMATE SUMMARY FOR SEPTEMBER 15 2014...

CLIMATE NORMAL PERIOD 1981 TO 2010
CLIMATE RECORD PERIOD 1890 TO 2014


WEATHER ITEM   OBSERVED TIME   RECORD YEAR NORMAL DEPARTURE LAST
                VALUE   (LST)  VALUE       VALUE  FROM      YEAR
                                                  NORMAL
..................................................................
TEMPERATURE (F)
 YESTERDAY
  MAXIMUM         86    239 PM  99    2013  78      8       99
  MINIMUM         47    543 AM  32    1921  50     -3       62
                                      1897
  AVERAGE         67                        64      3       81

PRECIPITATION (IN)
  YESTERDAY        0.00          0.48 1959   0.02  -0.02     0.06
  MONTH TO DATE    0.00                      0.25  -0.25     1.13
  SINCE OCT 1     10.11                     12.34  -2.23    10.86
  SINCE JAN 1      8.32                      8.34  -0.02     6.42

SNOWFALL (IN)
  YESTERDAY        0.0           0.0  2002   0.0    0.0      0.0
                                      2001
                                      1999
  MONTH TO DATE    0.0                       0.0    0.0      0.0
  SINCE JAN 1     15.2                       7.7    7.5      0.2
  SINCE JUL 1      0.0                       0.0    0.0       T
  SNOW DEPTH       0

DEGREE DAYS
 HEATING
  YESTERDAY        0                         3     -3        0
  MONTH TO DATE   38                        31      7        2
  SINCE SEP 1     38                        31      7        2
  SINCE JUL 1     41                        53    -12        2

 COOLING
  YESTERDAY        2                         2      0       16
  MONTH TO DATE   20                        45    -25      119
  SINCE SEP 1     20                        45    -25      119
  SINCE JAN 1    781                       615    166      829
..................................................................


WIND (MPH)
  HIGHEST WIND SPEED    13   HIGHEST WIND DIRECTION    SE (150)
  HIGHEST GUST SPEED    16   HIGHEST GUST DIRECTION     N (360)
  AVERAGE WIND SPEED     5.9


SKY COVER
  POSSIBLE SUNSHINE  MM
  AVERAGE SKY COVER 0.0


WEATHER CONDITIONS
THE FOLLOWING WEATHER WAS RECORDED YESTERDAY.
  NO SIGNIFICANT WEATHER WAS OBSERVED.


RELATIVE HUMIDITY (PERCENT)
 HIGHEST    50           400 AM
 LOWEST     12           100 PM
 AVERAGE    31

..........................................................


THE PENDLETON OR CLIMATE NORMALS FOR TODAY
                         NORMAL    RECORD    YEAR
 MAXIMUM TEMPERATURE (F)   78        96      1909
 MINIMUM TEMPERATURE (F)   49        31      1897


SUNRISE AND SUNSET
SEPTEMBER 16 2014.....SUNRISE   635 AM PDT   SUNSET   704 PM PDT
SEPTEMBER 17 2014.....SUNRISE   636 AM PDT   SUNSET   703 PM PDT


-  INDICATES NEGATIVE NUMBERS.
R  INDICATES RECORD WAS SET OR TIED.
MM INDICATES DATA IS MISSING.
T  INDICATES TRACE AMOUNT.

$$
