000
CDUS46 KPDT 120827
CLIPDT

CLIMATE REPORT
NATIONAL WEATHER SERVICE PENDLETON OR
126 AM PDT SAT JUL 12 2014


...................................

...THE PENDLETON OR CLIMATE SUMMARY FOR JULY 11 2014...

CLIMATE NORMAL PERIOD 1981 TO 2010
CLIMATE RECORD PERIOD 1890 TO 2014


WEATHER ITEM   OBSERVED TIME   RECORD YEAR NORMAL DEPARTURE LAST
                VALUE   (LST)  VALUE       VALUE  FROM      YEAR
                                                  NORMAL
..................................................................
TEMPERATURE (F)
 YESTERDAY
  MAXIMUM        100    241 PM 107    1897  87     13       87
  MINIMUM         58    351 AM  40    1911  57      1       59
  AVERAGE         79                        72      7       73

PRECIPITATION (IN)
  YESTERDAY        0.00          0.12 1942   0.01  -0.01     0.01
                                      1914
                                      1909
  MONTH TO DATE    0.00                      0.14  -0.14     0.01
  SINCE OCT 1      9.28                     11.53  -2.25     9.36
  SINCE JAN 1      7.49                      7.53  -0.04     4.92

SNOWFALL (IN)
  YESTERDAY        0.0           0.0  2002   0.0    0.0      0.0
                                      2001
                                      2000
  MONTH TO DATE    0.0                       0.0    0.0      0.0
  SINCE JAN 1     15.2                       7.7    7.5      0.2
  SINCE JUL 1      0.0                       0.0    0.0      0.0
  SNOW DEPTH       0

DEGREE DAYS
 HEATING
  YESTERDAY        0                         0      0        0
  MONTH TO DATE    0                         7     -7        0
  SINCE JUN 1     43                        90    -47       80
  SINCE JUL 1      0                         7     -7        0

 COOLING
  YESTERDAY       14                         7      7        8
  MONTH TO DATE  142                        67     75      135
  SINCE JUN 1    202                       146     56      230
  SINCE JAN 1    224                       169     55      261
..................................................................


WIND (MPH)
  HIGHEST WIND SPEED    20   HIGHEST WIND DIRECTION     N (360)
  HIGHEST GUST SPEED    24   HIGHEST GUST DIRECTION     N (350)
  AVERAGE WIND SPEED     7.3


SKY COVER
  POSSIBLE SUNSHINE  MM
  AVERAGE SKY COVER 0.0


WEATHER CONDITIONS
 THE FOLLOWING WEATHER WAS RECORDED YESTERDAY.
  NO SIGNIFICANT WEATHER WAS OBSERVED.


RELATIVE HUMIDITY (PERCENT)
 HIGHEST    44           300 AM
 LOWEST      8           500 PM
 AVERAGE    26

..........................................................


THE PENDLETON OR CLIMATE NORMALS FOR TODAY
                         NORMAL    RECORD    YEAR
 MAXIMUM TEMPERATURE (F)   88       109      2002
 MINIMUM TEMPERATURE (F)   57        42      1911


SUNRISE AND SUNSET
JULY 12 2014..........SUNRISE   518 AM PDT   SUNSET   844 PM PDT
JULY 13 2014..........SUNRISE   519 AM PDT   SUNSET   843 PM PDT


-  INDICATES NEGATIVE NUMBERS.
R  INDICATES RECORD WAS SET OR TIED.
MM INDICATES DATA IS MISSING.
T  INDICATES TRACE AMOUNT.




$$
