477
CDUS46 KPQR 221143
CLIPDX


CLIMATE REPORT
NATIONAL WEATHER SERVICE PORTLAND OREGON
343 AM PST SUN JAN 22 2017


...................................

...THE PORTLAND OR CLIMATE SUMMARY FOR JANUARY 21 2017...

CLIMATE NORMAL PERIOD 1981 TO 2010
CLIMATE RECORD PERIOD 1940 TO 2017


WEATHER ITEM   OBSERVED TIME   RECORD YEAR NORMAL DEPARTURE LAST
                VALUE   (LST)  VALUE       VALUE  FROM      YEAR
                                                  NORMAL
..................................................................
TEMPERATURE (F)
 YESTERDAY
  MAXIMUM         47    552 PM  59    1970  48     -1       52
  MINIMUM         36   1155 PM   9    1962  36      0       45
  AVERAGE         42                        42      0       49

PRECIPITATION (IN)
  YESTERDAY        0.33          1.10 1943   0.15   0.18     0.25
  MONTH TO DATE    3.95                      3.44   0.51     5.49
  SINCE OCT 1     23.70                     17.56   6.14    28.91
  SINCE JAN 1      3.95                      3.44   0.51     5.49

SNOWFALL (IN)
  YESTERDAY        0.0          14.4  1943
  MONTH TO DATE    8.4
  SINCE DEC 1     11.2
  SINCE JUL 1     11.2

DEGREE DAYS
 HEATING
  YESTERDAY       23                        23      0       16
  MONTH TO DATE  711                       505    206      513
  SINCE DEC 1   1565                      1268    297     1172
  SINCE JUL 1   2275                      2237     38     1980

 COOLING
  YESTERDAY        0                         0      0        0
  MONTH TO DATE    0                         0      0        0
  SINCE DEC 1      0                         0      0        0
  SINCE JAN 1      0                         0      0        0
..................................................................


WIND (MPH)
  HIGHEST WIND SPEED    22   HIGHEST WIND DIRECTION     E (110)
  HIGHEST GUST SPEED    25   HIGHEST GUST DIRECTION    SE (120)
  AVERAGE WIND SPEED    11.6


SKY COVER
  POSSIBLE SUNSHINE  MM
  AVERAGE SKY COVER 0.8


WEATHER CONDITIONS
 THE FOLLOWING WEATHER WAS RECORDED YESTERDAY.
  RAIN
  LIGHT RAIN
  FOG


RELATIVE HUMIDITY (PERCENT)
 HIGHEST   100           300 PM
 LOWEST     76          1100 AM
 AVERAGE    88

..........................................................


THE PORTLAND OR CLIMATE NORMALS FOR TODAY
                         NORMAL    RECORD    YEAR
 MAXIMUM TEMPERATURE (F)   48        61      1970
 MINIMUM TEMPERATURE (F)   36         9      1949


SUNRISE AND SUNSET
JANUARY 22 2017.......SUNRISE   742 AM PST   SUNSET   503 PM PST
JANUARY 23 2017.......SUNRISE   741 AM PST   SUNSET   504 PM PST


-  INDICATES NEGATIVE NUMBERS.
R  INDICATES RECORD WAS SET OR TIED.
MM INDICATES DATA IS MISSING.
T  INDICATES TRACE AMOUNT.




$$
