000
CDUS46 KPQR 281141
CLIPDX


CLIMATE REPORT
NATIONAL WEATHER SERVICE PORTLAND OREGON
441 AM PDT SAT MAR 28 2015


...................................

...THE PORTLAND OR CLIMATE SUMMARY FOR MARCH 27 2015...

CLIMATE NORMAL PERIOD 1981 TO 2010
CLIMATE RECORD PERIOD 1940 TO 2015


WEATHER ITEM   OBSERVED TIME   RECORD YEAR NORMAL DEPARTURE LAST
                VALUE   (LST)  VALUE       VALUE  FROM      YEAR
                                                  NORMAL
..................................................................
TEMPERATURE (F)
 YESTERDAY
  MAXIMUM         71    220 PM  77    1994  58     13       59
  MINIMUM         44    538 AM  27    1975  41      3       45
  AVERAGE         58                        50      8       52

PRECIPITATION (IN)
  YESTERDAY        T             1.17 2005   0.11  -0.11     0.17
  MONTH TO DATE    4.51                      3.26   1.25     5.02
  SINCE OCT 1     26.53                     25.92   0.61    18.66
  SINCE JAN 1     11.55                     11.80  -0.25    12.84

DEGREE DAYS
 HEATING
  YESTERDAY        7                        15     -8       13
  MONTH TO DATE  340                       462   -122      422
  SINCE MAR 1    340                       462   -122      422
  SINCE JUL 1   2812                      3520   -708     3720

 COOLING
  YESTERDAY        0                         0      0        0
  MONTH TO DATE    0                         0      0        0
  SINCE MAR 1      0                         0      0        0
  SINCE JAN 1      0                         0      0        0
..................................................................


WIND (MPH)
  HIGHEST WIND SPEED    22   HIGHEST WIND DIRECTION     W (270)
  HIGHEST GUST SPEED    28   HIGHEST GUST DIRECTION     W (260)
  AVERAGE WIND SPEED     7.3


SKY COVER
  POSSIBLE SUNSHINE  MM
  AVERAGE SKY COVER 0.6


WEATHER CONDITIONS
 THE FOLLOWING WEATHER WAS RECORDED YESTERDAY.
  FOG


RELATIVE HUMIDITY (PERCENT)
 HIGHEST   100           300 AM
 LOWEST     53           200 PM
 AVERAGE    77

..........................................................


THE PORTLAND OR CLIMATE NORMALS FOR TODAY
                         NORMAL    RECORD    YEAR
 MAXIMUM TEMPERATURE (F)   59        76      1994
 MINIMUM TEMPERATURE (F)   41        28      1962


SUNRISE AND SUNSET
MARCH 28 2015.........SUNRISE   658 AM PDT   SUNSET   733 PM PDT
MARCH 29 2015.........SUNRISE   657 AM PDT   SUNSET   735 PM PDT


-  INDICATES NEGATIVE NUMBERS.
R  INDICATES RECORD WAS SET OR TIED.
MM INDICATES DATA IS MISSING.
T  INDICATES TRACE AMOUNT.




$$
