000
CDUS46 KPQR 030222
CLIPDX


CLIMATE REPORT
NATIONAL WEATHER SERVICE PORTLAND OREGON
722 PM PDT TUE SEP 2 2014


...................................

...THE PORTLAND OR CLIMATE SUMMARY FOR SEPTEMBER 2 2014...
VALID TODAY AS OF 0700 PM LOCAL TIME.

CLIMATE NORMAL PERIOD 1981 TO 2010
CLIMATE RECORD PERIOD 1940 TO 2014


WEATHER ITEM   OBSERVED TIME   RECORD YEAR NORMAL DEPARTURE LAST
                VALUE   (LST)  VALUE       VALUE  FROM      YEAR
                                                  NORMAL
..................................................................
TEMPERATURE (F)
 TODAY
  MAXIMUM         76    226 PM 105    1988  79     -3       80
  MINIMUM         59    600 AM  42    1960  56      3       64
  AVERAGE         68                        68      0       72

PRECIPITATION (IN)
  TODAY            0.00          0.86 1979   0.04  -0.04     0.02
  MONTH TO DATE    0.00                      0.07  -0.07     0.02
  SINCE OCT 1     29.97                     34.63  -4.66    37.23
  SINCE JAN 1     24.15                     20.51   3.64    15.30

DEGREE DAYS
 HEATING
  TODAY            0                         1     -1        0
  MONTH TO DATE    0                         2     -2        0
  SINCE SEP 1      0                         2     -2        0
  SINCE JUL 1      1                        29    -28        5

 COOLING
  TODAY            3                         3      0        7
  MONTH TO DATE    5                         6     -1       16
  SINCE SEP 1      5                         6     -1       16
  SINCE JAN 1    540                       369    171      469
..................................................................


WIND (MPH)
  HIGHEST WIND SPEED    26   HIGHEST WIND DIRECTION    NW (310)
  HIGHEST GUST SPEED    32   HIGHEST GUST DIRECTION    NW (310)
  AVERAGE WIND SPEED     7.3



WEATHER CONDITIONS
 THE FOLLOWING WEATHER WAS RECORDED TODAY.
  NO SIGNIFICANT WEATHER WAS OBSERVED.


RELATIVE HUMIDITY (PERCENT)
 HIGHEST    90           400 AM
 LOWEST     46          1200 PM
 AVERAGE    68

..........................................................


THE PORTLAND OR CLIMATE NORMALS FOR TOMORROW
                         NORMAL    RECORD    YEAR
 MAXIMUM TEMPERATURE (F)   79        94      2003
 MINIMUM TEMPERATURE (F)   56        45      1980


SUNRISE AND SUNSET
SEPTEMBER  2 2014.....SUNRISE   633 AM PDT   SUNSET   746 PM PDT
SEPTEMBER  3 2014.....SUNRISE   634 AM PDT   SUNSET   744 PM PDT


-  INDICATES NEGATIVE NUMBERS.
R  INDICATES RECORD WAS SET OR TIED.
MM INDICATES DATA IS MISSING.
T  INDICATES TRACE AMOUNT.




$$
