000
CDUS46 KPQR 221141
CLIPDX


CLIMATE REPORT
NATIONAL WEATHER SERVICE PORTLAND OREGON
441 AM PDT TUE JUL 22 2014


...................................

...THE PORTLAND OR CLIMATE SUMMARY FOR JULY 21 2014...

CLIMATE NORMAL PERIOD 1981 TO 2010
CLIMATE RECORD PERIOD 1940 TO 2014


WEATHER ITEM   OBSERVED TIME   RECORD YEAR NORMAL DEPARTURE LAST
                VALUE   (LST)  VALUE       VALUE  FROM      YEAR
                                                  NORMAL
..................................................................
TEMPERATURE (F)
 YESTERDAY
  MAXIMUM         79    527 PM 104    2006  82     -3       82
  MINIMUM         56    459 AM  50    1984  59     -3       58
  AVERAGE         68                        70     -2       70

PRECIPITATION (IN)
  YESTERDAY        0.00          0.51 1945   0.01  -0.01     0.00
  MONTH TO DATE    0.01                      0.49  -0.48      T
  SINCE OCT 1     28.92                     33.73  -4.81    36.43
  SINCE JAN 1     23.10                     19.61   3.49    14.50

DEGREE DAYS
 HEATING
  YESTERDAY        0                         0      0        0
  MONTH TO DATE    0                        15    -15        1
  SINCE JUN 1     62                       106    -44       50
  SINCE JUL 1      0                        15    -15        1

 COOLING
  YESTERDAY        3                         6     -3        5
  MONTH TO DATE  156                        89     67      112
  SINCE JUN 1    185                       136     49      179
  SINCE JAN 1    213                       153     60      194
..................................................................


WIND (MPH)
  HIGHEST WIND SPEED    13   HIGHEST WIND DIRECTION     W (280)
  HIGHEST GUST SPEED    15   HIGHEST GUST DIRECTION    NW (300)
  AVERAGE WIND SPEED     5.6


SKY COVER
  POSSIBLE SUNSHINE  MM
  AVERAGE SKY COVER 0.7


WEATHER CONDITIONS
 THE FOLLOWING WEATHER WAS RECORDED YESTERDAY.
  NO SIGNIFICANT WEATHER WAS OBSERVED.


RELATIVE HUMIDITY (PERCENT)
 HIGHEST    86           500 AM
 LOWEST     33           300 PM
 AVERAGE    60

..........................................................


THE PORTLAND OR CLIMATE NORMALS FOR TODAY
                         NORMAL    RECORD    YEAR
 MAXIMUM TEMPERATURE (F)   82        98      2004
                                             1978
 MINIMUM TEMPERATURE (F)   59        49      2011
                                             1954


SUNRISE AND SUNSET
JULY 22 2014..........SUNRISE   543 AM PDT   SUNSET   850 PM PDT
JULY 23 2014..........SUNRISE   544 AM PDT   SUNSET   849 PM PDT


-  INDICATES NEGATIVE NUMBERS.
R  INDICATES RECORD WAS SET OR TIED.
MM INDICATES DATA IS MISSING.
T  INDICATES TRACE AMOUNT.




$$
