000
CDUS46 KPQR 230222
CLIPDX


CLIMATE REPORT
NATIONAL WEATHER SERVICE PORTLAND OREGON
722 PM PDT SAT APR 22 2017


...................................

...THE PORTLAND OR CLIMATE SUMMARY FOR APRIL 22 2017...
VALID TODAY AS OF 0700 PM LOCAL TIME.

CLIMATE NORMAL PERIOD 1981 TO 2010
CLIMATE RECORD PERIOD 1940 TO 2017


WEATHER ITEM   OBSERVED TIME   RECORD YEAR NORMAL DEPARTURE LAST
                VALUE   (LST)  VALUE       VALUE  FROM      YEAR
                                                  NORMAL
..................................................................
TEMPERATURE (F)
 TODAY
  MAXIMUM         63    302 PM  82    2012  63      0       65
  MINIMUM         50    847 AM  30    1972  44      6       52
  AVERAGE         57                        53      4       59

PRECIPITATION (IN)
  TODAY            0.14          1.20 1996   0.09   0.05     0.41
  MONTH TO DATE    2.71                      2.09   0.62     1.76
  SINCE OCT 1     44.21                     28.43  15.78    41.24
  SINCE JAN 1     24.46                     14.31  10.15    17.82

SNOWFALL (IN)
  TODAY            0.0           T    1961
  MONTH TO DATE    0.0
  SINCE MAR 1      T
  SINCE JUL 1     11.2

DEGREE DAYS
 HEATING
  TODAY            8                        12     -4        6
  MONTH TO DATE  307                       295     12      138
  SINCE MAR 1    837                       817     20      587
  SINCE JUL 1   4042                      3875    167     3190

 COOLING
  TODAY            0                         0      0        0
  MONTH TO DATE    0                         0      0       18
  SINCE MAR 1      0                         0      0       18
  SINCE JAN 1      0                         0      0       18
..................................................................


WIND (MPH)
  HIGHEST WIND SPEED    31   HIGHEST WIND DIRECTION     S (200)
  HIGHEST GUST SPEED    41   HIGHEST GUST DIRECTION     S (200)
  AVERAGE WIND SPEED    17.2



WEATHER CONDITIONS
 THE FOLLOWING WEATHER WAS RECORDED TODAY.
  RAIN
  LIGHT RAIN


RELATIVE HUMIDITY (PERCENT)
 HIGHEST    83           900 AM
 LOWEST     39          1200 AM
 AVERAGE    61

..........................................................


THE PORTLAND OR CLIMATE NORMALS FOR TOMORROW
                         NORMAL    RECORD    YEAR
 MAXIMUM TEMPERATURE (F)   63        82      2012
 MINIMUM TEMPERATURE (F)   44        34      1954


SUNRISE AND SUNSET
APRIL 22 2017.........SUNRISE   612 AM PDT   SUNSET   806 PM PDT
APRIL 23 2017.........SUNRISE   610 AM PDT   SUNSET   808 PM PDT


-  INDICATES NEGATIVE NUMBERS.
R  INDICATES RECORD WAS SET OR TIED.
MM INDICATES DATA IS MISSING.
T  INDICATES TRACE AMOUNT.




$$
