000
CDUS46 KPQR 051142
CLIPDX


CLIMATE REPORT
NATIONAL WEATHER SERVICE PORTLAND OREGON
441 AM PDT THU MAY 5 2016


...................................

...THE PORTLAND OR CLIMATE SUMMARY FOR MAY 4 2016...

CLIMATE NORMAL PERIOD 1981 TO 2010
CLIMATE RECORD PERIOD 1940 TO 2016


WEATHER ITEM   OBSERVED TIME   RECORD YEAR NORMAL DEPARTURE LAST
                VALUE   (LST)  VALUE       VALUE  FROM      YEAR
                                                  NORMAL
..................................................................
TEMPERATURE (F)
 YESTERDAY
  MAXIMUM         64    224 PM  89    1992  65     -1       64
  MINIMUM         53    659 AM  34    1962  46      7       47
  AVERAGE         59                        56      3       56

PRECIPITATION (IN)
  YESTERDAY        T             1.02 2009   0.08  -0.08     0.00
  MONTH TO DATE    0.09                      0.31  -0.22     0.00
  SINCE OCT 1     41.53                     29.38  12.15    28.48
  SINCE JAN 1     18.11                     15.26   2.85    13.50

DEGREE DAYS
 HEATING
  YESTERDAY        6                        10     -4        9
  MONTH TO DATE    7                        40    -33       22
  SINCE MAR 1    683                       945   -262      765
  SINCE JUL 1   3286                      4003   -717     3237

 COOLING
  YESTERDAY        0                         0      0        0
  MONTH TO DATE    6                         0      6        0
  SINCE MAR 1     24                         1     23        2
  SINCE JAN 1     24                         1     23        2
..................................................................


WIND (MPH)
  HIGHEST WIND SPEED    16   HIGHEST WIND DIRECTION    NW (320)
  HIGHEST GUST SPEED    22   HIGHEST GUST DIRECTION    NW (320)
  AVERAGE WIND SPEED     9.2


SKY COVER
  POSSIBLE SUNSHINE  MM
  AVERAGE SKY COVER 0.9


WEATHER CONDITIONS
 THE FOLLOWING WEATHER WAS RECORDED YESTERDAY.
  LIGHT RAIN


RELATIVE HUMIDITY (PERCENT)
 HIGHEST    93           100 AM
 LOWEST     65           300 PM
 AVERAGE    79

..........................................................


THE PORTLAND OR CLIMATE NORMALS FOR TODAY
                         NORMAL    RECORD    YEAR
 MAXIMUM TEMPERATURE (F)   66        87      1992
 MINIMUM TEMPERATURE (F)   46        35      1978


SUNRISE AND SUNSET
MAY  5 2016...........SUNRISE   552 AM PDT   SUNSET   823 PM PDT
MAY  6 2016...........SUNRISE   550 AM PDT   SUNSET   825 PM PDT


-  INDICATES NEGATIVE NUMBERS.
R  INDICATES RECORD WAS SET OR TIED.
MM INDICATES DATA IS MISSING.
T  INDICATES TRACE AMOUNT.




$$
