000
CDUS41 KPBZ 172118
CLIPHD


CLIMATE REPORT
NATIONAL WEATHER SERVICE PITTSBURGH PA
516 PM EDT TUE OCT 17 2017


...................................

...THE NEW PHILADELPHIA OH CLIMATE SUMMARY FOR OCTOBER 17 2017...
VALID TODAY AS OF 0500 PM LOCAL TIME.

CLIMATE NORMAL PERIOD 1981 TO 2010
CLIMATE RECORD PERIOD 1948 TO 2017


WEATHER ITEM   OBSERVED TIME   RECORD YEAR NORMAL DEPARTURE LAST
                VALUE   (LST)  VALUE       VALUE  FROM      YEAR
                                                  NORMAL
..................................................................
TEMPERATURE (F)
 TODAY
  MAXIMUM         66    353 PM  82    2016  64      2       82
                                      1968
  MINIMUM         36    335 AM  27    1982  40     -4       62
  AVERAGE         51                        52     -1       72

PRECIPITATION (IN)
  TODAY            0.00          1.88 2006   0.09  -0.09     0.09
  MONTH TO DATE    2.55                      1.50   1.05     0.18
  SINCE JUN 1     13.50                     16.11  -2.61    11.31
  SINCE JAN 1     34.25                     31.71   2.54    25.96

DEGREE DAYS
 HEATING
  TODAY           14                        13      1        0
  MONTH TO DATE   51                       180   -129      105
  SINCE SEP 1    132                       276   -144      125
  SINCE JUL 1    142                       286   -144      125

 COOLING
  TODAY            0                         0      0        7
  MONTH TO DATE   46                         9     37       13
  SINCE SEP 1    163                        75     88      197
  SINCE JAN 1    831                       697    134     1325
..................................................................


WIND (MPH)
  HIGHEST WIND SPEED    13   HIGHEST WIND DIRECTION     S (180)
  HIGHEST GUST SPEED    16   HIGHEST GUST DIRECTION     S (190)
  AVERAGE WIND SPEED     3.2


SKY COVER
  POSSIBLE SUNSHINE  MM
  AVERAGE SKY COVER 0.4


WEATHER CONDITIONS
 THE FOLLOWING WEATHER WAS RECORDED TODAY.
  FOG
  FOG W/VISIBILITY <= 1/4 MILE


RELATIVE HUMIDITY (PERCENT)
 HIGHEST   100           500 AM
 LOWEST     40           200 PM
 AVERAGE    70

..........................................................


THE NEW PHILADELPHIA OH CLIMATE NORMALS FOR TOMORROW
                         NORMAL    RECORD    YEAR
 MAXIMUM TEMPERATURE (F)   64        83      1968
 MINIMUM TEMPERATURE (F)   40        25      2015
                                             1976


SUNRISE AND SUNSET
OCTOBER 17 2017.......SUNRISE   739 AM EDT   SUNSET   642 PM EDT
OCTOBER 18 2017.......SUNRISE   740 AM EDT   SUNSET   641 PM EDT


-  INDICATES NEGATIVE NUMBERS.
R  INDICATES RECORD WAS SET OR TIED.
MM INDICATES DATA IS MISSING.
T  INDICATES TRACE AMOUNT.




$$
