000
CDUS41 KPBZ 230723
CLIPHD


CLIMATE REPORT
NATIONAL WEATHER SERVICE PITTSBURGH PA
322 AM EDT FRI JUN 23 2017


...................................

...THE NEW PHILADELPHIA OH CLIMATE SUMMARY FOR JUNE 22 2017...

CLIMATE NORMAL PERIOD 1981 TO 2010
CLIMATE RECORD PERIOD 1948 TO 2017


WEATHER ITEM   OBSERVED TIME   RECORD YEAR NORMAL DEPARTURE LAST
                VALUE   (LST)  VALUE       VALUE  FROM      YEAR
                                                  NORMAL
..................................................................
TEMPERATURE (F)
 YESTERDAY
  MAXIMUM         86    248 PM  97    1988  82      4       82
  MINIMUM         64            38    1992  59      5       56
  AVERAGE         75                        70      5       69

PRECIPITATION (IN)
  YESTERDAY        T             1.85 1995   0.10  -0.10     0.06
  MONTH TO DATE    1.14                      2.99  -1.85     0.40
  SINCE JUN 1      1.14                      2.99  -1.85     0.40
  SINCE JAN 1     21.89                     18.59   3.30    15.05

DEGREE DAYS
 HEATING
  YESTERDAY        0                         0      0        0
  MONTH TO DATE   19                        33    -14        7
  SINCE JUN 1     19                        33    -14        7
  SINCE JUL 1   4703                      5642   -939     4818

 COOLING
  YESTERDAY       10                         6      4        4
  MONTH TO DATE  154                        93     61      198
  SINCE JUN 1    154                        93     61      198
  SINCE JAN 1    221                       136     85      277
..................................................................


WIND (MPH)
  HIGHEST WIND SPEED    13   HIGHEST WIND DIRECTION    SW (210)
  HIGHEST GUST SPEED    20   HIGHEST GUST DIRECTION     S (200)
  AVERAGE WIND SPEED     5.4


SKY COVER
  POSSIBLE SUNSHINE  MM
  AVERAGE SKY COVER 0.3


WEATHER CONDITIONS
 THE FOLLOWING WEATHER WAS RECORDED YESTERDAY.
  NO SIGNIFICANT WEATHER WAS OBSERVED.


RELATIVE HUMIDITY (PERCENT)
 HIGHEST    93           500 AM
 LOWEST     59           100 PM
 AVERAGE    76

..........................................................


THE NEW PHILADELPHIA OH CLIMATE NORMALS FOR TODAY
                         NORMAL    RECORD    YEAR
 MAXIMUM TEMPERATURE (F)   82        97      1988
 MINIMUM TEMPERATURE (F)   59        39      1992


SUNRISE AND SUNSET
JUNE 23 2017..........SUNRISE   556 AM EDT   SUNSET   900 PM EDT
JUNE 24 2017..........SUNRISE   556 AM EDT   SUNSET   900 PM EDT


-  INDICATES NEGATIVE NUMBERS.
R  INDICATES RECORD WAS SET OR TIED.
MM INDICATES DATA IS MISSING.
T  INDICATES TRACE AMOUNT.




$$
