466
CDUS41 KPBZ 282111
CLIPHD


CLIMATE REPORT
NATIONAL WEATHER SERVICE PITTSBURGH PA
510 PM EDT THU APR 28 2016


...................................

...THE NEW PHILADELPHIA OH CLIMATE SUMMARY FOR APRIL 28 2016...
VALID TODAY AS OF 0500 PM LOCAL TIME.

CLIMATE NORMAL PERIOD 1981 TO 2010
CLIMATE RECORD PERIOD 1946 TO 2016


WEATHER ITEM   OBSERVED TIME   RECORD YEAR NORMAL DEPARTURE LAST
                VALUE   (LST)  VALUE       VALUE  FROM      YEAR
                                                  NORMAL
..................................................................
TEMPERATURE (F)
 TODAY
  MAXIMUM         53    359 PM  90    1990  67    -14       64
  MINIMUM         45    808 AM  27    1971  42      3       36
  AVERAGE         49                        55     -6       50

PRECIPITATION (IN)
  TODAY            0.25         MM      MM   0.13   0.12     0.00
  MONTH TO DATE    3.60                      3.17   0.43     3.66
  SINCE JUN 1     29.18                     34.47  -5.29    34.97
  SINCE JAN 1     11.10                     11.17  -0.07    10.24

DEGREE DAYS
 HEATING
  TODAY           16                        11      5       15
  MONTH TO DATE  431                       410     21      311
  SINCE MAR 1    995                      1189   -194     1166
  SINCE JUL 1   4609                      5396   -787     5784

 COOLING
  TODAY            0                         0      0        0
  MONTH TO DATE    0                         0      0        3
  SINCE MAR 1      0                         1     -1        3
  SINCE JAN 1      0                         1     -1        3
..................................................................


WIND (MPH)
  HIGHEST WIND SPEED     9   HIGHEST WIND DIRECTION     E (100)
  HIGHEST GUST SPEED    12   HIGHEST GUST DIRECTION     E (110)
  AVERAGE WIND SPEED     3.5


SKY COVER
  POSSIBLE SUNSHINE  MM
  AVERAGE SKY COVER 0.9


WEATHER CONDITIONS
 THE FOLLOWING WEATHER WAS RECORDED TODAY.
  HEAVY RAIN
  RAIN
  LIGHT RAIN
  FOG


RELATIVE HUMIDITY (PERCENT)
 HIGHEST    93          1200 PM
 LOWEST     35           300 AM
 AVERAGE    64

..........................................................


THE NEW PHILADELPHIA OH CLIMATE NORMALS FOR TOMORROW
                         NORMAL    RECORD    YEAR
 MAXIMUM TEMPERATURE (F)   68        90      1986
 MINIMUM TEMPERATURE (F)   43        26      1977


SUNRISE AND SUNSET
APRIL 28 2016.........SUNRISE   628 AM EDT   SUNSET   819 PM EDT
APRIL 29 2016.........SUNRISE   627 AM EDT   SUNSET   820 PM EDT


-  INDICATES NEGATIVE NUMBERS.
R  INDICATES RECORD WAS SET OR TIED.
MM INDICATES DATA IS MISSING.
T  INDICATES TRACE AMOUNT.




$$
