000
CDUS41 KPBZ 080801
CLIPHD


CLIMATE REPORT
NATIONAL WEATHER SERVICE PITTSBURGH PA
301 AM EST MON FEB 8 2016


...................................

...THE NEW PHILADELPHIA OH CLIMATE SUMMARY FOR FEBRUARY 7 2016...

CLIMATE NORMAL PERIOD 1981 TO 2010
CLIMATE RECORD PERIOD 1946 TO 2016


WEATHER ITEM   OBSERVED TIME   RECORD YEAR NORMAL DEPARTURE LAST
                VALUE   (LST)  VALUE       VALUE  FROM      YEAR
                                                  NORMAL
..................................................................
TEMPERATURE (F)
 YESTERDAY
  MAXIMUM         52    348 PM  55    2005  39     13       48
  MINIMUM         21            -6    1979  21      0       23
  AVERAGE         37                        30      7       36

PRECIPITATION (IN)
  YESTERDAY        0.00         MM      MM   0.09  -0.09     0.00
  MONTH TO DATE    0.89                      0.54   0.35     0.66
  SINCE JUN 1     20.01                     26.44  -6.43    27.19
  SINCE JAN 1      1.93                      3.14  -1.21     2.46

DEGREE DAYS
 HEATING
  YESTERDAY       28                        35     -7       29
  MONTH TO DATE  191                       245    -54      278
  SINCE DEC 1   2002                      2359   -357     2373
  SINCE JUL 1   2898                      3517   -619     3607

 COOLING
  YESTERDAY        0                         0      0        0
  MONTH TO DATE    0                         0      0        0
  SINCE DEC 1      0                         0      0        0
  SINCE JAN 1      0                         0      0        0
..................................................................


WIND (MPH)
  HIGHEST WIND SPEED    13   HIGHEST WIND DIRECTION    SW (220)
  HIGHEST GUST SPEED    19   HIGHEST GUST DIRECTION     S (180)
  AVERAGE WIND SPEED     5.3


SKY COVER
  POSSIBLE SUNSHINE  MM
  AVERAGE SKY COVER 0.2


WEATHER CONDITIONS
 THE FOLLOWING WEATHER WAS RECORDED YESTERDAY.
  NO SIGNIFICANT WEATHER WAS OBSERVED.


RELATIVE HUMIDITY (PERCENT)
 HIGHEST    88           300 AM
 LOWEST     35           400 PM
 AVERAGE    62

..........................................................


THE NEW PHILADELPHIA OH CLIMATE NORMALS FOR TODAY
                         NORMAL    RECORD    YEAR
 MAXIMUM TEMPERATURE (F)   40        54      2005
 MINIMUM TEMPERATURE (F)   21        -9      1977


SUNRISE AND SUNSET
FEBRUARY  8 2016......SUNRISE   728 AM EST   SUNSET   552 PM EST
FEBRUARY  9 2016......SUNRISE   727 AM EST   SUNSET   553 PM EST


-  INDICATES NEGATIVE NUMBERS.
R  INDICATES RECORD WAS SET OR TIED.
MM INDICATES DATA IS MISSING.
T  INDICATES TRACE AMOUNT.




$$
