000
CDUS41 KPHI 190632
CLIPHL


CLIMATE REPORT
NATIONAL WEATHER SERVICE MOUNT HOLLY NJ
231 AM EDT SAT APR 19 2014


...................................

...THE PHILADELPHIA PA CLIMATE SUMMARY FOR APRIL 18 2014...

CLIMATE NORMAL PERIOD 1981 TO 2010
CLIMATE RECORD PERIOD 1872 TO 2014


WEATHER ITEM   OBSERVED TIME   RECORD YEAR NORMAL DEPARTURE LAST
                VALUE   (LST)  VALUE       VALUE  FROM      YEAR
                                                  NORMAL
..................................................................
TEMPERATURE (F)
 YESTERDAY
  MAXIMUM         55    455 PM  94    1976  65    -10       66
  MINIMUM         39    600 AM  25    1875  45     -6       52
  AVERAGE         47                        55     -8       59

PRECIPITATION (IN)
  YESTERDAY        0.00          2.16 1924   0.11  -0.11      T
  MONTH TO DATE    1.38                      2.21  -0.83     1.47
  SINCE MAR 1      5.61                      6.00  -0.39     3.89
  SINCE JAN 1     14.28                     11.68   2.60     9.35

SNOWFALL (IN)
  YESTERDAY        0.0           T    2001   0.0    0.0      0.0
                                      1997
                                      1921
  MONTH TO DATE    T                         0.4   -0.4      0.0
  SINCE MAR 1      8.5                       3.3    5.2      1.3
  SINCE JUL 1     68.0                      22.3   45.7      8.3
  SNOW DEPTH       0

DEGREE DAYS
 HEATING
  YESTERDAY       18                        11      7        6
  MONTH TO DATE  215                       241    -26      200
  SINCE MAR 1   1016                       906    110      930
  SINCE JUL 1   4672                      4388    284     4137

 COOLING
  YESTERDAY        0                         0      0        0
  MONTH TO DATE    9                         0      9       16
  SINCE MAR 1      9                         1      8       16
  SINCE JAN 1      9                         1      8       16
..................................................................


WIND (MPH)
  HIGHEST WIND SPEED    16   HIGHEST WIND DIRECTION     S (200)
  HIGHEST GUST SPEED    21   HIGHEST GUST DIRECTION    SW (210)
  AVERAGE WIND SPEED     6.0


SKY COVER
  POSSIBLE SUNSHINE  MM
  AVERAGE SKY COVER 1.0


WEATHER CONDITIONS
 THE FOLLOWING WEATHER WAS RECORDED YESTERDAY.
  NO SIGNIFICANT WEATHER WAS OBSERVED.


RELATIVE HUMIDITY (PERCENT)
 HIGHEST    71          1000 PM
 LOWEST     38           400 PM
 AVERAGE    55

..........................................................


THE PHILADELPHIA PA CLIMATE NORMALS FOR TODAY
                         NORMAL    RECORD    YEAR
 MAXIMUM TEMPERATURE (F)   65        91      1896
 MINIMUM TEMPERATURE (F)   45        20      1875


SUNRISE AND SUNSET
APRIL 19 2014.........SUNRISE   617 AM EDT   SUNSET   743 PM EDT
APRIL 20 2014.........SUNRISE   616 AM EDT   SUNSET   744 PM EDT


-  INDICATES NEGATIVE NUMBERS.
R  INDICATES RECORD WAS SET OR TIED.
MM INDICATES DATA IS MISSING.
T  INDICATES TRACE AMOUNT.




$$
