000
CDUS41 KPHI 290628
CLIPHL


CLIMATE REPORT
NATIONAL WEATHER SERVICE MOUNT HOLLY NJ
228 AM EDT THU JUN 29 2017


...................................

...THE PHILADELPHIA PA CLIMATE SUMMARY FOR JUNE 28 2017...

CLIMATE NORMAL PERIOD 1981 TO 2010
CLIMATE RECORD PERIOD 1872 TO 2017


WEATHER ITEM   OBSERVED TIME   RECORD YEAR NORMAL DEPARTURE LAST
                VALUE   (LST)  VALUE       VALUE  FROM      YEAR
                                                  NORMAL
..................................................................
TEMPERATURE (F)
 YESTERDAY
  MAXIMUM         81    222 PM  97    1963  86     -5       84
  MINIMUM         62    544 AM  54    1961  67     -5       71
  AVERAGE         72                        76     -4       78

PRECIPITATION (IN)
  YESTERDAY        0.00          2.48 2006   0.11  -0.11     0.07
  MONTH TO DATE    1.86                      3.19  -1.33     1.87
  SINCE JUN 1      1.86                      3.19  -1.33     1.87
  SINCE JAN 1     19.81                     19.93  -0.12    19.27

SNOWFALL (IN)
  YESTERDAY        0.0           0.0    MM   0.0    0.0      0.0
  MONTH TO DATE    0.0                       0.0    0.0      0.0
  SINCE JUN 1      0.0                       0.0    0.0      0.0
  SINCE JUL 1     15.0                      22.4   -7.4     27.5
  SNOW DEPTH       0

DEGREE DAYS
 HEATING
  YESTERDAY        0                         0      0        0
  MONTH TO DATE    8                         9     -1        0
  SINCE JUN 1      8                         9     -1        0
  SINCE JUL 1   3858                      4611   -753     3587

 COOLING
  YESTERDAY        7                        12     -5       13
  MONTH TO DATE  274                       235     39      259
  SINCE JUN 1    274                       235     39      259
  SINCE JAN 1    385                       326     59      373
..................................................................


WIND (MPH)
  HIGHEST WIND SPEED    17   HIGHEST WIND DIRECTION    NW (320)
  HIGHEST GUST SPEED    24   HIGHEST GUST DIRECTION    NW (320)
  AVERAGE WIND SPEED     9.2


SKY COVER
  POSSIBLE SUNSHINE  MM
  AVERAGE SKY COVER 0.4


WEATHER CONDITIONS
 THE FOLLOWING WEATHER WAS RECORDED YESTERDAY.
  NO SIGNIFICANT WEATHER WAS OBSERVED.


RELATIVE HUMIDITY (PERCENT)
 HIGHEST    66          1100 PM
 LOWEST     32           100 PM
 AVERAGE    49

..........................................................


THE PHILADELPHIA PA CLIMATE NORMALS FOR TODAY
                         NORMAL    RECORD    YEAR
 MAXIMUM TEMPERATURE (F)   86       102      1934
 MINIMUM TEMPERATURE (F)   68        52      1888


SUNRISE AND SUNSET
JUNE 29 2017..........SUNRISE   535 AM EDT   SUNSET   833 PM EDT
JUNE 30 2017..........SUNRISE   536 AM EDT   SUNSET   833 PM EDT


-  INDICATES NEGATIVE NUMBERS.
R  INDICATES RECORD WAS SET OR TIED.
MM INDICATES DATA IS MISSING.
T  INDICATES TRACE AMOUNT.




$$
