000
CDUS41 KPHI 210631
CLIPHL


CLIMATE REPORT
NATIONAL WEATHER SERVICE MOUNT HOLLY NJ
230 AM EDT TUE OCT 21 2014


...................................

...THE PHILADELPHIA PA CLIMATE SUMMARY FOR OCTOBER 20 2014...

CLIMATE NORMAL PERIOD 1981 TO 2010
CLIMATE RECORD PERIOD 1872 TO 2014


WEATHER ITEM   OBSERVED TIME   RECORD YEAR NORMAL DEPARTURE LAST
                VALUE   (LST)  VALUE       VALUE  FROM      YEAR
                                                  NORMAL
..................................................................
TEMPERATURE (F)
 YESTERDAY
  MAXIMUM         63    328 PM  80    1938  65     -2       63
                                      1916
  MINIMUM         39    623 AM  27    1974  47     -8       48
  AVERAGE         51                        56     -5       56

PRECIPITATION (IN)
  YESTERDAY        0.00          2.72 1873   0.10  -0.10     0.00
  MONTH TO DATE    2.01                      2.11  -0.10     2.40
  SINCE SEP 1      3.70                      5.89  -2.19     5.66
  SINCE JAN 1     39.51                     33.91   5.60    47.90

SNOWFALL (IN)
  YESTERDAY        0.0           1.5  1940   0.0    0.0      0.0
  MONTH TO DATE    0.0                       0.0    0.0      0.0
  SINCE SEP 1      0.0                       0.0    0.0      0.0
  SINCE JUL 1      0.0                       0.0    0.0      0.0
  SNOW DEPTH       0

DEGREE DAYS
 HEATING
  YESTERDAY       14                         9      5        9
  MONTH TO DATE   90                       132    -42       53
  SINCE SEP 1    104                       169    -65       89
  SINCE JUL 1    104                       170    -66       89

 COOLING
  YESTERDAY        0                         0      0        0
  MONTH TO DATE   25                        19      6       65
  SINCE SEP 1    213                       180     33      195
  SINCE JAN 1   1311                      1297     14     1411
..................................................................


WIND (MPH)
  HIGHEST WIND SPEED    17   HIGHEST WIND DIRECTION     S (200)
  HIGHEST GUST SPEED    23   HIGHEST GUST DIRECTION     S (180)
  AVERAGE WIND SPEED     6.2


SKY COVER
  POSSIBLE SUNSHINE  MM
  AVERAGE SKY COVER 0.7


WEATHER CONDITIONS
 THE FOLLOWING WEATHER WAS RECORDED YESTERDAY.
  NO SIGNIFICANT WEATHER WAS OBSERVED.


RELATIVE HUMIDITY (PERCENT)
 HIGHEST    70           400 AM
 LOWEST     39          1200 PM
 AVERAGE    55

..........................................................


THE PHILADELPHIA PA CLIMATE NORMALS FOR TODAY
                         NORMAL    RECORD    YEAR
 MAXIMUM TEMPERATURE (F)   65        86      1947
 MINIMUM TEMPERATURE (F)   47        28      1952


SUNRISE AND SUNSET
OCTOBER 21 2014.......SUNRISE   718 AM EDT   SUNSET   613 PM EDT
OCTOBER 22 2014.......SUNRISE   719 AM EDT   SUNSET   612 PM EDT


-  INDICATES NEGATIVE NUMBERS.
R  INDICATES RECORD WAS SET OR TIED.
MM INDICATES DATA IS MISSING.
T  INDICATES TRACE AMOUNT.




$$
