000
CDUS41 KPHI 042135
CLIPHL


CLIMATE REPORT
NATIONAL WEATHER SERVICE MOUNT HOLLY NJ
533 PM EDT FRI SEP 4 2015


...................................

...THE PHILADELPHIA PA CLIMATE SUMMARY FOR SEPTEMBER 4 2015...
VALID TODAY AS OF 0500 PM LOCAL TIME.

CLIMATE NORMAL PERIOD 1981 TO 2010
CLIMATE RECORD PERIOD 1872 TO 2015


WEATHER ITEM   OBSERVED TIME   RECORD YEAR NORMAL DEPARTURE LAST
                VALUE   (LST)  VALUE       VALUE  FROM      YEAR
                                                  NORMAL
..................................................................
TEMPERATURE (F)
 TODAY
  MAXIMUM         93R  1222 PM  93    2008  82     11       87
                                      1973
  MINIMUM         75    431 AM  52    1997  65     10       68
                                      1946
  AVERAGE         84                        73     11       78

PRECIPITATION (IN)
  TODAY            0.00          3.25 1935   0.12  -0.12     0.00
  MONTH TO DATE    0.00                      0.46  -0.46     0.19
  SINCE SEP 1      0.00                      0.46  -0.46     0.19
  SINCE JAN 1     30.19                     28.48   1.71    36.00

SNOWFALL (IN)
  TODAY            0.0           0.0  1870   0.0    0.0      0.0
  MONTH TO DATE    0.0                       0.0    0.0      0.0
  SINCE SEP 1      0.0                       0.0    0.0      0.0
  SINCE JUL 1      0.0                       0.0    0.0      0.0
  SNOW DEPTH       0

DEGREE DAYS
 HEATING
  TODAY            0                         0      0        0
  MONTH TO DATE    0                         0      0        0
  SINCE SEP 1      0                         0      0        0
  SINCE JUL 1      0                         1     -1        0

 COOLING
  TODAY           19                         8     11       13
  MONTH TO DATE   76                        35     41       62
  SINCE SEP 1     76                        35     41       62
  SINCE JAN 1   1482                      1152    330     1160
..................................................................


WIND (MPH)
  HIGHEST WIND SPEED    18   HIGHEST WIND DIRECTION     E (80)
  HIGHEST GUST SPEED    22   HIGHEST GUST DIRECTION     E (80)
  AVERAGE WIND SPEED     7.8


SKY COVER
  POSSIBLE SUNSHINE  MM
  AVERAGE SKY COVER 0.6


WEATHER CONDITIONS
 THE FOLLOWING WEATHER WAS RECORDED TODAY.
  HAZE


RELATIVE HUMIDITY (PERCENT)
 HIGHEST    79           400 AM
 LOWEST     47          1100 AM
 AVERAGE    63

..........................................................


THE PHILADELPHIA PA CLIMATE NORMALS FOR TOMORROW
                         NORMAL    RECORD    YEAR
 MAXIMUM TEMPERATURE (F)   82        92      1985
                                             1973
                                             1961
 MINIMUM TEMPERATURE (F)   64        53      1994
                                             1896


SUNRISE AND SUNSET
SEPTEMBER  4 2015.....SUNRISE   631 AM EDT   SUNSET   728 PM EDT
SEPTEMBER  5 2015.....SUNRISE   632 AM EDT   SUNSET   726 PM EDT


-  INDICATES NEGATIVE NUMBERS.
R  INDICATES RECORD WAS SET OR TIED.
MM INDICATES DATA IS MISSING.
T  INDICATES TRACE AMOUNT.




$$
