000
CDUS41 KPHI 030630
CLIPHL


CLIMATE REPORT
NATIONAL WEATHER SERVICE MOUNT HOLLY NJ
229 AM EDT FRI JUL 3 2015


...................................

...THE PHILADELPHIA PA CLIMATE SUMMARY FOR JULY 2 2015...

CLIMATE NORMAL PERIOD 1981 TO 2010
CLIMATE RECORD PERIOD 1872 TO 2015


WEATHER ITEM   OBSERVED TIME   RECORD YEAR NORMAL DEPARTURE LAST
                VALUE   (LST)  VALUE       VALUE  FROM      YEAR
                                                  NORMAL
..................................................................
TEMPERATURE (F)
 YESTERDAY
  MAXIMUM         77    156 PM 103    1901  86     -9       96
  MINIMUM         67    459 AM  52    1965  68     -1       75
                                      1940
  AVERAGE         72                        77     -5       86

PRECIPITATION (IN)
  YESTERDAY        0.02          1.73 1987   0.13  -0.11     0.21
  MONTH TO DATE    0.10                      0.26  -0.16     0.21
  SINCE JUN 1      8.98                      3.69   5.29     5.67
  SINCE JAN 1     26.15                     20.43   5.72    28.17

SNOWFALL (IN)
  YESTERDAY        0.0           0.0  1870   0.0    0.0      0.0
  MONTH TO DATE    0.0                       0.0    0.0      0.0
  SINCE JUN 1      0.0                       0.0    0.0      0.0
  SINCE JUL 1      0.0                       0.0    0.0      0.0
  SNOW DEPTH       0

DEGREE DAYS
 HEATING
  YESTERDAY        0                         0      0        0
  MONTH TO DATE    0                         0      0        0
  SINCE JUN 1     12                        11      1        0
  SINCE JUL 1      0                         0      0        0

 COOLING
  YESTERDAY        7                        12     -5       21
  MONTH TO DATE   20                        24     -4       39
  SINCE JUN 1    334                       282     52      331
  SINCE JAN 1    533                       373    160      414
..................................................................


WIND (MPH)
  HIGHEST WIND SPEED    10   HIGHEST WIND DIRECTION    NE (60)
  HIGHEST GUST SPEED    16   HIGHEST GUST DIRECTION    NE (30)
  AVERAGE WIND SPEED     3.1


SKY COVER
  POSSIBLE SUNSHINE  MM
  AVERAGE SKY COVER 0.8


WEATHER CONDITIONS
 THE FOLLOWING WEATHER WAS RECORDED YESTERDAY.
  LIGHT RAIN
  HAZE


RELATIVE HUMIDITY (PERCENT)
 HIGHEST    81           500 AM
 LOWEST     58          1200 AM
 AVERAGE    70

..........................................................


THE PHILADELPHIA PA CLIMATE NORMALS FOR TODAY
                         NORMAL    RECORD    YEAR
 MAXIMUM TEMPERATURE (F)   87       104      1966
 MINIMUM TEMPERATURE (F)   68        54      1957
                                             1940
                                             1933


SUNRISE AND SUNSET
JULY  3 2015..........SUNRISE   537 AM EDT   SUNSET   833 PM EDT
JULY  4 2015..........SUNRISE   538 AM EDT   SUNSET   833 PM EDT


-  INDICATES NEGATIVE NUMBERS.
R  INDICATES RECORD WAS SET OR TIED.
MM INDICATES DATA IS MISSING.
T  INDICATES TRACE AMOUNT.




$$
