000
CDUS43 KUNR 280832
CLIPHP


CLIMATE REPORT
NATIONAL WEATHER SERVICE RAPID CITY SD
231 AM MDT THU JUL 28 2016


...................................

...THE PHILIP SD CLIMATE SUMMARY FOR JULY 27 2016...

CLIMATE NORMAL PERIOD 1981 TO 2010
CLIMATE RECORD PERIOD 9999 TO 9999


WEATHER ITEM   OBSERVED TIME   NORMAL DEPARTURE LAST
                VALUE   (LST)  VALUE  FROM      YEAR
                                      NORMAL
......................................................
TEMPERATURE (F)
 YESTERDAY
  MAXIMUM         87    224 PM  91     -4       93
  MINIMUM         58   1159 PM  61     -3       62
  AVERAGE         73            76     -3       78

PRECIPITATION (IN)
  YESTERDAY        0.27          0.05   0.22     0.27
  MONTH TO DATE    1.31          1.83  -0.52     0.62
  SINCE JUN 1      2.03          4.76  -2.73     6.45
  SINCE JAN 1      8.75         11.68  -2.93    13.43

DEGREE DAYS
 HEATING
  YESTERDAY        0             0      0        0
  MONTH TO DATE    4             3      1        0
  SINCE JUN 1     11            66    -55       12
  SINCE JUL 1      4             3      1        0

 COOLING
  YESTERDAY        8            11     -3       13
  MONTH TO DATE  292           260     32      259
  SINCE JUN 1    519           383    136      369
  SINCE JAN 1    533           410    123      375
......................................................


WIND (MPH)
  HIGHEST WIND SPEED    36   HIGHEST WIND DIRECTION     N (350)
  HIGHEST GUST SPEED    45   HIGHEST GUST DIRECTION    NW (330)
  AVERAGE WIND SPEED     6.6


SKY COVER
  AVERAGE SKY COVER 0.2


WEATHER CONDITIONS
 THE FOLLOWING WEATHER WAS RECORDED YESTERDAY.
  THUNDERSTORM
  HEAVY RAIN
  LIGHT RAIN
  FOG


RELATIVE HUMIDITY (PERCENT)
 HIGHEST   100          1000 PM
 LOWEST     43           200 PM
 AVERAGE    72

..........................................................




SUNRISE AND SUNSET
JULY 28 2016..........SUNRISE   531 AM MDT   SUNSET   814 PM MDT
JULY 29 2016..........SUNRISE   532 AM MDT   SUNSET   813 PM MDT


-  INDICATES NEGATIVE NUMBERS.
R  INDICATES RECORD WAS SET OR TIED.
MM INDICATES DATA IS MISSING.
T  INDICATES TRACE AMOUNT.




$$
