000
CDUS43 KUNR 170834
CLIPHP


CLIMATE REPORT
NATIONAL WEATHER SERVICE RAPID CITY SD
134 AM MST SUN DEC 17 2017


...................................

...THE PHILIP SD CLIMATE SUMMARY FOR DECEMBER 16 2017...

CLIMATE NORMAL PERIOD 1981 TO 2010
CLIMATE RECORD PERIOD 9999 TO 9999


WEATHER ITEM   OBSERVED TIME   NORMAL DEPARTURE LAST
                VALUE   (LST)  VALUE  FROM      YEAR
                                      NORMAL
......................................................
TEMPERATURE (F)
 YESTERDAY
  MAXIMUM         41    228 PM  35      6       11
  MINIMUM         29   1141 PM  10     19       -3
  AVERAGE         35            22     13        4

PRECIPITATION (IN)
  YESTERDAY        0.00          0.01  -0.01     0.32
  MONTH TO DATE    0.11          0.23  -0.12     0.42
  SINCE DEC 1      0.11          0.23  -0.12     0.42
  SINCE JAN 1     10.70         17.15  -6.45    13.27

DEGREE DAYS
 HEATING
  YESTERDAY       30            43    -13       61
  MONTH TO DATE  477           650   -173      843
  SINCE DEC 1    477           650   -173      843
  SINCE JUL 1   1926          2285   -359     1981

 COOLING
  YESTERDAY        0             0      0        0
  MONTH TO DATE    0             0      0        0
  SINCE DEC 1      0             0      0        0
  SINCE JAN 1    911           818     93      908
......................................................


WIND (MPH)
  HIGHEST WIND SPEED    22   HIGHEST WIND DIRECTION     N (340)
  HIGHEST GUST SPEED    25   HIGHEST GUST DIRECTION     N (340)
  AVERAGE WIND SPEED     9.3


SKY COVER
  AVERAGE SKY COVER 0.6


WEATHER CONDITIONS
 THE FOLLOWING WEATHER WAS RECORDED YESTERDAY.
  NO SIGNIFICANT WEATHER WAS OBSERVED.


RELATIVE HUMIDITY (PERCENT)
 HIGHEST    89           900 PM
 LOWEST     59          1200 AM
 AVERAGE    74

..........................................................




SUNRISE AND SUNSET
DECEMBER 17 2017......SUNRISE   716 AM MST   SUNSET   409 PM MST
DECEMBER 18 2017......SUNRISE   717 AM MST   SUNSET   410 PM MST


-  INDICATES NEGATIVE NUMBERS.
R  INDICATES RECORD WAS SET OR TIED.
MM INDICATES DATA IS MISSING.
T  INDICATES TRACE AMOUNT.




$$
