000
CDUS43 KUNR 220833
CLIPHP


CLIMATE REPORT
NATIONAL WEATHER SERVICE RAPID CITY SD
232 AM MDT THU JUN 22 2017


...................................

...THE PHILIP SD CLIMATE SUMMARY FOR JUNE 21 2017...

CLIMATE NORMAL PERIOD 1981 TO 2010
CLIMATE RECORD PERIOD 9999 TO 9999


WEATHER ITEM   OBSERVED TIME   NORMAL DEPARTURE LAST
                VALUE   (LST)  VALUE  FROM      YEAR
                                      NORMAL
......................................................
TEMPERATURE (F)
 YESTERDAY
  MAXIMUM         96    415 PM  83     13       96
  MINIMUM         57    447 AM  55      2       58
  AVERAGE         77            69      8       77

PRECIPITATION (IN)
  YESTERDAY        T             0.11  -0.11     0.01
  MONTH TO DATE    1.48          2.10  -0.62     0.50
  SINCE JUN 1      1.48          2.10  -0.62     0.50
  SINCE JAN 1      6.32          9.02  -2.70     7.22

DEGREE DAYS
 HEATING
  YESTERDAY        0             1     -1        0
  MONTH TO DATE    2            55    -53        7
  SINCE JUN 1      2            55    -53        7
  SINCE JUL 1   6654          7189   -535     6323

 COOLING
  YESTERDAY       12             5      7       12
  MONTH TO DATE  124            68     56      162
  SINCE JUN 1    124            68     56      162
  SINCE JAN 1    137            95     42      176
......................................................


WIND (MPH)
  HIGHEST WIND SPEED    25   HIGHEST WIND DIRECTION     N (360)
  HIGHEST GUST SPEED    30   HIGHEST GUST DIRECTION     N (350)
  AVERAGE WIND SPEED     9.3


SKY COVER
  AVERAGE SKY COVER 0.0


WEATHER CONDITIONS
 THE FOLLOWING WEATHER WAS RECORDED YESTERDAY.
  THUNDERSTORM
  LIGHT RAIN


RELATIVE HUMIDITY (PERCENT)
 HIGHEST   100           500 AM
 LOWEST     22           300 PM
 AVERAGE    61

..........................................................




SUNRISE AND SUNSET
JUNE 22 2017..........SUNRISE   504 AM MDT   SUNSET   833 PM MDT
JUNE 23 2017..........SUNRISE   504 AM MDT   SUNSET   833 PM MDT


-  INDICATES NEGATIVE NUMBERS.
R  INDICATES RECORD WAS SET OR TIED.
MM INDICATES DATA IS MISSING.
T  INDICATES TRACE AMOUNT.




$$
