000
CDUS43 KUNR 230848
CLIPHP


CLIMATE REPORT
NATIONAL WEATHER SERVICE RAPID CITY SD
148 AM MST SUN NOV 23 2014


...................................

...THE PHILIP SD CLIMATE SUMMARY FOR NOVEMBER 22 2014...

CLIMATE NORMAL PERIOD 1981 TO 2010
CLIMATE RECORD PERIOD 9999 TO 9999


WEATHER ITEM   OBSERVED TIME   NORMAL DEPARTURE LAST
                VALUE   (LST)  VALUE  FROM      YEAR
                                      NORMAL
......................................................
TEMPERATURE (F)
 YESTERDAY
  MAXIMUM         65   1253 PM  44     21       39
  MINIMUM         21    712 AM  18      3        5
  AVERAGE         43            31     12       22

PRECIPITATION (IN)
  YESTERDAY        T             0.02  -0.02     0.00
  MONTH TO DATE    0.26          0.51  -0.25     0.41
  SINCE SEP 1      2.76          3.43  -0.67     4.86
  SINCE JAN 1     16.19         16.81  -0.62    15.27

DEGREE DAYS
 HEATING
  YESTERDAY       22            34    -12       43
  MONTH TO DATE  821           638    183      651
  SINCE SEP 1   1420          1316    104     1231
  SINCE JUL 1   1439          1341     98     1234

 COOLING
  YESTERDAY        0             0      0        0
  MONTH TO DATE    0             0      0        0
  SINCE SEP 1     70            83    -13      182
  SINCE JAN 1    649           818   -169      945
......................................................


WIND (MPH)
  HIGHEST WIND SPEED    26   HIGHEST WIND DIRECTION    NW (320)
  HIGHEST GUST SPEED    32   HIGHEST GUST DIRECTION    NW (330)
  AVERAGE WIND SPEED     6.6


SKY COVER
  AVERAGE SKY COVER 0.1


WEATHER CONDITIONS
 THE FOLLOWING WEATHER WAS RECORDED YESTERDAY.
  LIGHT RAIN


RELATIVE HUMIDITY (PERCENT)
 HIGHEST    78           100 AM
 LOWEST     27          1000 AM
 AVERAGE    53

..........................................................




SUNRISE AND SUNSET
NOVEMBER 23 2014......SUNRISE   652 AM MST   SUNSET   414 PM MST
NOVEMBER 24 2014......SUNRISE   653 AM MST   SUNSET   413 PM MST


-  INDICATES NEGATIVE NUMBERS.
R  INDICATES RECORD WAS SET OR TIED.
MM INDICATES DATA IS MISSING.
T  INDICATES TRACE AMOUNT.




$$
