000
CDUS43 KUNR 190831
CLIPHP


CLIMATE REPORT
NATIONAL WEATHER SERVICE RAPID CITY SD
230 AM MDT THU OCT 19 2017


...................................

...THE PHILIP SD CLIMATE SUMMARY FOR OCTOBER 18 2017...

CLIMATE NORMAL PERIOD 1981 TO 2010
CLIMATE RECORD PERIOD 9999 TO 9999


WEATHER ITEM   OBSERVED TIME   NORMAL DEPARTURE LAST
                VALUE   (LST)  VALUE  FROM      YEAR
                                      NORMAL
......................................................
TEMPERATURE (F)
 YESTERDAY
  MAXIMUM         67    316 PM  62      5       69
  MINIMUM         44   1027 PM  33     11       37
  AVERAGE         56            48      8       53

PRECIPITATION (IN)
  YESTERDAY        0.00          0.05  -0.05     0.00
  MONTH TO DATE    1.38          0.91   0.47     0.16
  SINCE SEP 1      2.41          2.40   0.01     0.39
  SINCE JAN 1     10.27         15.78  -5.51    12.40

DEGREE DAYS
 HEATING
  YESTERDAY        9            17     -8       12
  MONTH TO DATE  258           249      9      210
  SINCE SEP 1    408           410     -2      302
  SINCE JUL 1    414           435    -21      321

 COOLING
  YESTERDAY        0             0      0        0
  MONTH TO DATE    0             0      0       12
  SINCE SEP 1    109            79     30       74
  SINCE JAN 1    905           814     91      904
......................................................


WIND (MPH)
  HIGHEST WIND SPEED    22   HIGHEST WIND DIRECTION     N (340)
  HIGHEST GUST SPEED    25   HIGHEST GUST DIRECTION     N (350)
  AVERAGE WIND SPEED     7.7


SKY COVER
  AVERAGE SKY COVER 0.0


WEATHER CONDITIONS
 THE FOLLOWING WEATHER WAS RECORDED YESTERDAY.
  NO SIGNIFICANT WEATHER WAS OBSERVED.


RELATIVE HUMIDITY (PERCENT)
 HIGHEST    65          1100 PM
 LOWEST     22          1200 PM
 AVERAGE    44

..........................................................




SUNRISE AND SUNSET
OCTOBER 19 2017.......SUNRISE   706 AM MDT   SUNSET   555 PM MDT
OCTOBER 20 2017.......SUNRISE   708 AM MDT   SUNSET   554 PM MDT


-  INDICATES NEGATIVE NUMBERS.
R  INDICATES RECORD WAS SET OR TIED.
MM INDICATES DATA IS MISSING.
T  INDICATES TRACE AMOUNT.




$$
