000
CDUS43 KUNR 240846
CLIPHP


CLIMATE REPORT
NATIONAL WEATHER SERVICE RAPID CITY SD
145 AM MST TUE JAN 24 2017


...................................

...THE PHILIP SD CLIMATE SUMMARY FOR JANUARY 23 2017...

CLIMATE NORMAL PERIOD 1981 TO 2010
CLIMATE RECORD PERIOD 9999 TO 9999


WEATHER ITEM   OBSERVED TIME   NORMAL DEPARTURE LAST
                VALUE   (LST)  VALUE  FROM      YEAR
                                      NORMAL
......................................................
TEMPERATURE (F)
 YESTERDAY
  MAXIMUM         28   1119 PM  35     -7       45
  MINIMUM         14   1201 AM  10      4       17
  AVERAGE         21            22     -1       31

PRECIPITATION (IN)
  YESTERDAY        0.00          0.01  -0.01     0.00
  MONTH TO DATE    0.13          0.23  -0.10     0.14
  SINCE DEC 1      0.55          0.66  -0.11     1.13
  SINCE JAN 1      0.13          0.23  -0.10     0.14

DEGREE DAYS
 HEATING
  YESTERDAY       44            42      2       34
  MONTH TO DATE 1212           995    217     1080
  SINCE DEC 1   2704          2295    409     2342
  SINCE JUL 1   3842          3930    -88     3682

 COOLING
  YESTERDAY        0             0      0        0
  MONTH TO DATE    0             0      0        0
  SINCE DEC 1      0             0      0        0
  SINCE JAN 1      0             0      0        0
......................................................


WIND (MPH)
  HIGHEST WIND SPEED    15   HIGHEST WIND DIRECTION     E (70)
  HIGHEST GUST SPEED    18   HIGHEST GUST DIRECTION     E (110)
  AVERAGE WIND SPEED     9.5


SKY COVER
  AVERAGE SKY COVER 1.0


WEATHER CONDITIONS
 THE FOLLOWING WEATHER WAS RECORDED YESTERDAY.
  FOG
  FOG W/VISIBILITY <= 1/4 MILE


RELATIVE HUMIDITY (PERCENT)
 HIGHEST   100           100 AM
 LOWEST     92           300 AM
 AVERAGE    96

..........................................................




SUNRISE AND SUNSET
JANUARY 24 2017.......SUNRISE   711 AM MST   SUNSET   446 PM MST
JANUARY 25 2017.......SUNRISE   711 AM MST   SUNSET   447 PM MST


-  INDICATES NEGATIVE NUMBERS.
R  INDICATES RECORD WAS SET OR TIED.
MM INDICATES DATA IS MISSING.
T  INDICATES TRACE AMOUNT.




$$
