000
CDUS43 KUNR 010845
CLIPHP


CLIMATE REPORT
NATIONAL WEATHER SERVICE RAPID CITY SD
143 AM MST SUN MAR 1 2015


...................................

...THE PHILIP SD CLIMATE SUMMARY FOR FEBRUARY 28 2015...

CLIMATE NORMAL PERIOD 1981 TO 2010
CLIMATE RECORD PERIOD 9999 TO 9999


WEATHER ITEM   OBSERVED TIME   NORMAL DEPARTURE LAST
                VALUE   (LST)  VALUE  FROM      YEAR
                                      NORMAL
......................................................
TEMPERATURE (F)
 YESTERDAY
  MAXIMUM         32    211 PM  42    -10       25
  MINIMUM          7    621 AM  16     -9        5
  AVERAGE         20            29     -9       15

PRECIPITATION (IN)
  YESTERDAY        0.00          0.03  -0.03     0.03
  MONTH TO DATE    0.09          0.48  -0.39     0.37
  SINCE DEC 1      0.41          1.21  -0.80     1.50
  SINCE JAN 1      0.11          0.78  -0.67     0.48

DEGREE DAYS
 HEATING
  YESTERDAY       45            36      9       50
  MONTH TO DATE 1094          1101     -7     1335
  SINCE DEC 1   3485          3730   -245     4092
  SINCE JUL 1   5140          5365   -225     5603

 COOLING
  YESTERDAY        0             0      0        0
  MONTH TO DATE    0             0      0        0
  SINCE DEC 1      0             0      0        0
  SINCE JAN 1      0             0      0        0
......................................................


WIND (MPH)
  HIGHEST WIND SPEED    25   HIGHEST WIND DIRECTION    NW (320)
  HIGHEST GUST SPEED    30   HIGHEST GUST DIRECTION    NW (320)
  AVERAGE WIND SPEED     9.2


SKY COVER
  AVERAGE SKY COVER 0.1


WEATHER CONDITIONS
 THE FOLLOWING WEATHER WAS RECORDED YESTERDAY.
  HAZE


RELATIVE HUMIDITY (PERCENT)
 HIGHEST    73          1200 AM
 LOWEST     28           100 PM
 AVERAGE    51

..........................................................




SUNRISE AND SUNSET
MARCH  1 2015.........SUNRISE   624 AM MST   SUNSET   534 PM MST
MARCH  2 2015.........SUNRISE   622 AM MST   SUNSET   536 PM MST


-  INDICATES NEGATIVE NUMBERS.
R  INDICATES RECORD WAS SET OR TIED.
MM INDICATES DATA IS MISSING.
T  INDICATES TRACE AMOUNT.




$$
