000
CDUS43 KUNR 300831
CLIPHP


CLIMATE REPORT
NATIONAL WEATHER SERVICE RAPID CITY SD
231 AM MDT THU JUL 30 2015


...................................

...THE PHILIP SD CLIMATE SUMMARY FOR JULY 29 2015...

CLIMATE NORMAL PERIOD 1981 TO 2010
CLIMATE RECORD PERIOD 9999 TO 9999


WEATHER ITEM   OBSERVED TIME   NORMAL DEPARTURE LAST
                VALUE   (LST)  VALUE  FROM      YEAR
                                      NORMAL
......................................................
TEMPERATURE (F)
 YESTERDAY
  MAXIMUM         86    504 PM  91     -5       84
  MINIMUM         51    300 AM  61    -10       50
  AVERAGE         69            76     -7       67

PRECIPITATION (IN)
  YESTERDAY        0.00          0.05  -0.05     0.00
  MONTH TO DATE    0.62          1.92  -1.30     0.11
  SINCE JUN 1      6.45          4.85   1.60     4.11
  SINCE JAN 1     13.43         11.77   1.66     8.93

DEGREE DAYS
 HEATING
  YESTERDAY        0             0      0        0
  MONTH TO DATE    0             3     -3       16
  SINCE JUN 1     12            66    -54       94
  SINCE JUL 1      0             3     -3       16

 COOLING
  YESTERDAY        4            11     -7        2
  MONTH TO DATE  267           282    -15      236
  SINCE JUN 1    377           405    -28      292
  SINCE JAN 1    383           432    -49      332
......................................................


WIND (MPH)
  HIGHEST WIND SPEED    22   HIGHEST WIND DIRECTION     W (290)
  HIGHEST GUST SPEED    28   HIGHEST GUST DIRECTION     W (280)
  AVERAGE WIND SPEED     8.9


SKY COVER
  AVERAGE SKY COVER 0.0


WEATHER CONDITIONS
 THE FOLLOWING WEATHER WAS RECORDED YESTERDAY.
  NO SIGNIFICANT WEATHER WAS OBSERVED.


RELATIVE HUMIDITY (PERCENT)
 HIGHEST    86          1100 PM
 LOWEST     21           200 PM
 AVERAGE    54

..........................................................




SUNRISE AND SUNSET
JULY 30 2015..........SUNRISE   532 AM MDT   SUNSET   813 PM MDT
JULY 31 2015..........SUNRISE   533 AM MDT   SUNSET   812 PM MDT


-  INDICATES NEGATIVE NUMBERS.
R  INDICATES RECORD WAS SET OR TIED.
MM INDICATES DATA IS MISSING.
T  INDICATES TRACE AMOUNT.




$$
