000
CDUS45 KPSR 260810
CLIPHX

CLIMATE REPORT
NATIONAL WEATHER SERVICE PHOENIX AZ
110 AM MST MON SEP 26 2016


...................................

...THE PHOENIX AZ CLIMATE SUMMARY FOR SEPTEMBER 25 2016...

CLIMATE NORMAL PERIOD 1981 TO 2010
CLIMATE RECORD PERIOD 1895 TO 2016


WEATHER ITEM   OBSERVED TIME   RECORD YEAR NORMAL DEPARTURE LAST
                VALUE   (LST)  VALUE       VALUE  FROM      YEAR
                                                  NORMAL
..................................................................
TEMPERATURE (F)
 YESTERDAY
  MAXIMUM         95    551 PM 108    1989  97     -2      103
                                      1979
  MINIMUM         67    648 AM  49    1913  74     -7       82
  AVERAGE         81                        85     -4       93

PRECIPITATION (IN)
  YESTERDAY        0.00          0.42 1984   0.01  -0.01     0.00
  MONTH TO DATE    0.30                      0.54  -0.24     0.81
  SINCE OCT 1      5.51                      7.93  -2.42     7.02
  SINCE JAN 1      4.34                      5.82  -1.48     5.98

SNOWFALL (IN)
  YESTERDAY        0.0
  MONTH TO DATE    0.0
  SINCE JAN 1      0.0
  SINCE JUL 1      0.0
  SNOW DEPTH       0

DEGREE DAYS
 HEATING
  YESTERDAY        0                         0      0        0
  MONTH TO DATE    0                         0      0        0
  SINCE SEP 1      0                         0      0        0
  SINCE JUL 1      0                         0      0        0

 COOLING
  YESTERDAY       16                        20     -4       28
  MONTH TO DATE  565                       607    -42      615
  SINCE SEP 1    565                       607    -42      615
  SINCE JAN 1   4317                      4076    241     4431
..................................................................


WIND (MPH)
  HIGHEST WIND SPEED    17   HIGHEST WIND DIRECTION    NE (50)
  HIGHEST GUST SPEED    24   HIGHEST GUST DIRECTION    NE (50)
  AVERAGE WIND SPEED     6.0


SKY COVER
  AVERAGE SKY COVER 0.1


WEATHER CONDITIONS
 THE FOLLOWING WEATHER WAS RECORDED YESTERDAY.
  NO SIGNIFICANT WEATHER WAS OBSERVED.


RELATIVE HUMIDITY (PERCENT)
 HIGHEST    37           700 AM
 LOWEST     10           400 PM
 AVERAGE    24

..........................................................


THE PHOENIX AZ CLIMATE NORMALS FOR TODAY
                         NORMAL    RECORD    YEAR
 MAXIMUM TEMPERATURE (F)   96       108      1989
 MINIMUM TEMPERATURE (F)   73        50      1900


SUNRISE AND SUNSET
SEPTEMBER 26 2016.....SUNRISE   619 AM MST   SUNSET   618 PM MST
SEPTEMBER 27 2016.....SUNRISE   620 AM MST   SUNSET   617 PM MST


-  INDICATES NEGATIVE NUMBERS.
R  INDICATES RECORD WAS SET OR TIED.
MM INDICATES DATA IS MISSING.
T  INDICATES TRACE AMOUNT.

&&
.....................................................................

DEW POINT
  HIGHEST DEW POINT    42
   LOWEST DEW POINT    31
  AVERAGE DEW POINT    36
.....................................................................

$$
