000
CDUS45 KPSR 270914
CLIPHX

CDUS45 KPSR DDHHMM
CLIPHX

CLIMATE REPORT
NATIONAL WEATHER SERVICE PHOENIX AZ
211 AM MST WED JUL 27 2016


...................................

...THE PHOENIX AZ CLIMATE SUMMARY FOR JULY 26 2016...

CLIMATE NORMAL PERIOD 1981 TO 2010
CLIMATE RECORD PERIOD 1895 TO 2016


WEATHER ITEM   OBSERVED TIME   RECORD YEAR NORMAL DEPARTURE LAST
                VALUE   (LST)  VALUE       VALUE  FROM      YEAR
                                                  NORMAL
..................................................................
TEMPERATURE (F)
 YESTERDAY
  MAXIMUM        111    201 PM 116    1995 105      6      108
  MINIMUM         91    552 AM  65    1952  84      7       86
  AVERAGE        101                        95      6       97

PRECIPITATION (IN)
  YESTERDAY        0.00          1.38 1917   0.04  -0.04     0.00
  MONTH TO DATE    0.36                      0.84  -0.48     0.41
  SINCE OCT 1      3.41                      6.18  -2.77     4.20
  SINCE JAN 1      2.24                      4.07  -1.83     3.16

SNOWFALL (IN)
  YESTERDAY        0.0
  MONTH TO DATE    0.0
  SINCE JAN 1      0.0
  SINCE JUL 1      0.0
  SNOW DEPTH       0

DEGREE DAYS
 HEATING
  YESTERDAY        0                         0      0        0
  MONTH TO DATE    0                         0      0        0
  SINCE JUN 1      0                         0      0        0
  SINCE JUL 1      0                         0      0        0

 COOLING
  YESTERDAY       36                        30      6       32
  MONTH TO DATE  849                       777     72      774
  SINCE JUN 1   1749                      1551    198     1650
  SINCE JAN 1   2756                      2437    319     2675
..................................................................


WIND (MPH)
  HIGHEST WIND SPEED    20   HIGHEST WIND DIRECTION     S (160)
  HIGHEST GUST SPEED    26   HIGHEST GUST DIRECTION    SE (150)
  AVERAGE WIND SPEED     6.7


SKY COVER
  AVERAGE SKY COVER 0.5


WEATHER CONDITIONS
 THE FOLLOWING WEATHER WAS RECORDED YESTERDAY.
  NO SIGNIFICANT WEATHER WAS OBSERVED.


RELATIVE HUMIDITY (PERCENT)
 HIGHEST    32           500 AM
 LOWEST     17           300 PM
 AVERAGE    25

..........................................................


THE PHOENIX AZ CLIMATE NORMALS FOR TODAY
                         NORMAL    RECORD    YEAR
 MAXIMUM TEMPERATURE (F)  105       118      1995
 MINIMUM TEMPERATURE (F)   84        65      1913


SUNRISE AND SUNSET
JULY 27 2016..........SUNRISE   538 AM MST   SUNSET   731 PM MST
JULY 28 2016..........SUNRISE   538 AM MST   SUNSET   730 PM MST


-  INDICATES NEGATIVE NUMBERS.
R  INDICATES RECORD WAS SET OR TIED.
MM INDICATES DATA IS MISSING.
T  INDICATES TRACE AMOUNT.

&&
.....................................................................

DEW POINT
  HIGHEST DEW POINT    64
   LOWEST DEW POINT    55
  AVERAGE DEW POINT    57
.....................................................................

$$
