000
CDUS45 KPSR 250825
CLIPHX

CDUS45 KPSR DDHHMM
CLIPHX

CLIMATE REPORT
NATIONAL WEATHER SERVICE PHOENIX AZ
124 AM MST THU MAY 25 2017


...................................

...THE PHOENIX AZ CLIMATE SUMMARY FOR MAY 24 2017...

CLIMATE NORMAL PERIOD 1981 TO 2010
CLIMATE RECORD PERIOD 1895 TO 2017


WEATHER ITEM   OBSERVED TIME   RECORD YEAR NORMAL DEPARTURE LAST
                VALUE   (LST)  VALUE       VALUE  FROM      YEAR
                                                  NORMAL
..................................................................
TEMPERATURE (F)
 YESTERDAY
  MAXIMUM        108    318 PM 109    2001  97     11       90
                                      1983
  MINIMUM         75    527 AM  52    1909  72      3       68
  AVERAGE         92                        84      8       79

PRECIPITATION (IN)
  YESTERDAY        0.00          0.34 1994   0.00   0.00     0.00
  MONTH TO DATE    0.01                      0.09  -0.08     0.05
  SINCE OCT 1      4.24                      5.30  -1.06     3.04
  SINCE JAN 1      2.41                      3.19  -0.78     1.87

SNOWFALL (IN)
  YESTERDAY        0.0
  MONTH TO DATE    0.0
  SINCE JAN 1      0.0
  SINCE JUL 1      0.0
  SNOW DEPTH       0

DEGREE DAYS
 HEATING
  YESTERDAY        0                         0      0        0
  MONTH TO DATE    0                         0      0        0
  SINCE MAR 1     25                       101    -76       16
  SINCE JUL 1    693                       934   -241      829

 COOLING
  YESTERDAY       27                        20      7       14
  MONTH TO DATE  372                       387    -15      355
  SINCE MAR 1    896                       725    171      780
  SINCE JAN 1    916                       742    174      893
..................................................................


WIND (MPH)
  HIGHEST WIND SPEED    24   HIGHEST WIND DIRECTION     W (280)
  HIGHEST GUST SPEED    31   HIGHEST GUST DIRECTION     W (270)
  AVERAGE WIND SPEED     9.6


SKY COVER
  AVERAGE SKY COVER 0.4


WEATHER CONDITIONS
 THE FOLLOWING WEATHER WAS RECORDED YESTERDAY.
  NO SIGNIFICANT WEATHER WAS OBSERVED.


RELATIVE HUMIDITY (PERCENT)
 HIGHEST    23           400 AM
 LOWEST      5           300 PM
 AVERAGE    14

..........................................................


THE PHOENIX AZ CLIMATE NORMALS FOR TODAY
                         NORMAL    RECORD    YEAR
 MAXIMUM TEMPERATURE (F)   98       108      2001
 MINIMUM TEMPERATURE (F)   72        48      1965


SUNRISE AND SUNSET
MAY 25 2017...........SUNRISE   522 AM MST   SUNSET   729 PM MST
MAY 26 2017...........SUNRISE   521 AM MST   SUNSET   729 PM MST


-  INDICATES NEGATIVE NUMBERS.
R  INDICATES RECORD WAS SET OR TIED.
MM INDICATES DATA IS MISSING.
T  INDICATES TRACE AMOUNT.

&&
.....................................................................

DEW POINT
  HIGHEST DEW POINT    37
   LOWEST DEW POINT    22
  AVERAGE DEW POINT    30
.....................................................................

$$
