000
CDUS45 KPSR 222319
CLIPHX

CLIMATE REPORT
NATIONAL WEATHER SERVICE PHOENIX AZ
418 PM MST SAT JUL 22 2017


...................................

...THE PHOENIX AZ CLIMATE SUMMARY FOR JULY 22 2017...
VALID TODAY AS OF 0400 PM LOCAL TIME.

CLIMATE NORMAL PERIOD 1981 TO 2010
CLIMATE RECORD PERIOD 1895 TO 2017


WEATHER ITEM   OBSERVED TIME   RECORD YEAR NORMAL DEPARTURE LAST
                VALUE   (LST)  VALUE       VALUE  FROM      YEAR
                                                  NORMAL
..................................................................
TEMPERATURE (F)
 TODAY
  MAXIMUM        106    337 PM 116    2006 106      0      112
  MINIMUM         83    608 AM  66    1924  84     -1       91
  AVERAGE         95                        95      0      102

PRECIPITATION (IN)
  TODAY            0.00          1.15 1955   0.04  -0.04     0.00
  MONTH TO DATE    0.48                      0.67  -0.19     0.36
  SINCE OCT 1      4.72                      6.01  -1.29     3.41
  SINCE JAN 1      2.89                      3.90  -1.01     2.24

SNOWFALL (IN)
  TODAY            0.0
  MONTH TO DATE    0.0
  SINCE JAN 1      0.0
  SINCE JUL 1      0.0
  SNOW DEPTH       0

DEGREE DAYS
 HEATING
  TODAY            0                         0      0        0
  MONTH TO DATE    0                         0      0        0
  SINCE JUN 1      0                         0      0        0
  SINCE JUL 1      0                         0      0        0

 COOLING
  TODAY           30                        30      0       37
  MONTH TO DATE  691                       657     34      710
  SINCE JUN 1   1590                      1431    159     1610
  SINCE JAN 1   2664                      2317    347     2617
..................................................................


WIND (MPH)
  HIGHEST WIND SPEED    18   HIGHEST WIND DIRECTION     W (270)
  HIGHEST GUST SPEED    23   HIGHEST GUST DIRECTION    NW (330)
  AVERAGE WIND SPEED     6.8


SKY COVER
  AVERAGE SKY COVER 0.5


WEATHER CONDITIONS
 THE FOLLOWING WEATHER WAS RECORDED TODAY.
  NO SIGNIFICANT WEATHER WAS OBSERVED.


RELATIVE HUMIDITY (PERCENT)
 HIGHEST    55           500 AM
 LOWEST     22           400 PM
 AVERAGE    39

..........................................................


THE PHOENIX AZ CLIMATE NORMALS FOR TOMORROW
                         NORMAL    RECORD    YEAR
 MAXIMUM TEMPERATURE (F)  106       114      2014
                                             2006
 MINIMUM TEMPERATURE (F)   84        69      1913


SUNRISE AND SUNSET
JULY 22 2017..........SUNRISE   534 AM MST   SUNSET   735 PM MST
JULY 23 2017..........SUNRISE   535 AM MST   SUNSET   734 PM MST


-  INDICATES NEGATIVE NUMBERS.
R  INDICATES RECORD WAS SET OR TIED.
MM INDICATES DATA IS MISSING.
T  INDICATES TRACE AMOUNT.

$$
