000
CDUS43 KILX 202136
CLIPIA


CLIMATE REPORT
NATIONAL WEATHER SERVICE LINCOLN IL
435 PM CDT WED SEP 20 2017


...................................

...THE PEORIA IL CLIMATE SUMMARY FOR SEPTEMBER 20 2017...
VALID TODAY AS OF 0400 PM LOCAL TIME.

CLIMATE NORMAL PERIOD 1981 TO 2010
CLIMATE RECORD PERIOD 1883 TO 2017


WEATHER ITEM   OBSERVED TIME   RECORD YEAR NORMAL DEPARTURE LAST
                VALUE   (LST)  VALUE       VALUE  FROM      YEAR
                                                  NORMAL
..................................................................
TEMPERATURE (F)
 TODAY
  MAXIMUM         94R   251 PM  94    1940  75     19       91
  MINIMUM         68    500 AM  32    1991  53     15       67
  AVERAGE         81                        64     17       79

PRECIPITATION (IN)
  TODAY            0.00          1.57 1883   0.11  -0.11     0.00
  MONTH TO DATE    0.54                      2.17  -1.63     3.86
  SINCE SEP 1      0.54                      2.17  -1.63     3.86
  SINCE JAN 1     26.27                     27.12  -0.85    28.87

SNOWFALL (IN)
  TODAY            0.0           0.0    MM   0.0    0.0      0.0
  MONTH TO DATE    0.0                       0.0    0.0      0.0
  SINCE SEP 1      0.0                       0.0    0.0      0.0
  SINCE JUL 1      0.0                       0.0    0.0      0.0
  SNOW DEPTH       0

DEGREE DAYS
 HEATING
  TODAY            0                         4     -4        0
  MONTH TO DATE   21                        33    -12        0
  SINCE SEP 1     21                        33    -12        0
  SINCE JUL 1     21                        39    -18        4

 COOLING
  TODAY           16                         3     13       14
  MONTH TO DATE   92                        97     -5      154
  SINCE SEP 1     92                        97     -5      154
  SINCE JAN 1   1018                      1004     14     1311
..................................................................


WIND (MPH)
  HIGHEST WIND SPEED    18   HIGHEST WIND DIRECTION     S (180)
  HIGHEST GUST SPEED    26   HIGHEST GUST DIRECTION     S (200)
  AVERAGE WIND SPEED     8.5


SKY COVER
  POSSIBLE SUNSHINE  MM
  AVERAGE SKY COVER 0.0


WEATHER CONDITIONS
 THE FOLLOWING WEATHER WAS RECORDED TODAY.
  NO SIGNIFICANT WEATHER WAS OBSERVED.


RELATIVE HUMIDITY (PERCENT)
 HIGHEST    97           700 AM
 LOWEST     46           200 PM
 AVERAGE    72

..........................................................


THE PEORIA IL CLIMATE NORMALS FOR TOMORROW
                         NORMAL    RECORD    YEAR
 MAXIMUM TEMPERATURE (F)   75        93      1940
                                             1931
                                             1887
 MINIMUM TEMPERATURE (F)   53        35      1995


SUNRISE AND SUNSET
SEPTEMBER 20 2017.....SUNRISE   645 AM CDT   SUNSET   659 PM CDT
SEPTEMBER 21 2017.....SUNRISE   645 AM CDT   SUNSET   657 PM CDT


-  INDICATES NEGATIVE NUMBERS.
R  INDICATES RECORD WAS SET OR TIED.
MM INDICATES DATA IS MISSING.
T  INDICATES TRACE AMOUNT.




$$
