000
CDUS43 KILX 110639
CLIPIA


CLIMATE REPORT
NATIONAL WEATHER SERVICE LINCOLN IL
1237 AM CST SUN DEC 11 2016


...................................

...THE PEORIA IL CLIMATE SUMMARY FOR DECEMBER 10 2016...

CLIMATE NORMAL PERIOD 1981 TO 2010
CLIMATE RECORD PERIOD 1883 TO 2016


WEATHER ITEM   OBSERVED TIME   RECORD YEAR NORMAL DEPARTURE LAST
                VALUE   (LST)  VALUE       VALUE  FROM      YEAR
                                                  NORMAL
..................................................................
TEMPERATURE (F)
 YESTERDAY
  MAXIMUM         28   1159 PM  64    1889  37     -9       62
  MINIMUM         21    702 AM -10    1977  22     -1       42
  AVERAGE         25                        30     -5       52

PRECIPITATION (IN)
  YESTERDAY        0.02          1.48 1971   0.09  -0.07     0.00
  MONTH TO DATE    0.43                      0.91  -0.48     0.22
  SINCE DEC 1      0.43                      0.91  -0.48     0.22
  SINCE JAN 1     36.45                     34.98   1.47    43.89

SNOWFALL (IN)
  YESTERDAY        0.4           5.1  1989   0.2    0.2      0.0
  MONTH TO DATE    4.6                       1.9    2.7      1.1
  SINCE DEC 1      4.6                       1.9    2.7      1.1
  SINCE JUL 1      4.6                       3.0    1.6      5.7
  SNOW DEPTH       T

DEGREE DAYS
 HEATING
  YESTERDAY       40                        35      5       13
  MONTH TO DATE  339                       333      6      242
  SINCE DEC 1    339                       333      6      242
  SINCE JUL 1   1077                      1481   -404      999

 COOLING
  YESTERDAY        0                         0      0        0
  MONTH TO DATE    0                         0      0        0
  SINCE DEC 1      0                         0      0        0
  SINCE JAN 1   1423                      1039    384     1419
..................................................................


WIND (MPH)
  HIGHEST WIND SPEED    15   HIGHEST WIND DIRECTION    SE (140)
  HIGHEST GUST SPEED    19   HIGHEST GUST DIRECTION    SE (140)
  AVERAGE WIND SPEED     6.8


SKY COVER
  POSSIBLE SUNSHINE  MM
  AVERAGE SKY COVER 1.0


WEATHER CONDITIONS
 THE FOLLOWING WEATHER WAS RECORDED YESTERDAY.
  LIGHT SNOW
  FOG


RELATIVE HUMIDITY (PERCENT)
 HIGHEST    88           400 PM
 LOWEST     55          1200 PM
 AVERAGE    72

..........................................................


THE PEORIA IL CLIMATE NORMALS FOR TODAY
                         NORMAL    RECORD    YEAR
 MAXIMUM TEMPERATURE (F)   37        64      1949
 MINIMUM TEMPERATURE (F)   22       -11      1917


SUNRISE AND SUNSET
DECEMBER 11 2016......SUNRISE   713 AM CST   SUNSET   432 PM CST
DECEMBER 12 2016......SUNRISE   714 AM CST   SUNSET   432 PM CST


-  INDICATES NEGATIVE NUMBERS.
R  INDICATES RECORD WAS SET OR TIED.
MM INDICATES DATA IS MISSING.
T  INDICATES TRACE AMOUNT.




$$
