316
CDUS43 KILX 230650
CLIPIA


CLIMATE REPORT
NATIONAL WEATHER SERVICE LINCOLN IL
1250 AM CST THU NOV 23 2017


...................................

...THE PEORIA IL CLIMATE SUMMARY FOR NOVEMBER 22 2017...

CLIMATE NORMAL PERIOD 1981 TO 2010
CLIMATE RECORD PERIOD 1883 TO 2017


WEATHER ITEM   OBSERVED TIME   RECORD YEAR NORMAL DEPARTURE LAST
                VALUE   (LST)  VALUE       VALUE  FROM      YEAR
                                                  NORMAL
..................................................................
TEMPERATURE (F)
 YESTERDAY
  MAXIMUM         37    220 PM  73    2010  47    -10       48
  MINIMUM         19    656 AM   6    1937  30    -11       35
  AVERAGE         28                        38    -10       42

PRECIPITATION (IN)
  YESTERDAY        T             2.59 1931   0.11  -0.11     0.47
  MONTH TO DATE    1.58                      2.31  -0.73     1.59
  SINCE SEP 1      7.41                      8.30  -0.89    10.08
  SINCE JAN 1     33.14                     33.25  -0.11    35.09

SNOWFALL (IN)
  YESTERDAY        T             2.5  1950   0.1   -0.1      0.0
  MONTH TO DATE    T                         0.5   -0.5      0.0
  SINCE SEP 1      T                         0.5   -0.5      0.0
  SINCE JUL 1      T                         0.5   -0.5      0.0
  SNOW DEPTH       0

DEGREE DAYS
 HEATING
  YESTERDAY       37                        27     10       23
  MONTH TO DATE  549                       470     79      327
  SINCE SEP 1    832                       910    -78      545
  SINCE JUL 1    832                       916    -84      549

 COOLING
  YESTERDAY        0                         0      0        0
  MONTH TO DATE    0                         0      0        5
  SINCE SEP 1    231                       132     99      266
  SINCE JAN 1   1157                      1039    118     1423
..................................................................


WIND (MPH)
  HIGHEST WIND SPEED     9   HIGHEST WIND DIRECTION    SW (240)
  HIGHEST GUST SPEED    13   HIGHEST GUST DIRECTION    NW (300)
  AVERAGE WIND SPEED     4.0


SKY COVER
  POSSIBLE SUNSHINE  MM
  AVERAGE SKY COVER 0.1


WEATHER CONDITIONS
 THE FOLLOWING WEATHER WAS RECORDED YESTERDAY.
  LIGHT RAIN
  LIGHT SNOW
  SLEET


RELATIVE HUMIDITY (PERCENT)
 HIGHEST    84           500 AM
 LOWEST     44           100 PM
 AVERAGE    64

..........................................................


THE PEORIA IL CLIMATE NORMALS FOR TODAY
                         NORMAL    RECORD    YEAR
 MAXIMUM TEMPERATURE (F)   46        71      1931
 MINIMUM TEMPERATURE (F)   30        -1      1950


SUNRISE AND SUNSET
NOVEMBER 23 2017......SUNRISE   655 AM CST   SUNSET   435 PM CST
NOVEMBER 24 2017......SUNRISE   656 AM CST   SUNSET   435 PM CST


-  INDICATES NEGATIVE NUMBERS.
R  INDICATES RECORD WAS SET OR TIED.
MM INDICATES DATA IS MISSING.
T  INDICATES TRACE AMOUNT.




$$
