000
CDUS43 KILX 200642
CLIPIA


CLIMATE REPORT
NATIONAL WEATHER SERVICE LINCOLN IL
136 AM CDT SUN APR 20 2014


...................................

...THE PEORIA IL CLIMATE SUMMARY FOR APRIL 19 2014...

CLIMATE NORMAL PERIOD 1981 TO 2010
CLIMATE RECORD PERIOD 1883 TO 2014


WEATHER ITEM   OBSERVED TIME   RECORD YEAR NORMAL DEPARTURE LAST
                VALUE   (LST)  VALUE       VALUE  FROM      YEAR
                                                  NORMAL
..................................................................
TEMPERATURE (F)
 YESTERDAY
  MAXIMUM         73    434 PM  84    1985  64      9       41
                                      1938
  MINIMUM         39    551 AM  22    1983  43     -4       36
  AVERAGE         56                        54      2       39

PRECIPITATION (IN)
  YESTERDAY        0.00          1.88 2011   0.12  -0.12     0.01
  MONTH TO DATE    2.66                      2.23   0.43     7.13
  SINCE MAR 1      4.60                      5.03  -0.43     9.76
  SINCE JAN 1      9.47                      8.60   0.87    16.49

SNOWFALL (IN)
  YESTERDAY        0.0           0.3  1907   0.1   -0.1       T
  MONTH TO DATE    0.3                       0.6   -0.3       T
  SINCE MAR 1      7.4                       3.3    4.1     10.8
  SINCE JUL 1     57.6                      24.6   33.0     22.7
  SNOW DEPTH       0

DEGREE DAYS
 HEATING
  YESTERDAY        9                        12     -3       26
  MONTH TO DATE  289                       285      4      308
  SINCE MAR 1   1223                      1041    182     1260
  SINCE JUL 1   6402                      5557    845     5553

 COOLING
  YESTERDAY        0                         1     -1        0
  MONTH TO DATE    4                         2      2        1
  SINCE MAR 1      4                         3      1        1
  SINCE JAN 1      4                         3      1        1
..................................................................


WIND (MPH)
  HIGHEST WIND SPEED    20   HIGHEST WIND DIRECTION     E (80)
  HIGHEST GUST SPEED    23   HIGHEST GUST DIRECTION     E (70)
  AVERAGE WIND SPEED     8.4


SKY COVER
  POSSIBLE SUNSHINE  MM
  AVERAGE SKY COVER 0.0


WEATHER CONDITIONS
 THE FOLLOWING WEATHER WAS RECORDED YESTERDAY.
  NO SIGNIFICANT WEATHER WAS OBSERVED.


RELATIVE HUMIDITY (PERCENT)
 HIGHEST    65          1200 AM
 LOWEST     23           300 PM
 AVERAGE    44

..........................................................


THE PEORIA IL CLIMATE NORMALS FOR TODAY
                         NORMAL    RECORD    YEAR
 MAXIMUM TEMPERATURE (F)   65        89      1987
 MINIMUM TEMPERATURE (F)   43        28      1897


SUNRISE AND SUNSET
APRIL 20 2014.........SUNRISE   613 AM CDT   SUNSET   743 PM CDT
APRIL 21 2014.........SUNRISE   611 AM CDT   SUNSET   744 PM CDT


-  INDICATES NEGATIVE NUMBERS.
R  INDICATES RECORD WAS SET OR TIED.
MM INDICATES DATA IS MISSING.
T  INDICATES TRACE AMOUNT.




$$
