000
CDUS43 KILX 010700
CLIPIA


CLIMATE REPORT
NATIONAL WEATHER SERVICE LINCOLN IL
1253 AM CST SUN MAR 1 2015


...................................

...THE PEORIA IL CLIMATE SUMMARY FOR FEBRUARY 28 2015...

CLIMATE NORMAL PERIOD 1981 TO 2010
CLIMATE RECORD PERIOD 1883 TO 2015


WEATHER ITEM   OBSERVED TIME   RECORD YEAR NORMAL DEPARTURE LAST
                VALUE   (LST)  VALUE       VALUE  FROM      YEAR
                                                  NORMAL
..................................................................
TEMPERATURE (F)
 YESTERDAY
  MAXIMUM         26    309 PM  68    1895  43    -17       40
  MINIMUM          2    345 AM  -2    1962  25    -23        7
  AVERAGE         14                        34    -20       24

PRECIPITATION (IN)
  YESTERDAY        0.04          0.76 1987   0.08  -0.04     0.00
  MONTH TO DATE    1.50                      1.79  -0.29     2.77
  SINCE DEC 1      4.95                      5.99  -1.04     6.36
  SINCE JAN 1      3.72                      3.57   0.15     4.87

SNOWFALL (IN)
  YESTERDAY        0.5          13.5  1900   0.2    0.3      0.0
  MONTH TO DATE   12.8                       6.2    6.6     22.9
  SINCE DEC 1     23.0                      20.2    2.8     49.6
  SINCE JUL 1     24.3                      21.3    3.0     50.2
  SNOW DEPTH       2

DEGREE DAYS
 HEATING
  YESTERDAY       51                        31     20       41
  MONTH TO DATE 1291                       995    296     1311
  SINCE DEC 1   3465                      3368     97     3997
  SINCE JUL 1   4706                      4516    190     5179

 COOLING
  YESTERDAY        0                         0      0        0
  MONTH TO DATE    0                         0      0        0
  SINCE DEC 1      0                         0      0        0
  SINCE JAN 1      0                         0      0        0
..................................................................


WIND (MPH)
  HIGHEST WIND SPEED    14   HIGHEST WIND DIRECTION     S (180)
  HIGHEST GUST SPEED    19   HIGHEST GUST DIRECTION     S (190)
  AVERAGE WIND SPEED     6.3


SKY COVER
  POSSIBLE SUNSHINE  MM
  AVERAGE SKY COVER 0.7


WEATHER CONDITIONS
 THE FOLLOWING WEATHER WAS RECORDED YESTERDAY.
  LIGHT SNOW
  FOG
  HAZE


RELATIVE HUMIDITY (PERCENT)
 HIGHEST    84           600 PM
 LOWEST     45          1200 PM
 AVERAGE    65

..........................................................


THE PEORIA IL CLIMATE NORMALS FOR TODAY
                         NORMAL    RECORD    YEAR
 MAXIMUM TEMPERATURE (F)   43        74      1992
 MINIMUM TEMPERATURE (F)   26        -7      1962


SUNRISE AND SUNSET
MARCH  1 2015.........SUNRISE   633 AM CST   SUNSET   550 PM CST
MARCH  2 2015.........SUNRISE   631 AM CST   SUNSET   551 PM CST


-  INDICATES NEGATIVE NUMBERS.
R  INDICATES RECORD WAS SET OR TIED.
MM INDICATES DATA IS MISSING.
T  INDICATES TRACE AMOUNT.




$$
