000
CDUS45 KPIH 220748
CLIPIH


CLIMATE REPORT
NATIONAL WEATHER SERVICE POCATELLO ID
1242 AM MST WED FEB 22 2017


...................................

...THE POCATELLO ID CLIMATE SUMMARY FOR FEBRUARY 21 2017...

CLIMATE NORMAL PERIOD 1981 TO 2010
CLIMATE RECORD PERIOD 1939 TO 2017


WEATHER ITEM   OBSERVED TIME   RECORD YEAR NORMAL DEPARTURE LAST
                VALUE   (LST)  VALUE       VALUE  FROM      YEAR
                                                  NORMAL
..................................................................
TEMPERATURE (F)
 YESTERDAY
  MAXIMUM         48   1049 AM  62    1982  40      8       47
  MINIMUM         34   1104 PM  -1    1984  21     13       26
  AVERAGE         41                        30     11       37

PRECIPITATION (IN)
  YESTERDAY        0.16          0.34 1977   0.04   0.12     0.00
  MONTH TO DATE    2.16                      0.70   1.46     0.20
  SINCE OCT 1     11.57                      4.91   6.66     5.18
  SINCE JAN 1      5.01                      1.69   3.32     1.61

SNOWFALL (IN)
  YESTERDAY        0.0
  MONTH TO DATE    5.7
  SINCE DEC 1     66.4
  SINCE JUL 1     69.0
  SNOW DEPTH       0

DEGREE DAYS
 HEATING
  YESTERDAY       24                        35    -11       28
  MONTH TO DATE  621                       792   -171      726
  SINCE DEC 1   3519                      3311    208     3174
  SINCE JUL 1   4954                      5039    -85     4618

 COOLING
  YESTERDAY        0                         0      0        0
  MONTH TO DATE    0                         0      0        0
  SINCE DEC 1      0                         0      0        0
  SINCE JAN 1      0                         0      0        0
..................................................................


WIND (MPH)
  HIGHEST WIND SPEED    29   HIGHEST WIND DIRECTION     S (180)
  HIGHEST GUST SPEED    38   HIGHEST GUST DIRECTION     S (180)
  AVERAGE WIND SPEED    15.2


SKY COVER
  POSSIBLE SUNSHINE  MM
  AVERAGE SKY COVER 0.7


WEATHER CONDITIONS
 THE FOLLOWING WEATHER WAS RECORDED YESTERDAY.
  THUNDERSTORM
  RAIN
  LIGHT RAIN
  FOG


RELATIVE HUMIDITY (PERCENT)
 HIGHEST    89          1200 AM
 LOWEST     65           700 AM
 AVERAGE    77

..........................................................


THE POCATELLO ID CLIMATE NORMALS FOR TODAY
                         NORMAL    RECORD    YEAR
 MAXIMUM TEMPERATURE (F)   40        62      1958
 MINIMUM TEMPERATURE (F)   21        -6      1952


SUNRISE AND SUNSET
FEBRUARY 22 2017......SUNRISE   717 AM MST   SUNSET   611 PM MST
FEBRUARY 23 2017......SUNRISE   715 AM MST   SUNSET   613 PM MST


-  INDICATES NEGATIVE NUMBERS.
R  INDICATES RECORD WAS SET OR TIED.
MM INDICATES DATA IS MISSING.
T  INDICATES TRACE AMOUNT.




$$
