000
CDUS45 KPIH 190730
CLIPIH


CLIMATE REPORT
NATIONAL WEATHER SERVICE POCATELLO ID
1229 AM MST FRI JAN 19 2018


...................................

...THE POCATELLO ID CLIMATE SUMMARY FOR JANUARY 18 2018...

CLIMATE NORMAL PERIOD 1981 TO 2010
CLIMATE RECORD PERIOD 1939 TO 2018


WEATHER ITEM   OBSERVED TIME   RECORD YEAR NORMAL DEPARTURE LAST
                VALUE   (LST)  VALUE       VALUE  FROM      YEAR
                                                  NORMAL
..................................................................
TEMPERATURE (F)
 YESTERDAY
  MAXIMUM         54R   705 PM  54    2015  33     21       25
  MINIMUM         27    712 AM -28    1984  16     11        0
  AVERAGE         41                        24     17       13

PRECIPITATION (IN)
  YESTERDAY        T             0.42 1950   0.03  -0.03     0.03
  MONTH TO DATE    0.45                      0.62  -0.17     1.71
  SINCE OCT 1      3.24                      3.84  -0.60     8.27
  SINCE JAN 1      0.45                      0.62  -0.17     1.71

SNOWFALL (IN)
  YESTERDAY        0.0
  MONTH TO DATE    T
  SINCE DEC 1     12.8
  SINCE JUL 1     13.8
  SNOW DEPTH       0

DEGREE DAYS
 HEATING
  YESTERDAY       24                        41    -17       52
  MONTH TO DATE  569                       738   -169      931
  SINCE DEC 1   1784                      1995   -211     2328
  SINCE JUL 1   3418                      3723   -305     3763

 COOLING
  YESTERDAY        0                         0      0        0
  MONTH TO DATE    0                         0      0        0
  SINCE DEC 1      0                         0      0        0
  SINCE JAN 1      0                         0      0        0
..................................................................


WIND (MPH)
  HIGHEST WIND SPEED    39   HIGHEST WIND DIRECTION     S (170)
  HIGHEST GUST SPEED    49   HIGHEST GUST DIRECTION     S (170)
  AVERAGE WIND SPEED    11.8


SKY COVER
  POSSIBLE SUNSHINE  MM
  AVERAGE SKY COVER 0.5


WEATHER CONDITIONS
 THE FOLLOWING WEATHER WAS RECORDED YESTERDAY.
  NO SIGNIFICANT WEATHER WAS OBSERVED.


RELATIVE HUMIDITY (PERCENT)
 HIGHEST   100           400 AM
 LOWEST     41           300 PM
 AVERAGE    71

..........................................................


THE POCATELLO ID CLIMATE NORMALS FOR TODAY
                         NORMAL    RECORD    YEAR
 MAXIMUM TEMPERATURE (F)   33        53      1971
 MINIMUM TEMPERATURE (F)   16       -23      1984


SUNRISE AND SUNSET
JANUARY 19 2018.......SUNRISE   756 AM MST   SUNSET   526 PM MST
JANUARY 20 2018.......SUNRISE   756 AM MST   SUNSET   528 PM MST


-  INDICATES NEGATIVE NUMBERS.
R  INDICATES RECORD WAS SET OR TIED.
MM INDICATES DATA IS MISSING.
T  INDICATES TRACE AMOUNT.




$$
