954
CDUS45 KPIH 180738
CLIPIH


CLIMATE REPORT
NATIONAL WEATHER SERVICE POCATELLO ID
1234 AM MST SAT NOV 18 2017


...................................

...THE POCATELLO ID CLIMATE SUMMARY FOR NOVEMBER 17 2017...

CLIMATE NORMAL PERIOD 1981 TO 2010
CLIMATE RECORD PERIOD 1939 TO 2017


WEATHER ITEM   OBSERVED TIME   RECORD YEAR NORMAL DEPARTURE LAST
                VALUE   (LST)  VALUE       VALUE  FROM      YEAR
                                                  NORMAL
..................................................................
TEMPERATURE (F)
 YESTERDAY
  MAXIMUM         42    136 AM  61    1995  44     -2       42
  MINIMUM         28   1144 PM  -1    2014  24      4       23
  AVERAGE         35                        34      1       33

PRECIPITATION (IN)
  YESTERDAY        T             0.82 1941   0.04  -0.04     0.00
  MONTH TO DATE    0.94                      0.58   0.36     0.02
  SINCE OCT 1      1.43                      1.45  -0.02     3.25
  SINCE JAN 1     15.93                     10.36   5.57    12.93

SNOWFALL (IN)
  YESTERDAY        0.0
  MONTH TO DATE    0.4
  SINCE SEP 1      0.5
  SINCE JUL 1      0.5
  SNOW DEPTH       0

DEGREE DAYS
 HEATING
  YESTERDAY       30                        31     -1       32
  MONTH TO DATE  426                       470    -44      343
  SINCE SEP 1   1312                      1231     81     1009
  SINCE JUL 1   1316                      1277     39     1047

 COOLING
  YESTERDAY        0                         0      0        0
  MONTH TO DATE    0                         0      0        0
  SINCE SEP 1     66                        22     44       17
  SINCE JAN 1    575                       392    183      416
..................................................................


WIND (MPH)
  HIGHEST WIND SPEED    36   HIGHEST WIND DIRECTION     W (260)
  HIGHEST GUST SPEED    42   HIGHEST GUST DIRECTION     W (260)
  AVERAGE WIND SPEED    19.4


SKY COVER
  POSSIBLE SUNSHINE  MM
  AVERAGE SKY COVER 0.6


WEATHER CONDITIONS
 THE FOLLOWING WEATHER WAS RECORDED YESTERDAY.
  LIGHT RAIN


RELATIVE HUMIDITY (PERCENT)
 HIGHEST   100           300 AM
 LOWEST     64           300 PM
 AVERAGE    82

..........................................................


THE POCATELLO ID CLIMATE NORMALS FOR TODAY
                         NORMAL    RECORD    YEAR
 MAXIMUM TEMPERATURE (F)   43        64      2008
 MINIMUM TEMPERATURE (F)   23        -1      2014


SUNRISE AND SUNSET
NOVEMBER 18 2017......SUNRISE   727 AM MST   SUNSET   504 PM MST
NOVEMBER 19 2017......SUNRISE   728 AM MST   SUNSET   503 PM MST


-  INDICATES NEGATIVE NUMBERS.
R  INDICATES RECORD WAS SET OR TIED.
MM INDICATES DATA IS MISSING.
T  INDICATES TRACE AMOUNT.




$$
