000
CDUS45 KPIH 052326
CLIPIH


CLIMATE REPORT
NATIONAL WEATHER SERVICE POCATELLO ID
425 PM MST THU MAR 5 2015


...................................

...THE POCATELLO ID CLIMATE SUMMARY FOR MARCH 5 2015...
VALID TODAY AS OF 0400 PM LOCAL TIME.

CLIMATE NORMAL PERIOD 1981 TO 2010
CLIMATE RECORD PERIOD 1939 TO 2015


WEATHER ITEM   OBSERVED TIME   RECORD YEAR NORMAL DEPARTURE LAST
                VALUE   (LST)  VALUE       VALUE  FROM      YEAR
                                                  NORMAL
..................................................................
TEMPERATURE (F)
 TODAY
  MAXIMUM         50    359 PM  61    1968  45      5       57
                                      1950
  MINIMUM         19    354 AM  -3    1984  24     -5       38
  AVERAGE         35                        34      1       48

PRECIPITATION (IN)
  TODAY            0.00          0.61 1947   0.05  -0.05     0.00
  MONTH TO DATE    0.14                      0.21  -0.07     1.05
  SINCE OCT 1      3.63                      5.39  -1.76     4.13
  SINCE JAN 1      1.24                      2.17  -0.93     2.76

SNOWFALL (IN)
  TODAY            0.0
  MONTH TO DATE    2.6
  SINCE MAR 1      2.6
  SINCE JUL 1     17.4
  SNOW DEPTH       0

DEGREE DAYS
 HEATING
  TODAY           30                        31     -1       17
  MONTH TO DATE  185                       157     28      110
  SINCE MAR 1    185                       157     28      110
  SINCE JUL 1   4526                      5430   -904     5090

 COOLING
  TODAY            0                         0      0        0
  MONTH TO DATE    0                         0      0        0
  SINCE MAR 1      0                         0      0        0
  SINCE JAN 1      0                         0      0        0
..................................................................


WIND (MPH)
  HIGHEST WIND SPEED    20   HIGHEST WIND DIRECTION    SW (240)
  HIGHEST GUST SPEED    26   HIGHEST GUST DIRECTION    SW (220)
  AVERAGE WIND SPEED     6.2


SKY COVER
  POSSIBLE SUNSHINE  MM
  AVERAGE SKY COVER 0.0


WEATHER CONDITIONS
 THE FOLLOWING WEATHER WAS RECORDED TODAY.
  NO SIGNIFICANT WEATHER WAS OBSERVED.


RELATIVE HUMIDITY (PERCENT)
 HIGHEST    77           500 AM
 LOWEST     22           400 PM
 AVERAGE    50

..........................................................


THE POCATELLO ID CLIMATE NORMALS FOR TOMORROW
                         NORMAL    RECORD    YEAR
 MAXIMUM TEMPERATURE (F)   45        61      1986
 MINIMUM TEMPERATURE (F)   25         0      1945


SUNRISE AND SUNSET
MARCH  5 2015.........SUNRISE   700 AM MST   SUNSET   625 PM MST
MARCH  6 2015.........SUNRISE   658 AM MST   SUNSET   626 PM MST


-  INDICATES NEGATIVE NUMBERS.
R  INDICATES RECORD WAS SET OR TIED.
MM INDICATES DATA IS MISSING.
T  INDICATES TRACE AMOUNT.




$$
