000
CDUS45 KPIH 270736
CLIPIH


CLIMATE REPORT
NATIONAL WEATHER SERVICE POCATELLO ID
134 AM MDT SAT MAY 27 2017


...................................

...THE POCATELLO ID CLIMATE SUMMARY FOR MAY 26 2017...

CLIMATE NORMAL PERIOD 1981 TO 2010
CLIMATE RECORD PERIOD 1939 TO 2017


WEATHER ITEM   OBSERVED TIME   RECORD YEAR NORMAL DEPARTURE LAST
                VALUE   (LST)  VALUE       VALUE  FROM      YEAR
                                                  NORMAL
..................................................................
TEMPERATURE (F)
 YESTERDAY
  MAXIMUM         51    119 AM  89    1958  71    -20       70
  MINIMUM         41   1145 PM  29    1975  42     -1       35
  AVERAGE         46                        56    -10       53

PRECIPITATION (IN)
  YESTERDAY        0.20          0.70 1996   0.04   0.16     0.00
  MONTH TO DATE    0.56                      1.22  -0.66     1.28
  SINCE OCT 1     16.47                      8.81   7.66    10.71
  SINCE JAN 1      9.91                      5.59   4.32     7.14

SNOWFALL (IN)
  YESTERDAY        0.0
  MONTH TO DATE    T
  SINCE MAR 1      4.1
  SINCE JUL 1     87.6
  SNOW DEPTH       0

DEGREE DAYS
 HEATING
  YESTERDAY       19                         9     10       12
  MONTH TO DATE  316                       312      4      291
  SINCE MAR 1   1581                      1733   -152     1464
  SINCE JUL 1   6830                      7006   -176     6306

 COOLING
  YESTERDAY        0                         0      0        0
  MONTH TO DATE    0                         0      0        0
  SINCE MAR 1      0                         0      0        0
  SINCE JAN 1      0                         0      0        0
..................................................................


WIND (MPH)
  HIGHEST WIND SPEED    23   HIGHEST WIND DIRECTION     S (170)
  HIGHEST GUST SPEED    29   HIGHEST GUST DIRECTION     S (170)
  AVERAGE WIND SPEED     5.8


SKY COVER
  POSSIBLE SUNSHINE  MM
  AVERAGE SKY COVER 0.9


WEATHER CONDITIONS
 THE FOLLOWING WEATHER WAS RECORDED YESTERDAY.
  LIGHT RAIN
  FOG


RELATIVE HUMIDITY (PERCENT)
 HIGHEST   100           900 PM
 LOWEST     54           100 AM
 AVERAGE    77

..........................................................


THE POCATELLO ID CLIMATE NORMALS FOR TODAY
                         NORMAL    RECORD    YEAR
 MAXIMUM TEMPERATURE (F)   71        90      1958
 MINIMUM TEMPERATURE (F)   42        30      1965


SUNRISE AND SUNSET
MAY 27 2017...........SUNRISE   557 AM MDT   SUNSET   859 PM MDT
MAY 28 2017...........SUNRISE   556 AM MDT   SUNSET   900 PM MDT


-  INDICATES NEGATIVE NUMBERS.
R  INDICATES RECORD WAS SET OR TIED.
MM INDICATES DATA IS MISSING.
T  INDICATES TRACE AMOUNT.




$$
