000
CDUS45 KPIH 300733
CLIPIH


CLIMATE REPORT
NATIONAL WEATHER SERVICE POCATELLO ID
131 AM MDT SAT JUL 30 2016


...................................

...THE POCATELLO ID CLIMATE SUMMARY FOR JULY 29 2016...

CLIMATE NORMAL PERIOD 1981 TO 2010
CLIMATE RECORD PERIOD 1939 TO 2016


WEATHER ITEM   OBSERVED TIME   RECORD YEAR NORMAL DEPARTURE LAST
                VALUE   (LST)  VALUE       VALUE  FROM      YEAR
                                                  NORMAL
..................................................................
TEMPERATURE (F)
 YESTERDAY
  MAXIMUM         97    500 PM 101    1994  90      7       82
  MINIMUM         60    256 AM  39    2015  53      7       39
  AVERAGE         79                        71      8       61

PRECIPITATION (IN)
  YESTERDAY        0.00          0.57 1975   0.02  -0.02     0.00
  MONTH TO DATE    0.14                      0.60  -0.46     1.38
  SINCE OCT 1     10.90                     10.64   0.26     8.68
  SINCE JAN 1      7.33                      7.42  -0.09     6.29

SNOWFALL (IN)
  YESTERDAY        0.0
  MONTH TO DATE    0.0
  SINCE JUN 1      0.0
  SINCE JUL 1      0.0
  SNOW DEPTH       0

DEGREE DAYS
 HEATING
  YESTERDAY        0                         0      0        4
  MONTH TO DATE   17                        17      0       23
  SINCE JUN 1     60                       148    -88       51
  SINCE JUL 1     17                        17      0       23

 COOLING
  YESTERDAY       14                         7      7        0
  MONTH TO DATE  171                       158     13      155
  SINCE JUN 1    261                       204     57      290
  SINCE JAN 1    261                       209     52      294
..................................................................


WIND (MPH)
  HIGHEST WIND SPEED    21   HIGHEST WIND DIRECTION    SW (240)
  HIGHEST GUST SPEED    26   HIGHEST GUST DIRECTION    SW (230)
  AVERAGE WIND SPEED     9.5


SKY COVER
  POSSIBLE SUNSHINE  MM
  AVERAGE SKY COVER 0.0


WEATHER CONDITIONS
 THE FOLLOWING WEATHER WAS RECORDED YESTERDAY.
  NO SIGNIFICANT WEATHER WAS OBSERVED.


RELATIVE HUMIDITY (PERCENT)
 HIGHEST    39           300 AM
 LOWEST     12           200 PM
 AVERAGE    26

..........................................................


THE POCATELLO ID CLIMATE NORMALS FOR TODAY
                         NORMAL    RECORD    YEAR
 MAXIMUM TEMPERATURE (F)   90       103      2000
 MINIMUM TEMPERATURE (F)   53        43      2015


SUNRISE AND SUNSET
JULY 30 2016..........SUNRISE   620 AM MDT   SUNSET   853 PM MDT
JULY 31 2016..........SUNRISE   621 AM MDT   SUNSET   852 PM MDT


-  INDICATES NEGATIVE NUMBERS.
R  INDICATES RECORD WAS SET OR TIED.
MM INDICATES DATA IS MISSING.
T  INDICATES TRACE AMOUNT.




$$
