000
CDUS45 KPIH 010731
CLIPIH


CLIMATE REPORT
NATIONAL WEATHER SERVICE POCATELLO ID
131 AM MDT MON SEP 1 2014


...................................

...THE POCATELLO ID CLIMATE SUMMARY FOR AUGUST 31 2014...

CLIMATE NORMAL PERIOD 1981 TO 2010
CLIMATE RECORD PERIOD 1939 TO 2014


WEATHER ITEM   OBSERVED TIME   RECORD YEAR NORMAL DEPARTURE LAST
                VALUE   (LST)  VALUE       VALUE  FROM      YEAR
                                                  NORMAL
..................................................................
TEMPERATURE (F)
 YESTERDAY
  MAXIMUM         71    347 PM  97    1955  83    -12       92
  MINIMUM         50    935 PM  32    2006  47      3       47
                                      1993
                                      1969
  AVERAGE         61                        65     -4       70

PRECIPITATION (IN)
  YESTERDAY        T             0.38 1963   0.02  -0.02     0.00
  MONTH TO DATE    2.18                      0.61   1.57     0.21
  SINCE OCT 1     10.15                     11.29  -1.14     8.19
  SINCE JAN 1      8.78                      8.07   0.71     4.03

SNOWFALL (IN)
  YESTERDAY        0.0
  MONTH TO DATE    0.0
  SINCE JUN 1      0.0
  SINCE JUL 1      0.0
  SNOW DEPTH       0

DEGREE DAYS
 HEATING
  YESTERDAY        4                         2      2        0
  MONTH TO DATE   33                        23     10        0
  SINCE JUN 1    145                       177    -32       90
  SINCE JUL 1     35                        46    -11        0

 COOLING
  YESTERDAY        0                         2     -2        5
  MONTH TO DATE  119                       147    -28      233
  SINCE JUN 1    386                       365     21      618
  SINCE JAN 1    386                       370     16      627
..................................................................


WIND (MPH)
  HIGHEST WIND SPEED    24   HIGHEST WIND DIRECTION     W (250)
  HIGHEST GUST SPEED    31   HIGHEST GUST DIRECTION    SW (230)
  AVERAGE WIND SPEED    15.2


SKY COVER
  POSSIBLE SUNSHINE  MM
  AVERAGE SKY COVER 0.4


WEATHER CONDITIONS
 THE FOLLOWING WEATHER WAS RECORDED YESTERDAY.
  LIGHT RAIN


RELATIVE HUMIDITY (PERCENT)
 HIGHEST    83           400 AM
 LOWEST     27           600 PM
 AVERAGE    55

..........................................................


THE POCATELLO ID CLIMATE NORMALS FOR TODAY
                         NORMAL    RECORD    YEAR
 MAXIMUM TEMPERATURE (F)   83        95      1995
                                             1950
 MINIMUM TEMPERATURE (F)   47        29      2006


SUNRISE AND SUNSET
SEPTEMBER  1 2014.....SUNRISE   655 AM MDT   SUNSET   805 PM MDT
SEPTEMBER  2 2014.....SUNRISE   656 AM MDT   SUNSET   803 PM MDT


-  INDICATES NEGATIVE NUMBERS.
R  INDICATES RECORD WAS SET OR TIED.
MM INDICATES DATA IS MISSING.
T  INDICATES TRACE AMOUNT.




$$
