000
CDUS45 KPIH 092321
CLIPIH


CLIMATE REPORT
NATIONAL WEATHER SERVICE POCATELLO ID
521 PM MDT WED JUL 9 2014


...................................

...THE POCATELLO ID CLIMATE SUMMARY FOR JULY 9 2014...
VALID TODAY AS OF 0500 PM LOCAL TIME.

CLIMATE NORMAL PERIOD 1981 TO 2010
CLIMATE RECORD PERIOD 1939 TO 2014


WEATHER ITEM   OBSERVED TIME   RECORD YEAR NORMAL DEPARTURE LAST
                VALUE   (LST)  VALUE       VALUE  FROM      YEAR
                                                  NORMAL
..................................................................
TEMPERATURE (F)
 TODAY
  MAXIMUM         95    353 PM 102    1939  87      8       94
  MINIMUM         51    400 AM  36    1999  51      0       50
  AVERAGE         73                        69      4       72

PRECIPITATION (IN)
  TODAY            0.00          0.66 1983   0.02  -0.02     0.00
  MONTH TO DATE    T                         0.17  -0.17     0.12
  SINCE OCT 1      7.51                     10.21  -2.70     7.83
  SINCE JAN 1      6.14                      6.99  -0.85     3.67

SNOWFALL (IN)
  TODAY            0.0
  MONTH TO DATE    0.0
  SINCE JUN 1      0.0
  SINCE JUL 1      0.0
  SNOW DEPTH       0

DEGREE DAYS
 HEATING
  TODAY            0                         1     -1        0
  MONTH TO DATE    2                        10     -8        0
  SINCE JUN 1    112                       141    -29       90
  SINCE JUL 1      2                        10     -8        0

 COOLING
  TODAY            8                         5      3        7
  MONTH TO DATE   65                        38     27       95
  SINCE JUN 1     85                        84      1      188
  SINCE JAN 1     85                        89     -4      197
..................................................................


WIND (MPH)
  HIGHEST WIND SPEED    20   HIGHEST WIND DIRECTION     W (280)
  HIGHEST GUST SPEED    26   HIGHEST GUST DIRECTION     W (280)
  AVERAGE WIND SPEED     7.4


SKY COVER
  POSSIBLE SUNSHINE  MM
  AVERAGE SKY COVER 0.0


WEATHER CONDITIONS
 THE FOLLOWING WEATHER WAS RECORDED TODAY.
  NO SIGNIFICANT WEATHER WAS OBSERVED.


RELATIVE HUMIDITY (PERCENT)
 HIGHEST    63           400 AM
 LOWEST     17           300 PM
 AVERAGE    40

..........................................................


THE POCATELLO ID CLIMATE NORMALS FOR TOMORROW
                         NORMAL    RECORD    YEAR
 MAXIMUM TEMPERATURE (F)   87       101      1973
 MINIMUM TEMPERATURE (F)   52        38      1999


SUNRISE AND SUNSET
JULY  9 2014..........SUNRISE   600 AM MDT   SUNSET   910 PM MDT
JULY 10 2014..........SUNRISE   601 AM MDT   SUNSET   910 PM MDT


-  INDICATES NEGATIVE NUMBERS.
R  INDICATES RECORD WAS SET OR TIED.
MM INDICATES DATA IS MISSING.
T  INDICATES TRACE AMOUNT.




$$
