000
CDUS43 KABR 222342
CLIPIR


CLIMATE REPORT
NATIONAL WEATHER SERVICE ABERDEEN SD
541 PM CST MON JAN 22 2018


...................................

...THE PIERRE SD CLIMATE SUMMARY FOR JANUARY 22 2018...
VALID TODAY AS OF 0500 PM LOCAL TIME.

CLIMATE NORMAL PERIOD 1981 TO 2010
CLIMATE RECORD PERIOD 1892 TO 2018


WEATHER ITEM   OBSERVED TIME   RECORD YEAR NORMAL DEPARTURE LAST
                VALUE   (LST)  VALUE       VALUE  FROM      YEAR
                                                  NORMAL
..................................................................
TEMPERATURE (F)
 TODAY
  MAXIMUM         26   1223 AM  58    1967  30     -4       29
  MINIMUM         21    938 AM -19    1966  10     11       17
  AVERAGE         24                        20      4       23

PRECIPITATION (IN)
  TODAY            0.00          0.54 1982   0.01  -0.01     0.00
  MONTH TO DATE    0.06                      0.30  -0.24     0.37
  SINCE DEC 1      0.53                      0.85  -0.32     2.07
  SINCE JAN 1      0.06                      0.30  -0.24     0.37

SNOWFALL (IN)
  TODAY            0.0
  MONTH TO DATE    T
  SINCE OCT 1      4.4
  SINCE JUL 1      4.4
  SNOW DEPTH       0

DEGREE DAYS
 HEATING
  TODAY           41                        45     -4       42
  MONTH TO DATE 1065                       995     70     1198
  SINCE DEC 1   2344                      2337      7     2717
  SINCE JUL 1   3801                      3957   -156     3854
..................................................................


WIND (MPH)
  HIGHEST GUST SPEED    31   HIGHEST GUST DIRECTION    NW (310)




..........................................................


THE PIERRE SD CLIMATE NORMALS FOR TOMORROW
                         NORMAL    RECORD    YEAR
 MAXIMUM TEMPERATURE (F)   30        68      1981
 MINIMUM TEMPERATURE (F)   10       -20      1952


SUNRISE AND SUNSET
JANUARY 22 2018.......SUNRISE   809 AM CST   SUNSET   537 PM CST
JANUARY 23 2018.......SUNRISE   808 AM CST   SUNSET   538 PM CST


-  INDICATES NEGATIVE NUMBERS.
R  INDICATES RECORD WAS SET OR TIED.
MM INDICATES DATA IS MISSING.
T  INDICATES TRACE AMOUNT.




$$
