000
CDUS43 KABR 031033
CLIPIR


CLIMATE REPORT
NATIONAL WEATHER SERVICE ABERDEEN SD
432 AM CST SAT DEC 3 2016


...................................

...THE PIERRE SD CLIMATE SUMMARY FOR DECEMBER 2 2016...

CLIMATE NORMAL PERIOD 1981 TO 2010
CLIMATE RECORD PERIOD 1892 TO 2016


WEATHER ITEM   OBSERVED TIME   RECORD YEAR NORMAL DEPARTURE LAST
                VALUE   (LST)  VALUE       VALUE  FROM      YEAR
                                                  NORMAL
..................................................................
TEMPERATURE (F)
 YESTERDAY
  MAXIMUM         31    501 PM  67    2012  35     -4       34
  MINIMUM         14   1136 PM -14    1985  16     -2       21
  AVERAGE         23                        25     -2       28

PRECIPITATION (IN)
  YESTERDAY        T             0.71 1933   0.02  -0.02     0.00
  MONTH TO DATE    T                         0.04  -0.04     0.07
  SINCE DEC 1      T                         0.04  -0.04     0.07
  SINCE JAN 1     19.31                     19.50  -0.19    21.56

SNOWFALL (IN)
  YESTERDAY        T             4.0  2005   0.1   -0.1      0.0
  MONTH TO DATE    T                         0.3   -0.3      0.8
  SINCE OCT 1     10.1                       6.6    3.5      5.9
  SINCE JUL 1     10.1                       6.6    3.5      5.9
  SNOW DEPTH       6

DEGREE DAYS
 HEATING
  YESTERDAY       42                        40      2       37
  MONTH TO DATE   78                        79     -1       72
  SINCE DEC 1     78                        79     -1       72
  SINCE JUL 1   1215                      1699   -484     1369

 COOLING
  YESTERDAY        0                         0      0        0
  MONTH TO DATE    0                         0      0        0
  SINCE DEC 1      0                         0      0        0
  SINCE JAN 1    961                       868     93      839
..................................................................


WIND (MPH)
  RESULTANT WIND SPEED   1   RESULTANT WIND DIRECTION  SW (230)
  HIGHEST WIND SPEED     9   HIGHEST WIND DIRECTION     S (200)
  HIGHEST GUST SPEED    10   HIGHEST GUST DIRECTION    SW (210)
  AVERAGE WIND SPEED     2.9




RELATIVE HUMIDITY (PERCENT)
 HIGHEST    92           400 AM
 LOWEST     78          1200 AM
 AVERAGE    85

..........................................................


THE PIERRE SD CLIMATE NORMALS FOR TODAY
                         NORMAL    RECORD    YEAR
 MAXIMUM TEMPERATURE (F)   35        76      1941
 MINIMUM TEMPERATURE (F)   15        -6      1950


SUNRISE AND SUNSET
DECEMBER  3 2016......SUNRISE   800 AM CST   SUNSET   502 PM CST
DECEMBER  4 2016......SUNRISE   801 AM CST   SUNSET   502 PM CST


-  INDICATES NEGATIVE NUMBERS.
R  INDICATES RECORD WAS SET OR TIED.
MM INDICATES DATA IS MISSING.
T  INDICATES TRACE AMOUNT.




$$
