000
CDUS43 KABR 282233
CLIPIR


CLIMATE REPORT
NATIONAL WEATHER SERVICE ABERDEEN SD
531 PM CDT TUE MAR 28 2017


...................................

...THE PIERRE SD CLIMATE SUMMARY FOR MARCH 28 2017...
VALID TODAY AS OF 0500 PM LOCAL TIME.

CLIMATE NORMAL PERIOD 1981 TO 2010
CLIMATE RECORD PERIOD 1892 TO 2017


WEATHER ITEM   OBSERVED TIME   RECORD YEAR NORMAL DEPARTURE LAST
                VALUE   (LST)  VALUE       VALUE  FROM      YEAR
                                                  NORMAL
..................................................................
TEMPERATURE (F)
 TODAY
  MAXIMUM         56    359 PM  87    1946  51      5       68
  MINIMUM         37    420 AM   5    1944  28      9       31
  AVERAGE         47                        39      8       50

PRECIPITATION (IN)
  TODAY            0.00          1.17 1905   0.05  -0.05     0.00
  MONTH TO DATE    0.34                      1.06  -0.72     1.01
  SINCE MAR 1      0.34                      1.06  -0.72     1.01
  SINCE JAN 1      1.57                      2.07  -0.50     2.01

SNOWFALL (IN)
  TODAY            0.0
  MONTH TO DATE    4.5
  SINCE OCT 1     32.6
  SINCE JUL 1     32.6
  SNOW DEPTH       0

DEGREE DAYS
 HEATING
  TODAY           18                        26     -8       15
  MONTH TO DATE  808                       872    -64      693
  SINCE MAR 1    808                       872    -64      693
  SINCE JUL 1   5964                      6370   -406     5527

 COOLING
  TODAY            0                         0      0        0
  MONTH TO DATE    0                         0      0        0
  SINCE MAR 1      0                         0      0        0
  SINCE JAN 1      0                         0      0        0
..................................................................


WIND (MPH)
  HIGHEST GUST SPEED    19   HIGHEST GUST DIRECTION    SE (140)




..........................................................


THE PIERRE SD CLIMATE NORMALS FOR TOMORROW
                         NORMAL    RECORD    YEAR
 MAXIMUM TEMPERATURE (F)   51        80      1943
 MINIMUM TEMPERATURE (F)   28        -7      1965


SUNRISE AND SUNSET
MARCH 28 2017.........SUNRISE   729 AM CDT   SUNSET   804 PM CDT
MARCH 29 2017.........SUNRISE   727 AM CDT   SUNSET   805 PM CDT


-  INDICATES NEGATIVE NUMBERS.
R  INDICATES RECORD WAS SET OR TIED.
MM INDICATES DATA IS MISSING.
T  INDICATES TRACE AMOUNT.




$$
