000
CDUS43 KABR 092234
CLIPIR


CLIMATE REPORT
NATIONAL WEATHER SERVICE ABERDEEN SD
532 PM CDT WED JUL 9 2014


...................................

...THE PIERRE SD CLIMATE SUMMARY FOR JULY 9 2014...
VALID TODAY AS OF 0500 PM LOCAL TIME.

CLIMATE NORMAL PERIOD 1981 TO 2010
CLIMATE RECORD PERIOD 1892 TO 2014


WEATHER ITEM   OBSERVED TIME   RECORD YEAR NORMAL DEPARTURE LAST
                VALUE   (LST)  VALUE       VALUE  FROM      YEAR
                                                  NORMAL
..................................................................
TEMPERATURE (F)
 TODAY
  MAXIMUM         83    344 PM 110    1936  88     -5       85
  MINIMUM         53    537 AM  48    1996  61     -8       60
  AVERAGE         68                        75     -7       73

PRECIPITATION (IN)
  TODAY            0.00          1.40 1944   0.08  -0.08     0.24
  MONTH TO DATE    0.05                      0.73  -0.68     1.91
  SINCE JUN 1      4.44                      4.30   0.14     4.87
  SINCE JAN 1     12.37                     11.50   0.87    13.73

DEGREE DAYS
 COOLING
  TODAY            3                        10     -7        8
  MONTH TO DATE   44                        83    -39       69
  SINCE JUN 1    103                       217   -114      188
  SINCE JAN 1    151                       249    -98      210
..................................................................


WIND (MPH)
  HIGHEST GUST SPEED    13   HIGHEST GUST DIRECTION    SE (150)




..........................................................


THE PIERRE SD CLIMATE NORMALS FOR TOMORROW
                         NORMAL    RECORD    YEAR
 MAXIMUM TEMPERATURE (F)   88       113      1966
 MINIMUM TEMPERATURE (F)   62        46      1945


SUNRISE AND SUNSET
JULY  9 2014..........SUNRISE   606 AM CDT   SUNSET   926 PM CDT
JULY 10 2014..........SUNRISE   607 AM CDT   SUNSET   926 PM CDT


-  INDICATES NEGATIVE NUMBERS.
R  INDICATES RECORD WAS SET OR TIED.
MM INDICATES DATA IS MISSING.
T  INDICATES TRACE AMOUNT.




$$
