000
CDUS43 KABR 241046
CLIPIR


CLIMATE REPORT
NATIONAL WEATHER SERVICE ABERDEEN SD
543 AM CDT SUN SEP 24 2017


...................................

...THE PIERRE SD CLIMATE SUMMARY FOR SEPTEMBER 23 2017...

CLIMATE NORMAL PERIOD 1981 TO 2010
CLIMATE RECORD PERIOD 1892 TO 2017


WEATHER ITEM   OBSERVED TIME   RECORD YEAR NORMAL DEPARTURE LAST
                VALUE   (LST)  VALUE       VALUE  FROM      YEAR
                                                  NORMAL
..................................................................
TEMPERATURE (F)
 YESTERDAY
  MAXIMUM         52   1159 PM  97    2007  73    -21       93
                                      1958
  MINIMUM         48    332 AM  29    1942  46      2       60
  AVERAGE         50                        59     -9       77

PRECIPITATION (IN)
  YESTERDAY       MM             1.48 1977   0.07  MM        0.30
  MONTH TO DATE    0.55                      1.41  -0.86     1.23
  SINCE SEP 1      0.55                      1.41  -0.86     1.23
  SINCE JAN 1     10.99                     16.59  -5.60    16.95

DEGREE DAYS
 HEATING
  YESTERDAY       15                         7      8        0
  MONTH TO DATE   73                        91    -18       55
  SINCE SEP 1     73                        91    -18       55
  SINCE JUL 1     78                       111    -33       75

 COOLING
  YESTERDAY        0                         1     -1       12
  MONTH TO DATE  106                        81     25       80
  SINCE SEP 1    106                        81     25       80
  SINCE JAN 1    864                       858      6      944
..................................................................


WIND (MPH)
  RESULTANT WIND SPEED   9   RESULTANT WIND DIRECTION   N (0)
  HIGHEST WIND SPEED    22   HIGHEST WIND DIRECTION    NE (40)
  HIGHEST GUST SPEED    27   HIGHEST GUST DIRECTION    NE (50)
  AVERAGE WIND SPEED    10.4




RELATIVE HUMIDITY (PERCENT)
 HIGHEST   100           500 PM
 LOWEST     83          1200 AM
 AVERAGE    92

..........................................................


THE PIERRE SD CLIMATE NORMALS FOR TODAY
                         NORMAL    RECORD    YEAR
 MAXIMUM TEMPERATURE (F)   72        92      1990
 MINIMUM TEMPERATURE (F)   45        25      2000


SUNRISE AND SUNSET
SEPTEMBER 24 2017.....SUNRISE   731 AM CDT   SUNSET   734 PM CDT
SEPTEMBER 25 2017.....SUNRISE   732 AM CDT   SUNSET   732 PM CDT


-  INDICATES NEGATIVE NUMBERS.
R  INDICATES RECORD WAS SET OR TIED.
MM INDICATES DATA IS MISSING.
T  INDICATES TRACE AMOUNT.




$$
