000
CDUS43 KABR 252227
CLIPIR


CLIMATE REPORT
NATIONAL WEATHER SERVICE ABERDEEN SD
526 PM CDT MON MAY 25 2015


...................................

...THE PIERRE SD CLIMATE SUMMARY FOR MAY 25 2015...
VALID TODAY AS OF 0500 PM LOCAL TIME.

CLIMATE NORMAL PERIOD 1981 TO 2010
CLIMATE RECORD PERIOD 1892 TO 2015


WEATHER ITEM   OBSERVED TIME   RECORD YEAR NORMAL DEPARTURE LAST
                VALUE   (LST)  VALUE       VALUE  FROM      YEAR
                                                  NORMAL
..................................................................
TEMPERATURE (F)
 TODAY
  MAXIMUM         62    359 PM  95    1985  72    -10       82
  MINIMUM         56    620 AM  34    1992  49      7       57
  AVERAGE         59                        61     -2       70

PRECIPITATION (IN)
  TODAY            0.06          1.22 1907   0.11  -0.05     0.78
  MONTH TO DATE    3.62                      2.46   1.16     2.38
  SINCE MAR 1      4.44                      5.50  -1.06     5.34
  SINCE JAN 1      4.79                      6.51  -1.72     5.91

DEGREE DAYS
 COOLING
  TODAY            0                         1     -1        5
  MONTH TO DATE    5                        23    -18       15
  SINCE MAR 1     10                        27    -17       15
  SINCE JAN 1     10                        27    -17       15
..................................................................


WIND (MPH)
  HIGHEST GUST SPEED    23   HIGHEST GUST DIRECTION    NE (60)




..........................................................


THE PIERRE SD CLIMATE NORMALS FOR TOMORROW
                         NORMAL    RECORD    YEAR
 MAXIMUM TEMPERATURE (F)   73        96      2006
 MINIMUM TEMPERATURE (F)   49        29      1992


SUNRISE AND SUNSET
MAY 25 2015...........SUNRISE   605 AM CDT   SUNSET   912 PM CDT
MAY 26 2015...........SUNRISE   604 AM CDT   SUNSET   913 PM CDT


-  INDICATES NEGATIVE NUMBERS.
R  INDICATES RECORD WAS SET OR TIED.
MM INDICATES DATA IS MISSING.
T  INDICATES TRACE AMOUNT.




$$
