000
CDUS43 KABR 211627
CLIPIR


CLIMATE REPORT...CORRECTED
NATIONAL WEATHER SERVICE ABERDEEN SD
1026 AM CST SUN DEC 21 2014


...................................

...THE PIERRE SD CLIMATE SUMMARY FOR DECEMBER 20 2014...

CLIMATE NORMAL PERIOD 1981 TO 2010
CLIMATE RECORD PERIOD 1892 TO 2014


WEATHER ITEM   OBSERVED TIME   RECORD YEAR NORMAL DEPARTURE LAST
                VALUE   (LST)  VALUE       VALUE  FROM      YEAR
                                                  NORMAL
..................................................................
TEMPERATURE (F)
 YESTERDAY
  MAXIMUM         30    312 PM  62    1941  30      0        4
  MINIMUM         12    142 AM -18    1989  11      1      -10
  AVERAGE         21                        20      1       -3

PRECIPITATION (IN)
  YESTERDAY        0.00          0.61 1902   0.02  -0.02      T
  MONTH TO DATE    0.35                      0.36  -0.01     1.24
  SINCE DEC 1      0.35                      0.36  -0.01     1.24
  SINCE JAN 1     18.30                     19.82  -1.52    24.32

SNOWFALL (IN)
  YESTERDAY        0.0           3.4  1967   0.2   -0.2       T
  MONTH TO DATE    4.0                       3.3    0.7     12.2
  SINCE OCT 1     13.2                       9.6    3.6     14.2
  SINCE JUL 1     13.2                       9.6    3.6     14.2
  SNOW DEPTH       3

DEGREE DAYS
 HEATING
  YESTERDAY       44                        45     -1       68
  MONTH TO DATE  744                       845   -101     1023
  SINCE DEC 1    744                       845   -101     1023
  SINCE JUL 1   2466                      2465      1     2642

 COOLING
  YESTERDAY        0                         0      0        0
  MONTH TO DATE    0                         0      0        0
  SINCE DEC 1      0                         0      0        0
  SINCE JAN 1    622                       868   -246      853
..................................................................


WIND (MPH)
  RESULTANT WIND SPEED   3   RESULTANT WIND DIRECTION  SE (120)
  HIGHEST WIND SPEED    10   HIGHEST WIND DIRECTION    SE (120)
  HIGHEST GUST SPEED    12   HIGHEST GUST DIRECTION    SE (120)
  AVERAGE WIND SPEED     3.9




RELATIVE HUMIDITY (PERCENT)
 HIGHEST   100           700 PM
 LOWEST     80           300 AM
 AVERAGE    90

..........................................................


THE PIERRE SD CLIMATE NORMALS FOR TODAY
                         NORMAL    RECORD    YEAR
 MAXIMUM TEMPERATURE (F)   30        64      1933
 MINIMUM TEMPERATURE (F)   11       -25      1989


SUNRISE AND SUNSET
DECEMBER 21 2014......SUNRISE   814 AM CST   SUNSET   505 PM CST
DECEMBER 22 2014......SUNRISE   814 AM CST   SUNSET   505 PM CST


-  INDICATES NEGATIVE NUMBERS.
R  INDICATES RECORD WAS SET OR TIED.
MM INDICATES DATA IS MISSING.
T  INDICATES TRACE AMOUNT.




$$
