000
CDUS43 KABR 281030
CLIPIR


CLIMATE REPORT
NATIONAL WEATHER SERVICE ABERDEEN SD
528 AM CDT THU AUG 28 2014


...................................

...THE PIERRE SD CLIMATE SUMMARY FOR AUGUST 27 2014...

CLIMATE NORMAL PERIOD 1981 TO 2010
CLIMATE RECORD PERIOD 1892 TO 2014


WEATHER ITEM   OBSERVED TIME   RECORD YEAR NORMAL DEPARTURE LAST
                VALUE   (LST)  VALUE       VALUE  FROM      YEAR
                                                  NORMAL
..................................................................
TEMPERATURE (F)
 YESTERDAY
  MAXIMUM         78    314 PM 110    1973  85     -7       99
  MINIMUM         56    155 AM  41    1992  58     -2       68
  AVERAGE         67                        71     -4       84

PRECIPITATION (IN)
  YESTERDAY        0.08          1.66 1975   0.05   0.03     0.00
  MONTH TO DATE    2.25                      1.60   0.65     2.47
  SINCE JUN 1      7.51                      7.78  -0.27     8.01
  SINCE JAN 1     15.44                     14.98   0.46    16.87

DEGREE DAYS
 HEATING
  YESTERDAY        0                         1     -1        0
  MONTH TO DATE    9                         7      2        0
  SINCE JUN 1     95                        66     29       69
  SINCE JUL 1     28                        13     15        9

 COOLING
  YESTERDAY        2                         7     -5       19
  MONTH TO DATE  188                       257    -69      227
  SINCE JUN 1    477                       718   -241      612
  SINCE JAN 1    525                       750   -225      634
..................................................................


WIND (MPH)
  RESULTANT WIND SPEED   9   RESULTANT WIND DIRECTION   E (100)
  HIGHEST WIND SPEED    18   HIGHEST WIND DIRECTION    SE (140)
  HIGHEST GUST SPEED    22   HIGHEST GUST DIRECTION    SE (140)
  AVERAGE WIND SPEED     9.8




RELATIVE HUMIDITY (PERCENT)
 HIGHEST   100           700 AM
 LOWEST     69           100 PM
 AVERAGE    85

..........................................................


THE PIERRE SD CLIMATE NORMALS FOR TODAY
                         NORMAL    RECORD    YEAR
 MAXIMUM TEMPERATURE (F)   85       106      1991
 MINIMUM TEMPERATURE (F)   57        41      1988


SUNRISE AND SUNSET
AUGUST 28 2014........SUNRISE   659 AM CDT   SUNSET   824 PM CDT
AUGUST 29 2014........SUNRISE   700 AM CDT   SUNSET   823 PM CDT


-  INDICATES NEGATIVE NUMBERS.
R  INDICATES RECORD WAS SET OR TIED.
MM INDICATES DATA IS MISSING.
T  INDICATES TRACE AMOUNT.




$$
