000
CDUS41 KPBZ 252225
CLIPIT

CLIMATE REPORT
NATIONAL WEATHER SERVICE PITTSBURGH PA
524 PM EST SUN FEB 25 2018

...................................

...THE PITTSBURGH PA CLIMATE SUMMARY FOR FEBRUARY 25 2018...
VALID TODAY AS OF 0500 PM LOCAL TIME.

CLIMATE NORMAL PERIOD 1981 TO 2010
CLIMATE RECORD PERIOD 1871 TO 2018

WEATHER ITEM   OBSERVED TIME   RECORD YEAR NORMAL DEPARTURE LAST
                VALUE   (LST)  VALUE       VALUE  FROM      YEAR
                                                  NORMAL
..................................................................
TEMPERATURE (F)
 TODAY
  MAXIMUM         60    751 AM  73    2000  42     18       66
  MINIMUM         48   1239 AM  -4    1900  25     23       28
  AVERAGE         54                        33     21       47

PRECIPITATION (IN)
  TODAY            0.36          1.26 1956   0.09   0.27     0.30
  MONTH TO DATE    7.04                      2.13   4.91     1.46
  SINCE JUN 1     34.76                     27.92   6.84    26.39
  SINCE JAN 1     11.32                      4.83   6.49     5.00

SNOWFALL (IN)
  TODAY            0.0           3.4  1965   0.3   -0.3       T
  MONTH TO DATE    9.7                       9.1    0.6      6.7
  SINCE OCT 1     40.2                      31.6    8.6     22.3
  SINCE JUL 1     40.2                      31.6    8.6     22.3
  SNOW DEPTH       0

DEGREE DAYS
 HEATING
  TODAY           11                        32    -21       18
  MONTH TO DATE  670                       855   -185      598
  SINCE DEC 1   2944                      3001    -57     2502
  SINCE JUL 1   3947                      4164   -217     3349

 COOLING
  TODAY            0                         0      0        0
  MONTH TO DATE    4                         0      4        1
  SINCE DEC 1      4                         0      4        1
  SINCE JAN 1      4                         0      4        1
..................................................................

WIND (MPH)
  HIGHEST WIND SPEED    22   HIGHEST WIND DIRECTION     W (280)
  HIGHEST GUST SPEED    32   HIGHEST GUST DIRECTION    SW (210)
  AVERAGE WIND SPEED    12.9


SKY COVER
  POSSIBLE SUNSHINE  MM
  AVERAGE SKY COVER 0.9


WEATHER CONDITIONS
 THE FOLLOWING WEATHER WAS RECORDED TODAY.
  RAIN
  LIGHT RAIN
  FOG


RELATIVE HUMIDITY (PERCENT)
 HIGHEST    96           300 AM
 LOWEST     41           300 PM
 AVERAGE    69

..........................................................


THE PITTSBURGH PA CLIMATE NORMALS FOR TOMORROW
                         NORMAL    RECORD    YEAR
 MAXIMUM TEMPERATURE (F)   42        76      2000
 MINIMUM TEMPERATURE (F)   25        -6      1963


SUNRISE AND SUNSET
FEBRUARY 25 2018......SUNRISE   701 AM EST   SUNSET   608 PM EST
FEBRUARY 26 2018......SUNRISE   659 AM EST   SUNSET   609 PM EST


-  INDICATES NEGATIVE NUMBERS.
R  INDICATES RECORD WAS SET OR TIED.
MM INDICATES DATA IS MISSING.
T  INDICATES TRACE AMOUNT.

&&

&&

SNOW DEPTH IS MEASURED AT 7 AM EST OR 8 AM EDT.

SNOW DEPTH IS MEASURED AT 7 AM EST OR 8 AM EDT.

$$
$$
