000
CDUS41 KPBZ 272117
CLIPIT

CLIMATE REPORT
NATIONAL WEATHER SERVICE PITTSBURGH PA
517 PM EDT SAT AUG 27 2016

...................................

...THE PITTSBURGH PA CLIMATE SUMMARY FOR AUGUST 27 2016...
VALID TODAY AS OF 0500 PM LOCAL TIME.

CLIMATE NORMAL PERIOD 1981 TO 2010
CLIMATE RECORD PERIOD 1871 TO 2016

WEATHER ITEM   OBSERVED TIME   RECORD YEAR NORMAL DEPARTURE LAST
                VALUE   (LST)  VALUE       VALUE  FROM      YEAR
                                                  NORMAL
..................................................................
TEMPERATURE (F)
 TODAY
  MAXIMUM         89    346 PM  99    1948  80      9       70
  MINIMUM         65    614 AM  46    1968  60      5       59
  AVERAGE         77                        70      7       65

PRECIPITATION (IN)
  TODAY            0.00          1.98 1940   0.11  -0.11     0.00
  MONTH TO DATE    3.21                      3.04   0.17     2.19
  SINCE JUN 1      9.43                     11.17  -1.74    13.14
  SINCE JAN 1     23.05                     26.27  -3.22    27.62

SNOWFALL (IN)
  TODAY            0.0           0.0  2002   0.0    0.0      0.0
                                      2001
  MONTH TO DATE    0.0                       0.0    0.0      0.0
  SINCE OCT 1     29.6                      41.9  -12.3     47.5
  SINCE JUL 1      0.0                       0.0    0.0      0.0
  SNOW DEPTH       0

DEGREE DAYS
 HEATING
  TODAY            0                         0      0        0
  MONTH TO DATE    0                         0      0        6
  SINCE JUN 1     15                        42    -27       31
  SINCE JUL 1      1                         4     -3        6

 COOLING
  TODAY           12                         6      6        0
  MONTH TO DATE  306                       186    120      180
  SINCE JUN 1    861                       577    284      639
  SINCE JAN 1    931                       629    302      773
..................................................................

WIND (MPH)
  HIGHEST WIND SPEED    10   HIGHEST WIND DIRECTION     S (160)
  HIGHEST GUST SPEED    15   HIGHEST GUST DIRECTION     S (170)
  AVERAGE WIND SPEED     4.0


SKY COVER
  POSSIBLE SUNSHINE  MM
  AVERAGE SKY COVER 0.6


WEATHER CONDITIONS
 THE FOLLOWING WEATHER WAS RECORDED TODAY.
  NO SIGNIFICANT WEATHER WAS OBSERVED.


RELATIVE HUMIDITY (PERCENT)
 HIGHEST    87           600 AM
 LOWEST     42           100 PM
 AVERAGE    65

..........................................................


THE PITTSBURGH PA CLIMATE NORMALS FOR TOMORROW
                         NORMAL    RECORD    YEAR
 MAXIMUM TEMPERATURE (F)   80        98      1948
 MINIMUM TEMPERATURE (F)   60        44      1968
                                             1965


SUNRISE AND SUNSET
AUGUST 27 2016........SUNRISE   644 AM EDT   SUNSET   800 PM EDT
AUGUST 28 2016........SUNRISE   645 AM EDT   SUNSET   758 PM EDT


-  INDICATES NEGATIVE NUMBERS.
R  INDICATES RECORD WAS SET OR TIED.
MM INDICATES DATA IS MISSING.
T  INDICATES TRACE AMOUNT.

&&

SNOW DEPTH IS MEASURED AT 7 AM EST OR 8 AM EDT.

$$
