000
CDUS41 KPBZ 282214
CLIPIT


CLIMATE REPORT
NATIONAL WEATHER SERVICE PITTSBURGH PA
514 PM EST SUN DEC 28 2014


...................................

...THE PITTSBURGH PA CLIMATE SUMMARY FOR DECEMBER 28 2014...
VALID TODAY AS OF 0500 PM LOCAL TIME.

CLIMATE NORMAL PERIOD 1981 TO 2010
CLIMATE RECORD PERIOD 1871 TO 2014


WEATHER ITEM   OBSERVED TIME   RECORD YEAR NORMAL DEPARTURE LAST
                VALUE   (LST)  VALUE       VALUE  FROM      YEAR
                                                  NORMAL
..................................................................
TEMPERATURE (F)
 TODAY
  MAXIMUM         46    621 AM  71    1982  37      9       51
  MINIMUM         36    126 PM   0    1924  22     14       38
  AVERAGE         41                        29     12       45

PRECIPITATION (IN)
  TODAY            0.26          1.65 1874   0.09   0.17     0.00
  MONTH TO DATE    2.63                      2.59   0.04     2.69
  SINCE JUN 1     21.75                     22.83  -1.08    23.74
  SINCE JAN 1     36.84                     37.93  -1.09    36.08

SNOWFALL (IN)
  TODAY            0.0           2.2  2009   0.3   -0.3      0.0
  MONTH TO DATE    0.2                       7.4   -7.2     12.3
  SINCE OCT 1      3.3                       9.8   -6.5     21.7
  SINCE JUL 1      3.3                       9.8   -6.5     21.7
  SNOW DEPTH       0

DEGREE DAYS
 HEATING
  TODAY           24                        36    -12       20
  MONTH TO DATE  791                       905   -114      850
  SINCE DEC 1    791                       905   -114      850
  SINCE JUL 1   2029                      2068    -39     2018

 COOLING
  TODAY            0                         0      0        0
  MONTH TO DATE    0                         0      0        0
  SINCE DEC 1      0                         0      0        0
  SINCE JAN 1    700                       736    -36      831
..................................................................


WIND (MPH)
  HIGHEST WIND SPEED    20   HIGHEST WIND DIRECTION     N (340)
  HIGHEST GUST SPEED    24   HIGHEST GUST DIRECTION     N (340)
  AVERAGE WIND SPEED     8.2


SKY COVER
  POSSIBLE SUNSHINE  MM
  AVERAGE SKY COVER 1.0


WEATHER CONDITIONS
 THE FOLLOWING WEATHER WAS RECORDED TODAY.
  LIGHT RAIN
  FOG


RELATIVE HUMIDITY (PERCENT)
 HIGHEST    93           300 AM
 LOWEST     76           300 PM
 AVERAGE    85

..........................................................


THE PITTSBURGH PA CLIMATE NORMALS FOR TOMORROW
                         NORMAL    RECORD    YEAR
 MAXIMUM TEMPERATURE (F)   36        67      1889
 MINIMUM TEMPERATURE (F)   22        -6      1880


SUNRISE AND SUNSET
DECEMBER 28 2014......SUNRISE   743 AM EST   SUNSET   502 PM EST
DECEMBER 29 2014......SUNRISE   744 AM EST   SUNSET   502 PM EST


-  INDICATES NEGATIVE NUMBERS.
R  INDICATES RECORD WAS SET OR TIED.
MM INDICATES DATA IS MISSING.
T  INDICATES TRACE AMOUNT.





&&
SNOW DEPTH IS MEASURED AT 7 AM EST OR 8 AM EDT.
$$
