000
CDUS41 KPBZ 281325
CLIPIT

CLIMATE REPORT
NATIONAL WEATHER SERVICE PITTSBURGH PA
825 AM EST TUE FEB 28 2017

...................................

...THE PITTSBURGH PA CLIMATE SUMMARY FOR FEBRUARY 28 2017...
VALID AS OF 0800 AM LOCAL TIME.

CLIMATE NORMAL PERIOD 1981 TO 2010
CLIMATE RECORD PERIOD 1871 TO 2017

WEATHER ITEM   OBSERVED TIME   RECORD YEAR NORMAL DEPARTURE LAST
                VALUE   (LST)  VALUE       VALUE  FROM      YEAR
                                                  NORMAL
..................................................................
TEMPERATURE (F)
 TODAY
  MAXIMUM         40    303 AM  65    1939
                                      1919
                                      1890
  MINIMUM         35    602 AM  -1    2015  25     10       35
                                      1934

PRECIPITATION (IN)
  TODAY            0.00          1.21 2011   0.09  -0.09     0.00
  MONTH TO DATE    1.46                      2.39  -0.93     3.10
  SINCE JUN 1     26.39                     28.18  -1.79    30.97
  SINCE JAN 1      5.00                      5.09  -0.09     4.89

SNOWFALL (IN)
  TODAY            0.0           4.8  2005   0.4   -0.4      0.0
  MONTH TO DATE    6.7                      10.3   -3.6      9.5
  SINCE OCT 1     22.3                      32.8  -10.5     24.4
  SINCE JUL 1     22.3                      32.8  -10.5     24.4
  SNOW DEPTH       0

DEGREE DAYS
 HEATING
  TODAY           27

 COOLING
  TODAY            0
..................................................................


WEATHER CONDITIONS
 THE FOLLOWING WEATHER WAS RECORDED TODAY.
  FOG


RELATIVE HUMIDITY (PERCENT)
 HIGHEST   100           100 AM

..........................................................


THE PITTSBURGH PA CLIMATE NORMALS FOR TOMORROW
                         NORMAL    RECORD    YEAR
 MAXIMUM TEMPERATURE (F)   43        72      1972
 MINIMUM TEMPERATURE (F)   26         3      1980


SUNRISE AND SUNSET
FEBRUARY 28 2017......SUNRISE   656 AM EST   SUNSET   611 PM EST
MARCH  1 2017.........SUNRISE   654 AM EST   SUNSET   613 PM EST


-  INDICATES NEGATIVE NUMBERS.
R  INDICATES RECORD WAS SET OR TIED.
MM INDICATES DATA IS MISSING.
T  INDICATES TRACE AMOUNT.

&&

SNOW DEPTH IS MEASURED AT 7 AM EST OR 8 AM EDT.

$$
