000
CDUS41 KPBZ 050822
CLIPIT


CLIMATE REPORT
NATIONAL WEATHER SERVICE PITTSBURGH PA
322 AM EST THU MAR 5 2015


...................................

...THE PITTSBURGH PA CLIMATE SUMMARY FOR MARCH 4 2015...

CLIMATE NORMAL PERIOD 1981 TO 2010
CLIMATE RECORD PERIOD 1871 TO 2015


WEATHER ITEM   OBSERVED TIME   RECORD YEAR NORMAL DEPARTURE LAST
                VALUE   (LST)  VALUE       VALUE  FROM      YEAR
                                                  NORMAL
..................................................................
TEMPERATURE (F)
 YESTERDAY
  MAXIMUM         44   1204 AM  74    1992  44      0       33
                                      1976
  MINIMUM         28   1159 PM  -1    1943  26      2        5
  AVERAGE         36                        35      1       19

PRECIPITATION (IN)
  YESTERDAY        0.71          1.75 1963   0.09   0.62     0.00
  MONTH TO DATE    1.98                      0.34   1.64     0.15
  SINCE JUN 1     27.53                     28.52  -0.99    28.89
  SINCE JAN 1      5.78                      5.43   0.35     4.58

SNOWFALL (IN)
  YESTERDAY        2.9           8.3  1922   0.3    2.6      0.0
  MONTH TO DATE    6.6                       1.3    5.3      2.4
  SINCE OCT 1     43.8                      34.1    9.7     60.8
  SINCE JUL 1     43.8                      34.1    9.7     60.8
  SNOW DEPTH       4

DEGREE DAYS
 HEATING
  YESTERDAY       29                        30     -1       46
  MONTH TO DATE  140                       121     19      169
  SINCE MAR 1    140                       121     19      169
  SINCE JUL 1   4808                      4378    430     4700

 COOLING
  YESTERDAY        0                         0      0        0
  MONTH TO DATE    0                         0      0        0
  SINCE MAR 1      0                         0      0        0
  SINCE JAN 1      0                         0      0        0
..................................................................


WIND (MPH)
  HIGHEST WIND SPEED    16   HIGHEST WIND DIRECTION    NW (300)
  HIGHEST GUST SPEED    22   HIGHEST GUST DIRECTION    NW (320)
  AVERAGE WIND SPEED     6.4


SKY COVER
  POSSIBLE SUNSHINE  MM
  AVERAGE SKY COVER 1.0


WEATHER CONDITIONS
 THE FOLLOWING WEATHER WAS RECORDED YESTERDAY.
  LIGHT RAIN
  SNOW
  LIGHT SNOW
  FOG


RELATIVE HUMIDITY (PERCENT)
 HIGHEST   100           100 AM
 LOWEST     86           200 AM
 AVERAGE    93

..........................................................


THE PITTSBURGH PA CLIMATE NORMALS FOR TODAY
                         NORMAL    RECORD    YEAR
 MAXIMUM TEMPERATURE (F)   45        78      2004
 MINIMUM TEMPERATURE (F)   27         8      1926


SUNRISE AND SUNSET
MARCH  5 2015.........SUNRISE   649 AM EST   SUNSET   617 PM EST
MARCH  6 2015.........SUNRISE   647 AM EST   SUNSET   618 PM EST


-  INDICATES NEGATIVE NUMBERS.
R  INDICATES RECORD WAS SET OR TIED.
MM INDICATES DATA IS MISSING.
T  INDICATES TRACE AMOUNT.





&&
SNOW DEPTH IS MEASURED AT 7 AM EST OR 8 AM EDT.
$$
