000
CDUS41 KPBZ 310707
CLIPIT


CLIMATE REPORT
NATIONAL WEATHER SERVICE PITTSBURGH PA
306 AM EDT SUN AUG 31 2014


...................................

...THE PITTSBURGH PA CLIMATE SUMMARY FOR AUGUST 30 2014...

CLIMATE NORMAL PERIOD 1981 TO 2010
CLIMATE RECORD PERIOD 1871 TO 2014


WEATHER ITEM   OBSERVED TIME   RECORD YEAR NORMAL DEPARTURE LAST
                VALUE   (LST)  VALUE       VALUE  FROM      YEAR
                                                  NORMAL
..................................................................
TEMPERATURE (F)
 YESTERDAY
  MAXIMUM         88    255 PM  97    1953  80      8       86
  MINIMUM         62    536 AM  43    1986  60      2       65
  AVERAGE         75                        70      5       76

PRECIPITATION (IN)
  YESTERDAY        T             1.80 2003   0.11  -0.11     0.00
  MONTH TO DATE    3.98                      3.37   0.61     1.78
  SINCE JUN 1     13.22                     11.50   1.72    13.42
  SINCE JAN 1     28.31                     26.60   1.71    25.76

SNOWFALL (IN)
  YESTERDAY        0.0           0.0  2002   0.0    0.0      0.0
                                      2001
  MONTH TO DATE    0.0                       0.0    0.0      0.0
  SINCE OCT 1     63.4                      41.4   22.0     57.4
  SINCE JUL 1      0.0                       0.0    0.0      0.0
  SNOW DEPTH       0

DEGREE DAYS
 HEATING
  YESTERDAY        0                         1     -1        0
  MONTH TO DATE   10                         3      7       10
  SINCE JUN 1     30                        45    -15       27
  SINCE JUL 1     21                         7     14       11

 COOLING
  YESTERDAY       10                         5      5       11
  MONTH TO DATE  166                       202    -36      181
  SINCE JUN 1    539                       593    -54      602
  SINCE JAN 1    613                       645    -32      706
..................................................................


WIND (MPH)
  HIGHEST WIND SPEED    16   HIGHEST WIND DIRECTION    SW (210)
  HIGHEST GUST SPEED    21   HIGHEST GUST DIRECTION     S (200)
  AVERAGE WIND SPEED     6.1


SKY COVER
  POSSIBLE SUNSHINE  MM
  AVERAGE SKY COVER 0.6


WEATHER CONDITIONS
 THE FOLLOWING WEATHER WAS RECORDED YESTERDAY.
  NO SIGNIFICANT WEATHER WAS OBSERVED.


RELATIVE HUMIDITY (PERCENT)
 HIGHEST    90           500 AM
 LOWEST     46           300 PM
 AVERAGE    68

..........................................................


THE PITTSBURGH PA CLIMATE NORMALS FOR TODAY
                         NORMAL    RECORD    YEAR
 MAXIMUM TEMPERATURE (F)   80        97      1881
 MINIMUM TEMPERATURE (F)   59        42      1976


SUNRISE AND SUNSET
AUGUST 31 2014........SUNRISE   647 AM EDT   SUNSET   754 PM EDT
SEPTEMBER  1 2014.....SUNRISE   648 AM EDT   SUNSET   753 PM EDT


-  INDICATES NEGATIVE NUMBERS.
R  INDICATES RECORD WAS SET OR TIED.
MM INDICATES DATA IS MISSING.
T  INDICATES TRACE AMOUNT.





&&
SNOW DEPTH IS MEASURED AT 7 AM EST OR 8 AM EDT.
$$
