000
CDUS41 KPBZ 222115
CLIPIT


CLIMATE REPORT
NATIONAL WEATHER SERVICE PITTSBURGH PA
514 PM EDT TUE APR 22 2014


...................................

...THE PITTSBURGH PA CLIMATE SUMMARY FOR APRIL 22 2014...
VALID TODAY AS OF 0500 PM LOCAL TIME.

CLIMATE NORMAL PERIOD 1981 TO 2010
CLIMATE RECORD PERIOD 1871 TO 2014


WEATHER ITEM   OBSERVED TIME   RECORD YEAR NORMAL DEPARTURE LAST
                VALUE   (LST)  VALUE       VALUE  FROM      YEAR
                                                  NORMAL
..................................................................
TEMPERATURE (F)
 TODAY
  MAXIMUM         69    130 PM  86    1902  64      5       63
                                      1878
  MINIMUM         55    916 AM  22    1875  42     13       41
  AVERAGE         62                        53      9       52

PRECIPITATION (IN)
  TODAY            0.36          0.85 1931   0.11   0.25     0.00
  MONTH TO DATE    2.76                      2.29   0.47     2.47
  SINCE JUN 1     33.37                     33.42  -0.05    35.57
  SINCE JAN 1      9.06                     10.33  -1.27     9.21

SNOWFALL (IN)
  TODAY            0.0           1.0  1931   0.0    0.0      0.0
  MONTH TO DATE    0.1                       1.4   -1.3       T
  SINCE OCT 1     63.4                      41.3   22.1     57.4
  SINCE JUL 1     63.4                      41.3   22.1     57.4
  SNOW DEPTH       0

DEGREE DAYS
 HEATING
  TODAY            3                        12     -9       13
  MONTH TO DATE  270                       343    -73      301
  SINCE MAR 1   1210                      1131     79     1195
  SINCE JUL 1   5741                      5388    353     5307

 COOLING
  TODAY            0                         0      0        0
  MONTH TO DATE   10                         0     10       17
  SINCE MAR 1     10                         1      9       17
  SINCE JAN 1     10                         1      9       17
..................................................................


WIND (MPH)
  HIGHEST WIND SPEED    26   HIGHEST WIND DIRECTION    NW (320)
  HIGHEST GUST SPEED    31   HIGHEST GUST DIRECTION    NW (320)
  AVERAGE WIND SPEED     7.6


SKY COVER
  POSSIBLE SUNSHINE  MM
  AVERAGE SKY COVER 0.9


WEATHER CONDITIONS
 THE FOLLOWING WEATHER WAS RECORDED TODAY.
  THUNDERSTORM
  LIGHT RAIN
  FOG
  HAZE


RELATIVE HUMIDITY (PERCENT)
 HIGHEST    93           900 AM
 LOWEST     34          1200 AM
 AVERAGE    64

..........................................................


THE PITTSBURGH PA CLIMATE NORMALS FOR TOMORROW
                         NORMAL    RECORD    YEAR
 MAXIMUM TEMPERATURE (F)   65        89      1885
 MINIMUM TEMPERATURE (F)   43        26      1936


SUNRISE AND SUNSET
APRIL 22 2014.........SUNRISE   632 AM EDT   SUNSET   807 PM EDT
APRIL 23 2014.........SUNRISE   631 AM EDT   SUNSET   808 PM EDT


-  INDICATES NEGATIVE NUMBERS.
R  INDICATES RECORD WAS SET OR TIED.
MM INDICATES DATA IS MISSING.
T  INDICATES TRACE AMOUNT.





&&
SNOW DEPTH IS MEASURED AT 7 AM EST OR 8 AM EDT.
$$
