000
CDUS41 KRLX 022119
CLIPKB


CLIMATE REPORT
NATIONAL WEATHER SERVICE CHARLESTON WV
518 PM EDT SUN AUG 2 2015


...................................

...THE PARKERSBURG WV CLIMATE SUMMARY FOR AUGUST 2 2015...
VALID TODAY AS OF 0500 PM LOCAL TIME.

CLIMATE NORMAL PERIOD 1981 TO 2010
CLIMATE RECORD PERIOD 1889 TO 2015


WEATHER ITEM   OBSERVED TIME   RECORD YEAR NORMAL DEPARTURE LAST
                VALUE   (LST)  VALUE       VALUE  FROM      YEAR
                                                  NORMAL
..................................................................
TEMPERATURE (F)
 TODAY
  MAXIMUM         88    219 PM  98    1988  85      3       81
  MINIMUM         57    520 AM  49    1895  64     -7       61
  AVERAGE         73                        74     -1       71

PRECIPITATION (IN)
  TODAY            0.00          0.44 2009   0.12  -0.12     0.04
  MONTH TO DATE    0.00                      0.25  -0.25     0.04
  SINCE JUN 1      7.04                      8.48  -1.44     4.52
  SINCE JAN 1     25.23                     25.43  -0.20    MM

DEGREE DAYS
 HEATING
  TODAY            0                         0      0        0
  MONTH TO DATE    0                         0      0        0
  SINCE JUN 1     15                        20     -5       MM
  SINCE JUL 1      0                         1     -1       MM

 COOLING
  TODAY            8                         9     -1        6
  MONTH TO DATE   17                        18     -1       12
  SINCE JUN 1    519                       501     18       MM
  SINCE JAN 1    680                       585     95       MM
..................................................................


WIND (MPH)
  HIGHEST WIND SPEED    12   HIGHEST WIND DIRECTION    SW (210)
  HIGHEST GUST SPEED    17   HIGHEST GUST DIRECTION     W (270)
  AVERAGE WIND SPEED     3.9


SKY COVER
  POSSIBLE SUNSHINE  MM
  AVERAGE SKY COVER 0.2


WEATHER CONDITIONS
 THE FOLLOWING WEATHER WAS RECORDED TODAY.
  NO SIGNIFICANT WEATHER WAS OBSERVED.


RELATIVE HUMIDITY (PERCENT)
 HIGHEST    93           300 AM
 LOWEST     37           300 PM
 AVERAGE    65

..........................................................


THE PARKERSBURG WV CLIMATE NORMALS FOR TOMORROW
                         NORMAL    RECORD    YEAR
 MAXIMUM TEMPERATURE (F)   85        99      1930
 MINIMUM TEMPERATURE (F)   64        50      1965


SUNRISE AND SUNSET
AUGUST  2 2015........SUNRISE   626 AM EDT   SUNSET   837 PM EDT
AUGUST  3 2015........SUNRISE   627 AM EDT   SUNSET   836 PM EDT


-  INDICATES NEGATIVE NUMBERS.
R  INDICATES RECORD WAS SET OR TIED.
MM INDICATES DATA IS MISSING.
T  INDICATES TRACE AMOUNT.




$$
