000
CDUS41 KRLX 200715
CLIPKB


CLIMATE REPORT
NATIONAL WEATHER SERVICE CHARLESTON WV
315 AM EDT SUN AUG 20 2017


...................................

...THE PARKERSBURG WV CLIMATE SUMMARY FOR AUGUST 19 2017...

CLIMATE NORMAL PERIOD 1981 TO 2010
CLIMATE RECORD PERIOD 1889 TO 2017


WEATHER ITEM   OBSERVED TIME   RECORD YEAR NORMAL DEPARTURE LAST
                VALUE   (LST)  VALUE       VALUE  FROM      YEAR
                                                  NORMAL
..................................................................
TEMPERATURE (F)
 YESTERDAY
  MAXIMUM         85    252 PM  94    1947  84      1       87
                                      1937
  MINIMUM         64    514 AM  51    1953  63      1       68
                                      1943
  AVERAGE         75                        73      2       78

PRECIPITATION (IN)
  YESTERDAY        0.57          1.13 1967   0.12   0.45     0.00
  MONTH TO DATE    3.95                      2.28   1.67     1.18
  SINCE JAN 1     39.28                     27.46  11.82    25.74

SNOWFALL (IN)
  YESTERDAY       MM
  MONTH TO DATE   MM
  SINCE SEP 1     MM
  SNOW DEPTH      MM

DEGREE DAYS
 HEATING
  YESTERDAY        0                         0      0        0
  MONTH TO DATE    0                         0      0        0
  SINCE JUN 1     19                        20     -1        7
  SINCE JUL 1      0                         1     -1        0

 COOLING
  YESTERDAY       10                         8      2       13
  MONTH TO DATE  127                       170    -43      264
  SINCE JUN 1    615                       653    -38      842
  SINCE JAN 1    735                       737     -2      930
..................................................................


WIND (MPH)
  HIGHEST WIND SPEED    20   HIGHEST WIND DIRECTION    SW (210)
  HIGHEST GUST SPEED    29   HIGHEST GUST DIRECTION    SW (230)
  AVERAGE WIND SPEED     4.4


SKY COVER
  AVERAGE SKY COVER 0.2


WEATHER CONDITIONS
 THE FOLLOWING WEATHER WAS RECORDED YESTERDAY.
  THUNDERSTORM
  HEAVY RAIN
  LIGHT RAIN
  FOG


RELATIVE HUMIDITY (PERCENT)
 HIGHEST    93          1200 AM
 LOWEST     51           300 PM
 AVERAGE    72

..........................................................


THE PARKERSBURG WV CLIMATE NORMALS FOR TODAY
                         NORMAL    RECORD    YEAR
 MAXIMUM TEMPERATURE (F)   84        98      1983
                                             1962
 MINIMUM TEMPERATURE (F)   62        51      1943


SUNRISE AND SUNSET
AUGUST 20 2017........SUNRISE   643 AM EDT   SUNSET   814 PM EDT
AUGUST 21 2017........SUNRISE   644 AM EDT   SUNSET   813 PM EDT


-  INDICATES NEGATIVE NUMBERS.
R  INDICATES RECORD WAS SET OR TIED.
MM INDICATES DATA IS MISSING.
T  INDICATES TRACE AMOUNT.




$$
