000
CDUS41 KRLX 192117
CLIPKB


CLIMATE REPORT
NATIONAL WEATHER SERVICE CHARLESTON WV
517 PM EDT THU OCT 19 2017


...................................

...THE PARKERSBURG WV CLIMATE SUMMARY FOR OCTOBER 19 2017...
VALID TODAY AS OF 0500 PM LOCAL TIME.

CLIMATE NORMAL PERIOD 1981 TO 2010
CLIMATE RECORD PERIOD 1889 TO 2017


WEATHER ITEM   OBSERVED TIME   RECORD YEAR NORMAL DEPARTURE LAST
                VALUE   (LST)  VALUE       VALUE  FROM      YEAR
                                                  NORMAL
..................................................................
TEMPERATURE (F)
 TODAY
  MAXIMUM         71    359 PM  85    1953  66      5       81
  MINIMUM         38    638 AM  26    1992  43     -5       66
  AVERAGE         55                        54      1       74

PRECIPITATION (IN)
  TODAY            0.00          1.53 2011   0.09  -0.09     0.05
  MONTH TO DATE    2.02                      1.72   0.30     0.43
  SINCE SEP 1      3.31                      4.80  -1.49     2.71
  SINCE JAN 1     42.78                     33.59   9.19    28.60

DEGREE DAYS
 HEATING
  TODAY           10                        11     -1        0
  MONTH TO DATE   67                       163    -96       88
  SINCE SEP 1    125                       234   -109       99
  SINCE JUL 1    127                       239   -112       99

 COOLING
  TODAY            0                         0      0        9
  MONTH TO DATE   46                        13     33       30
  SINCE SEP 1    171                       119     52      265
  SINCE JAN 1    973                       949     24     1343
..................................................................


WIND (MPH)
  HIGHEST WIND SPEED    16   HIGHEST WIND DIRECTION    SW (210)
  HIGHEST GUST SPEED    21   HIGHEST GUST DIRECTION     S (170)
  AVERAGE WIND SPEED     4.3


SKY COVER
  POSSIBLE SUNSHINE  MM
  AVERAGE SKY COVER 0.0


WEATHER CONDITIONS
 THE FOLLOWING WEATHER WAS RECORDED TODAY.
  FOG
  HAZE


RELATIVE HUMIDITY (PERCENT)
 HIGHEST    96          1200 AM
 LOWEST     38           300 PM
 AVERAGE    67

..........................................................


THE PARKERSBURG WV CLIMATE NORMALS FOR TOMORROW
                         NORMAL    RECORD    YEAR
 MAXIMUM TEMPERATURE (F)   65        84      1953
 MINIMUM TEMPERATURE (F)   43        24      1992


SUNRISE AND SUNSET
OCTOBER 19 2017.......SUNRISE   740 AM EDT   SUNSET   641 PM EDT
OCTOBER 20 2017.......SUNRISE   741 AM EDT   SUNSET   639 PM EDT


-  INDICATES NEGATIVE NUMBERS.
R  INDICATES RECORD WAS SET OR TIED.
MM INDICATES DATA IS MISSING.
T  INDICATES TRACE AMOUNT.




$$
