000
CDUS41 KRLX 270717
CLIPKB


CLIMATE REPORT
NATIONAL WEATHER SERVICE CHARLESTON WV
317 AM EDT TUE JUN 27 2017


...................................

...THE PARKERSBURG WV CLIMATE SUMMARY FOR JUNE 26 2017...

CLIMATE NORMAL PERIOD 1981 TO 2010
CLIMATE RECORD PERIOD 1889 TO 2017


WEATHER ITEM   OBSERVED TIME   RECORD YEAR NORMAL DEPARTURE LAST
                VALUE   (LST)  VALUE       VALUE  FROM      YEAR
                                                  NORMAL
..................................................................
TEMPERATURE (F)
 YESTERDAY
  MAXIMUM         74    155 PM  97    1952  84    -10       90
  MINIMUM         52    519 AM  48    2012  62    -10       64
  AVERAGE         63                        73    -10       77

PRECIPITATION (IN)
  YESTERDAY        0.03          1.85 1958   0.13  -0.10     0.00
  MONTH TO DATE    5.92                      3.53   2.39     3.77
  SINCE JAN 1     26.51                     20.48   6.03    20.30

SNOWFALL (IN)
  YESTERDAY       MM
  MONTH TO DATE   MM
  SINCE SEP 1     MM
  SNOW DEPTH      MM

DEGREE DAYS
 HEATING
  YESTERDAY        2                         0      2        0
  MONTH TO DATE   16                        18     -2        7
  SINCE JUN 1     16                        18     -2        7
  SINCE JUL 1   3991                      4971   -980     4148

 COOLING
  YESTERDAY        0                         8     -8       12
  MONTH TO DATE  167                       157     10      202
  SINCE JUN 1    167                       157     10      202
  SINCE JAN 1    287                       241     46      290
..................................................................


WIND (MPH)
  HIGHEST WIND SPEED    17   HIGHEST WIND DIRECTION     W (270)
  HIGHEST GUST SPEED    30   HIGHEST GUST DIRECTION    NW (300)
  AVERAGE WIND SPEED     5.0


SKY COVER
  POSSIBLE SUNSHINE  MM
  AVERAGE SKY COVER 0.4


WEATHER CONDITIONS
 THE FOLLOWING WEATHER WAS RECORDED YESTERDAY.
  LIGHT RAIN
  FOG


RELATIVE HUMIDITY (PERCENT)
 HIGHEST    93           200 AM
 LOWEST     38           100 PM
 AVERAGE    66

..........................................................


THE PARKERSBURG WV CLIMATE NORMALS FOR TODAY
                         NORMAL    RECORD    YEAR
 MAXIMUM TEMPERATURE (F)   84        96      1966
                                             1944
 MINIMUM TEMPERATURE (F)   63        49      1988


SUNRISE AND SUNSET
JUNE 27 2017..........SUNRISE   601 AM EDT   SUNSET   857 PM EDT
JUNE 28 2017..........SUNRISE   601 AM EDT   SUNSET   857 PM EDT


-  INDICATES NEGATIVE NUMBERS.
R  INDICATES RECORD WAS SET OR TIED.
MM INDICATES DATA IS MISSING.
T  INDICATES TRACE AMOUNT.




$$
