000
CDUS46 KLOX 240901
CLIPMD


CLIMATE REPORT
NATIONAL WEATHER SERVICE LOS ANGELES/OXNARD CA
201 AM PDT MON APR 24 2017


...................................

...THE PALMDALE AIRPORT CA CLIMATE SUMMARY FOR APRIL 23 2017...

CLIMATE NORMAL PERIOD 1981 TO 2010
CLIMATE RECORD PERIOD 1931 TO 2017


WEATHER ITEM   OBSERVED TIME   RECORD YEAR NORMAL DEPARTURE LAST
                VALUE   (LST)  VALUE       VALUE  FROM      YEAR
                                                  NORMAL
..................................................................
TEMPERATURE (F)
 YESTERDAY
  MAXIMUM         81    129 PM  95    1949  75      6       73
  MINIMUM         50    547 AM  29    1968  46      4       46
  AVERAGE         66                        60      6       60

PRECIPITATION (IN)
  YESTERDAY        0.00          0.02 1980   0.01  -0.01     0.00
  MONTH TO DATE    T                         0.38  -0.38     0.08
  SINCE OCT 1      5.91                      7.34  -1.43     4.17
  SINCE JAN 1      4.12                      4.89  -0.77     2.36

SNOWFALL (IN)
  YESTERDAY        0.0          MM      MM  MM               0.0
  MONTH TO DATE    0.0                      MM               0.0
  SINCE MAR 1      0.0                      MM               0.0
  SINCE JUL 1      0.0                      MM                T
  SNOW DEPTH       0

DEGREE DAYS
 HEATING
  YESTERDAY        0                         6     -6        5
  MONTH TO DATE   92                       194   -102       64
  SINCE MAR 1    335                       570   -235      333
  SINCE JUL 1   2244                      2815   -571     2494

 COOLING
  YESTERDAY        1                         1      0        0
  MONTH TO DATE    7                         8     -1       20
  SINCE MAR 1     14                        10      4       20
  SINCE JAN 1     14                        10      4       20
..................................................................


WIND (MPH)
  HIGHEST WIND SPEED    33   HIGHEST WIND DIRECTION     W (290)
  HIGHEST GUST SPEED    41   HIGHEST GUST DIRECTION     W (290)
  AVERAGE WIND SPEED    17.1


SKY COVER
  POSSIBLE SUNSHINE  MM
  AVERAGE SKY COVER 0.0


WEATHER CONDITIONS
 THE FOLLOWING WEATHER WAS RECORDED YESTERDAY.
  LIGHT RAIN


RELATIVE HUMIDITY (PERCENT)
 HIGHEST    66           500 AM
 LOWEST     17          1100 AM
 AVERAGE    42

..........................................................


THE PALMDALE AIRPORT CA CLIMATE NORMALS FOR TODAY
                         NORMAL    RECORD    YEAR
 MAXIMUM TEMPERATURE (F)   75        92      1996
 MINIMUM TEMPERATURE (F)   46        32      1937


SUNRISE AND SUNSET
APRIL 24 2017.........SUNRISE   609 AM PDT   SUNSET   732 PM PDT
APRIL 25 2017.........SUNRISE   608 AM PDT   SUNSET   733 PM PDT


-  INDICATES NEGATIVE NUMBERS.
R  INDICATES RECORD WAS SET OR TIED.
MM INDICATES DATA IS MISSING.
T  INDICATES TRACE AMOUNT.




$$
