460
CDUS46 KLOX 250119
CLIPMD


CLIMATE REPORT
NATIONAL WEATHER SERVICE LOS ANGELES/OXNARD CA
619 PM PDT WED MAY 24 2017


...................................

...THE PALMDALE AIRPORT CA CLIMATE SUMMARY FOR MAY 24 2017...
VALID TODAY AS OF 0600 PM LOCAL TIME.

CLIMATE NORMAL PERIOD 1981 TO 2010
CLIMATE RECORD PERIOD 1931 TO 2017


WEATHER ITEM   OBSERVED TIME   RECORD YEAR NORMAL DEPARTURE LAST
                VALUE   (LST)  VALUE       VALUE  FROM      YEAR
                                                  NORMAL
..................................................................
TEMPERATURE (F)
 TODAY
  MAXIMUM         91   1109 AM  98    2001  86      5       68
  MINIMUM         67    430 AM  39    1980  54     13       51
  AVERAGE         79                        70      9       60

PRECIPITATION (IN)
  TODAY            0.00          T    2002   0.00   0.00     0.00
  MONTH TO DATE    0.02                      0.22  -0.20      T
  SINCE OCT 1      5.93                      7.65  -1.72     4.28
  SINCE JAN 1      4.14                      5.20  -1.06     2.47

SNOWFALL (IN)
  TODAY            0.0          MM      MM  MM               0.0
  MONTH TO DATE    0.0                      MM               0.0
  SINCE MAR 1      0.0                      MM               0.0
  SINCE JUL 1      0.0                      MM                T
  SNOW DEPTH       0

DEGREE DAYS
 HEATING
  TODAY            0                         1     -1        5
  MONTH TO DATE   58                        61     -3       56
  SINCE MAR 1    411                       666   -255      439
  SINCE JUL 1   2320                      2911   -591     2600

 COOLING
  TODAY           14                         6      8        0
  MONTH TO DATE  121                        97     24       72
  SINCE MAR 1    135                       120     15       92
  SINCE JAN 1    135                       120     15       92
..................................................................


WIND (MPH)
  HIGHEST WIND SPEED    31   HIGHEST WIND DIRECTION    SW (240)
  HIGHEST GUST SPEED    38   HIGHEST GUST DIRECTION    SW (240)
  AVERAGE WIND SPEED    18.0


SKY COVER
  POSSIBLE SUNSHINE  MM
  AVERAGE SKY COVER 0.0


WEATHER CONDITIONS
 THE FOLLOWING WEATHER WAS RECORDED TODAY.
  NO SIGNIFICANT WEATHER WAS OBSERVED.


RELATIVE HUMIDITY (PERCENT)
 HIGHEST    23           300 AM
 LOWEST      8           100 PM
 AVERAGE    16

..........................................................


THE PALMDALE AIRPORT CA CLIMATE NORMALS FOR TOMORROW
                         NORMAL    RECORD    YEAR
 MAXIMUM TEMPERATURE (F)   86       104      1951
 MINIMUM TEMPERATURE (F)   55        35      1980


SUNRISE AND SUNSET
MAY 24 2017...........SUNRISE   544 AM PDT   SUNSET   755 PM PDT
MAY 25 2017...........SUNRISE   543 AM PDT   SUNSET   756 PM PDT


-  INDICATES NEGATIVE NUMBERS.
R  INDICATES RECORD WAS SET OR TIED.
MM INDICATES DATA IS MISSING.
T  INDICATES TRACE AMOUNT.




$$
