000
CDUS46 KLOX 240116
CLIPMD


CLIMATE REPORT
NATIONAL WEATHER SERVICE LOS ANGELES/OXNARD CA
516 PM PST SUN NOV 23 2014


...................................

...THE PALMDALE AIRPORT CA CLIMATE SUMMARY FOR NOVEMBER 23 2014...
VALID TODAY AS OF 0500 PM LOCAL TIME.

CLIMATE NORMAL PERIOD 1981 TO 2010
CLIMATE RECORD PERIOD 1931 TO 2014


WEATHER ITEM   OBSERVED TIME   RECORD YEAR NORMAL DEPARTURE LAST
                VALUE   (LST)  VALUE       VALUE  FROM      YEAR
                                                  NORMAL
..................................................................
TEMPERATURE (F)
 TODAY
  MAXIMUM         64    241 PM  79    1981  64      0       47
  MINIMUM         39    719 AM  16    1941  34      5       41
  AVERAGE         52                        49      3       44

PRECIPITATION (IN)
  TODAY            0.00          0.43 1946   0.02  -0.02     0.06
  MONTH TO DATE    T                         0.57  -0.57     1.84
  SINCE JUL 1      0.16                      1.70  -1.54     2.05
  SINCE JAN 1      3.21                      7.02  -3.81     2.91

SNOWFALL (IN)
  TODAY            0.0           0.0  1973  MM              MM
  MONTH TO DATE    0.0                      MM               0.0
  SINCE SEP 1      0.0                      MM               0.0
  SINCE JUL 1      0.0                      MM               0.0
  SNOW DEPTH       0

DEGREE DAYS
 HEATING
  TODAY           13                        16     -3       21
  MONTH TO DATE  207                       277    -70      239
  SINCE SEP 1    233                       404   -171      400
  SINCE JUL 1    233                       404   -171      400

 COOLING
  TODAY            0                         0      0        0
  MONTH TO DATE    1                         0      1        0
  SINCE SEP 1    510                       332    178      361
  SINCE JAN 1   2223                      1814    409     2126
..................................................................


WIND (MPH)
  HIGHEST WIND SPEED    30   HIGHEST WIND DIRECTION     W (270)
  HIGHEST GUST SPEED    35   HIGHEST GUST DIRECTION     W (270)
  AVERAGE WIND SPEED    13.8


SKY COVER
  POSSIBLE SUNSHINE  MM
  AVERAGE SKY COVER 0.0


WEATHER CONDITIONS
 THE FOLLOWING WEATHER WAS RECORDED TODAY.
  NO SIGNIFICANT WEATHER WAS OBSERVED.


RELATIVE HUMIDITY (PERCENT)
 HIGHEST    79           700 AM
 LOWEST     11           300 PM
 AVERAGE    45

..........................................................


THE PALMDALE AIRPORT CA CLIMATE NORMALS FOR TOMORROW
                         NORMAL    RECORD    YEAR
 MAXIMUM TEMPERATURE (F)   63        78      1949
 MINIMUM TEMPERATURE (F)   34        12      1938


SUNRISE AND SUNSET
NOVEMBER 23 2014......SUNRISE   634 AM PST   SUNSET   444 PM PST
NOVEMBER 24 2014......SUNRISE   635 AM PST   SUNSET   443 PM PST


-  INDICATES NEGATIVE NUMBERS.
R  INDICATES RECORD WAS SET OR TIED.
MM INDICATES DATA IS MISSING.
T  INDICATES TRACE AMOUNT.




$$
