000
CDUS46 KLOX 251006
CLIPMD


CLIMATE REPORT
NATIONAL WEATHER SERVICE LOS ANGELES/OXNARD CA
206 AM PST SUN JAN 25 2015


...................................

...THE PALMDALE AIRPORT CA CLIMATE SUMMARY FOR JANUARY 24 2015...

CLIMATE NORMAL PERIOD 1981 TO 2010
CLIMATE RECORD PERIOD 1931 TO 2015


WEATHER ITEM   OBSERVED TIME   RECORD YEAR NORMAL DEPARTURE LAST
                VALUE   (LST)  VALUE       VALUE  FROM      YEAR
                                                  NORMAL
..................................................................
TEMPERATURE (F)
 YESTERDAY
  MAXIMUM         66    216 PM  81    1948  59      7       62
  MINIMUM         34    616 AM  20    1973  32      2       39
  AVERAGE         50                        46      4       51

PRECIPITATION (IN)
  YESTERDAY        0.00          0.67 1940   0.04  -0.04     0.00
  MONTH TO DATE    0.65                      1.30  -0.65     0.00
  SINCE OCT 1      3.22                      3.75  -0.53     1.94
  SINCE JAN 1      0.65                      1.30  -0.65     0.00

SNOWFALL (IN)
  YESTERDAY        0.0           T    1949  MM               0.0
  MONTH TO DATE    0.0                      MM               0.0
  SINCE DEC 1      0.0                      MM               0.0
  SINCE JUL 1      0.0                      MM               0.0
  SNOW DEPTH       0

DEGREE DAYS
 HEATING
  YESTERDAY       15                        19     -4       14
  MONTH TO DATE  429                       488    -59      376
  SINCE DEC 1    964                      1125   -161      999
  SINCE JUL 1   1278                      1652   -374     1512

 COOLING
  YESTERDAY        0                         0      0        0
  MONTH TO DATE    0                         0      0        0
  SINCE DEC 1      0                         0      0        0
  SINCE JAN 1      0                         0      0        0
..................................................................


WIND (MPH)
  HIGHEST WIND SPEED    33   HIGHEST WIND DIRECTION     E (90)
  HIGHEST GUST SPEED    42   HIGHEST GUST DIRECTION     E (80)
  AVERAGE WIND SPEED    14.5


SKY COVER
  POSSIBLE SUNSHINE  MM
  AVERAGE SKY COVER 0.0


WEATHER CONDITIONS
 THE FOLLOWING WEATHER WAS RECORDED YESTERDAY.
  NO SIGNIFICANT WEATHER WAS OBSERVED.


RELATIVE HUMIDITY (PERCENT)
 HIGHEST    64           200 AM
 LOWEST     19           100 PM
 AVERAGE    42

..........................................................


THE PALMDALE AIRPORT CA CLIMATE NORMALS FOR TODAY
                         NORMAL    RECORD    YEAR
 MAXIMUM TEMPERATURE (F)   59        79      1946
 MINIMUM TEMPERATURE (F)   32        18      1950


SUNRISE AND SUNSET
JANUARY 25 2015.......SUNRISE   655 AM PST   SUNSET   515 PM PST
JANUARY 26 2015.......SUNRISE   654 AM PST   SUNSET   516 PM PST


-  INDICATES NEGATIVE NUMBERS.
R  INDICATES RECORD WAS SET OR TIED.
MM INDICATES DATA IS MISSING.
T  INDICATES TRACE AMOUNT.




$$
