000
CDUS46 KLOX 200116
CLIPMD


CLIMATE REPORT
NATIONAL WEATHER SERVICE LOS ANGELES/OXNARD CA
616 PM PDT FRI SEP 19 2014


...................................

...THE PALMDALE AIRPORT CA CLIMATE SUMMARY FOR SEPTEMBER 19 2014...
VALID TODAY AS OF 0600 PM LOCAL TIME.

CLIMATE NORMAL PERIOD 1981 TO 2010
CLIMATE RECORD PERIOD 1931 TO 2014


WEATHER ITEM   OBSERVED TIME   RECORD YEAR NORMAL DEPARTURE LAST
                VALUE   (LST)  VALUE       VALUE  FROM      YEAR
                                                  NORMAL
..................................................................
TEMPERATURE (F)
 TODAY
  MAXIMUM         87    350 PM 102    1995  90     -3       94
  MINIMUM         62    526 AM  38    1978  56      6       55
  AVERAGE         75                        73      2       75

PRECIPITATION (IN)
  TODAY            0.00          0.40 1989   0.01  -0.01     0.00
  MONTH TO DATE    0.12                      0.17  -0.05     0.00
  SINCE JUL 1      0.16                      0.41  -0.25     0.13
  SINCE JAN 1      3.21                      5.73  -2.52     0.99

SNOWFALL (IN)
  TODAY            0.0           0.0  1973  MM               0.0
  MONTH TO DATE    0.0                      MM               0.0
  SINCE SEP 1      0.0                      MM               0.0
  SINCE JUL 1      0.0                      MM               0.0
  SNOW DEPTH       0

DEGREE DAYS
 HEATING
  TODAY            0                         0      0        0
  MONTH TO DATE    0                         0      0        0
  SINCE SEP 1      0                         0      0        0
  SINCE JUL 1      0                         0      0        0

 COOLING
  TODAY           10                         8      2       10
  MONTH TO DATE  307                       204    103      313
  SINCE SEP 1    307                       204    103      313
  SINCE JAN 1   2020                      1686    334     2078
..................................................................


WIND (MPH)
  HIGHEST WIND SPEED    20   HIGHEST WIND DIRECTION    SW (210)
  HIGHEST GUST SPEED    23   HIGHEST GUST DIRECTION    SW (210)
  AVERAGE WIND SPEED     6.9


SKY COVER
  POSSIBLE SUNSHINE  MM
  AVERAGE SKY COVER 0.0


WEATHER CONDITIONS
 THE FOLLOWING WEATHER WAS RECORDED TODAY.
  NO SIGNIFICANT WEATHER WAS OBSERVED.


RELATIVE HUMIDITY (PERCENT)
 HIGHEST    72           600 AM
 LOWEST     21           300 PM
 AVERAGE    47

..........................................................


THE PALMDALE AIRPORT CA CLIMATE NORMALS FOR TOMORROW
                         NORMAL    RECORD    YEAR
 MAXIMUM TEMPERATURE (F)   89       101      1995
 MINIMUM TEMPERATURE (F)   56        34      1978


SUNRISE AND SUNSET
SEPTEMBER 19 2014.....SUNRISE   638 AM PDT   SUNSET   653 PM PDT
SEPTEMBER 20 2014.....SUNRISE   639 AM PDT   SUNSET   652 PM PDT


-  INDICATES NEGATIVE NUMBERS.
R  INDICATES RECORD WAS SET OR TIED.
MM INDICATES DATA IS MISSING.
T  INDICATES TRACE AMOUNT.




$$
