000
CDUS46 KLOX 260915
CLIPMD


CLIMATE REPORT
NATIONAL WEATHER SERVICE LOS ANGELES/OXNARD CA
215 AM PDT MON SEP 26 2016


...................................

...THE PALMDALE AIRPORT CA CLIMATE SUMMARY FOR SEPTEMBER 25 2016...

CLIMATE NORMAL PERIOD 1981 TO 2010
CLIMATE RECORD PERIOD 1931 TO 2016


WEATHER ITEM   OBSERVED TIME   RECORD YEAR NORMAL DEPARTURE LAST
                VALUE   (LST)  VALUE       VALUE  FROM      YEAR
                                                  NORMAL
..................................................................
TEMPERATURE (F)
 YESTERDAY
  MAXIMUM         90    208 PM 101    1947  87      3       99
  MINIMUM         52    544 AM  35    1986  54     -2       67
  AVERAGE         71                        71      0       83

PRECIPITATION (IN)
  YESTERDAY        0.00          1.02 1939   0.01  -0.01     0.00
  MONTH TO DATE    0.00                      0.23  -0.23     0.43
  SINCE OCT 1      4.28                      8.24  -3.96     6.28
  SINCE JAN 1      2.47                      5.79  -3.32     3.71

SNOWFALL (IN)
  YESTERDAY        0.0           0.0  1973  MM               0.0
  MONTH TO DATE    0.0                      MM               0.0
  SINCE SEP 1      0.0                      MM               0.0
  SINCE JUL 1      0.0                      MM               0.0
  SNOW DEPTH       0

DEGREE DAYS
 HEATING
  YESTERDAY        0                         1     -1        0
  MONTH TO DATE    5                         5      0        0
  SINCE SEP 1      5                         5      0        0
  SINCE JUL 1      5                         5      0        0

 COOLING
  YESTERDAY        6                         6      0       18
  MONTH TO DATE  223                       247    -24      317
  SINCE SEP 1    223                       247    -24      317
  SINCE JAN 1   1987                      1729    258     1869
..................................................................


WIND (MPH)
  HIGHEST WIND SPEED    28   HIGHEST WIND DIRECTION     E (70)
  HIGHEST GUST SPEED    36   HIGHEST GUST DIRECTION     E (70)
  AVERAGE WIND SPEED    11.1


SKY COVER
  POSSIBLE SUNSHINE  MM
  AVERAGE SKY COVER 0.0


WEATHER CONDITIONS
 THE FOLLOWING WEATHER WAS RECORDED YESTERDAY.
  NO SIGNIFICANT WEATHER WAS OBSERVED.


RELATIVE HUMIDITY (PERCENT)
 HIGHEST    43           300 AM
 LOWEST      6           200 PM
 AVERAGE    25

..........................................................


THE PALMDALE AIRPORT CA CLIMATE NORMALS FOR TODAY
                         NORMAL    RECORD    YEAR
 MAXIMUM TEMPERATURE (F)   87       101      2009
 MINIMUM TEMPERATURE (F)   54        32      1948


SUNRISE AND SUNSET
SEPTEMBER 26 2016.....SUNRISE   644 AM PDT   SUNSET   643 PM PDT
SEPTEMBER 27 2016.....SUNRISE   644 AM PDT   SUNSET   641 PM PDT


-  INDICATES NEGATIVE NUMBERS.
R  INDICATES RECORD WAS SET OR TIED.
MM INDICATES DATA IS MISSING.
T  INDICATES TRACE AMOUNT.




$$
