771
CDUS46 KLOX 210924
CLIPMD


CLIMATE REPORT
NATIONAL WEATHER SERVICE LOS ANGELES/OXNARD CA
224 AM PDT SAT OCT 21 2017


...................................

...THE PALMDALE AIRPORT CA CLIMATE SUMMARY FOR OCTOBER 20 2017...

CLIMATE NORMAL PERIOD 1981 TO 2010
CLIMATE RECORD PERIOD 1931 TO 2017


WEATHER ITEM   OBSERVED TIME   RECORD YEAR NORMAL DEPARTURE LAST
                VALUE   (LST)  VALUE       VALUE  FROM      YEAR
                                                  NORMAL
..................................................................
TEMPERATURE (F)
 YESTERDAY
  MAXIMUM         66    137 PM  98    1991  77    -11       82
  MINIMUM         51   1159 PM  31    1949  47      4       43
  AVERAGE         59                        62     -3       63

PRECIPITATION (IN)
  YESTERDAY        0.00          0.69 2004   0.02  -0.02     0.00
  MONTH TO DATE    0.00                      0.34  -0.34      T
  SINCE OCT 1      0.00                      0.34  -0.34      T
  SINCE JAN 1      4.56                      6.19  -1.63     2.47

SNOWFALL (IN)
  YESTERDAY        0.0           0.0  1973  MM               0.0
  MONTH TO DATE    0.0                      MM               0.0
  SINCE SEP 1      0.0                      MM               0.0
  SINCE JUL 1      0.0                      MM               0.0
  SNOW DEPTH       0

DEGREE DAYS
 HEATING
  YESTERDAY        6                         4      2        2
  MONTH TO DATE   40                        50    -10       29
  SINCE SEP 1     59                        62     -3       34
  SINCE JUL 1     59                        62     -3       34

 COOLING
  YESTERDAY        0                         1     -1        0
  MONTH TO DATE   37                        52    -15       36
  SINCE SEP 1    324                       327     -3      312
  SINCE JAN 1   2237                      1809    428     2076
..................................................................


WIND (MPH)
  HIGHEST WIND SPEED    43   HIGHEST WIND DIRECTION     W (280)
  HIGHEST GUST SPEED    51   HIGHEST GUST DIRECTION     W (290)
  AVERAGE WIND SPEED    24.7


SKY COVER
  POSSIBLE SUNSHINE  MM
  AVERAGE SKY COVER 0.1


WEATHER CONDITIONS
 THE FOLLOWING WEATHER WAS RECORDED YESTERDAY.
  HAZE


RELATIVE HUMIDITY (PERCENT)
 HIGHEST    86           200 AM
 LOWEST     43           300 PM
 AVERAGE    65

..........................................................


THE PALMDALE AIRPORT CA CLIMATE NORMALS FOR TODAY
                         NORMAL    RECORD    YEAR
 MAXIMUM TEMPERATURE (F)   77        93      2003
 MINIMUM TEMPERATURE (F)   46        26      1949


SUNRISE AND SUNSET
OCTOBER 21 2017.......SUNRISE   703 AM PDT   SUNSET   610 PM PDT
OCTOBER 22 2017.......SUNRISE   704 AM PDT   SUNSET   609 PM PDT


-  INDICATES NEGATIVE NUMBERS.
R  INDICATES RECORD WAS SET OR TIED.
MM INDICATES DATA IS MISSING.
T  INDICATES TRACE AMOUNT.




$$
