000
CDUS46 KLOX 170913
CLIPMD


CLIMATE REPORT
NATIONAL WEATHER SERVICE LOS ANGELES/OXNARD CA
113 AM PST SUN DEC 17 2017


...................................

...THE PALMDALE AIRPORT CA CLIMATE SUMMARY FOR DECEMBER 16 2017...

CLIMATE NORMAL PERIOD 1981 TO 2010
CLIMATE RECORD PERIOD 1931 TO 2017


WEATHER ITEM   OBSERVED TIME   RECORD YEAR NORMAL DEPARTURE LAST
                VALUE   (LST)  VALUE       VALUE  FROM      YEAR
                                                  NORMAL
..................................................................
TEMPERATURE (F)
 YESTERDAY
  MAXIMUM         63    302 PM  74    1998  58      5       58
  MINIMUM         42   1108 PM  12    1935  30     12       37
  AVERAGE         53                        44      9       48

PRECIPITATION (IN)
  YESTERDAY        T             0.94 1988   0.05  -0.05     0.08
  MONTH TO DATE    T                         0.33  -0.33     0.09
  SINCE OCT 1      T                         1.63  -1.63     0.41
  SINCE JAN 1      4.56                      7.48  -2.92     2.88

SNOWFALL (IN)
  YESTERDAY       MM             T    1965  MM              MM
  MONTH TO DATE    0.0                      MM               0.0
  SINCE DEC 1      0.0                      MM               0.0
  SINCE JUL 1      0.0                      MM               0.0
  SNOW DEPTH       0

DEGREE DAYS
 HEATING
  YESTERDAY       12                        21     -9       17
  MONTH TO DATE  259                       322    -63      213
  SINCE DEC 1    259                       322    -63      213
  SINCE JUL 1    544                       849   -305      596

 COOLING
  YESTERDAY        0                         0      0        0
  MONTH TO DATE    0                         0      0        0
  SINCE DEC 1      0                         0      0        0
  SINCE JAN 1   2269                      1815    454     2086
..................................................................


WIND (MPH)
  HIGHEST WIND SPEED    35   HIGHEST WIND DIRECTION    NW (300)
  HIGHEST GUST SPEED    45   HIGHEST GUST DIRECTION    NW (300)
  AVERAGE WIND SPEED    10.8


SKY COVER
  POSSIBLE SUNSHINE  MM
  AVERAGE SKY COVER 0.2


WEATHER CONDITIONS
 THE FOLLOWING WEATHER WAS RECORDED YESTERDAY.
  HAZE


RELATIVE HUMIDITY (PERCENT)
 HIGHEST    49           800 PM
 LOWEST     12          1200 AM
 AVERAGE    31

..........................................................


THE PALMDALE AIRPORT CA CLIMATE NORMALS FOR TODAY
                         NORMAL    RECORD    YEAR
 MAXIMUM TEMPERATURE (F)   58        78      1939
 MINIMUM TEMPERATURE (F)   30        12      1935


SUNRISE AND SUNSET
DECEMBER 17 2017......SUNRISE   653 AM PST   SUNSET   444 PM PST
DECEMBER 18 2017......SUNRISE   654 AM PST   SUNSET   444 PM PST


-  INDICATES NEGATIVE NUMBERS.
R  INDICATES RECORD WAS SET OR TIED.
MM INDICATES DATA IS MISSING.
T  INDICATES TRACE AMOUNT.




$$
