000
CDUS46 KLOX 230915
CLIPMD


CLIMATE REPORT
NATIONAL WEATHER SERVICE LOS ANGELES/OXNARD CA
215 AM PDT THU MAR 23 2017


...................................

...THE PALMDALE AIRPORT CA CLIMATE SUMMARY FOR MARCH 22 2017...

CLIMATE NORMAL PERIOD 1981 TO 2010
CLIMATE RECORD PERIOD 1931 TO 2017


WEATHER ITEM   OBSERVED TIME   RECORD YEAR NORMAL DEPARTURE LAST
                VALUE   (LST)  VALUE       VALUE  FROM      YEAR
                                                  NORMAL
..................................................................
TEMPERATURE (F)
 YESTERDAY
  MAXIMUM         64    115 PM  89    2004  68     -4       59
  MINIMUM         46   1154 PM  25    1938  40      6       44
  AVERAGE         55                        54      1       52

PRECIPITATION (IN)
  YESTERDAY        0.02          0.38 1964   0.02   0.00     0.00
  MONTH TO DATE    0.02                      0.99  -0.97     0.83
  SINCE OCT 1      5.91                      6.73  -0.82     4.09
  SINCE JAN 1      4.12                      4.28  -0.16     2.28

SNOWFALL (IN)
  YESTERDAY       MM             T    1973  MM               0.0
  MONTH TO DATE    0.0                      MM               0.0
  SINCE MAR 1      0.0                      MM               0.0
  SINCE JUL 1      0.0                      MM                T
  SNOW DEPTH       0

DEGREE DAYS
 HEATING
  YESTERDAY       10                        11     -1       13
  MONTH TO DATE  161                       277   -116      174
  SINCE MAR 1    161                       277   -116      174
  SINCE JUL 1   2070                      2522   -452     2335

 COOLING
  YESTERDAY        0                         0      0        0
  MONTH TO DATE    7                         0      7        0
  SINCE MAR 1      7                         0      7        0
  SINCE JAN 1      7                         0      7        0
..................................................................


WIND (MPH)
  HIGHEST WIND SPEED    37   HIGHEST WIND DIRECTION     W (290)
  HIGHEST GUST SPEED    42   HIGHEST GUST DIRECTION     W (290)
  AVERAGE WIND SPEED    16.1


SKY COVER
  POSSIBLE SUNSHINE  MM
  AVERAGE SKY COVER 0.2


WEATHER CONDITIONS
 THE FOLLOWING WEATHER WAS RECORDED YESTERDAY.
  THUNDERSTORM
  LIGHT RAIN
  HAZE


RELATIVE HUMIDITY (PERCENT)
 HIGHEST    83          1200 AM
 LOWEST     39           300 PM
 AVERAGE    61

..........................................................


THE PALMDALE AIRPORT CA CLIMATE NORMALS FOR TODAY
                         NORMAL    RECORD    YEAR
 MAXIMUM TEMPERATURE (F)   68        87      1990
 MINIMUM TEMPERATURE (F)   40        23      1936


SUNRISE AND SUNSET
MARCH 23 2017.........SUNRISE   651 AM PDT   SUNSET   707 PM PDT
MARCH 24 2017.........SUNRISE   650 AM PDT   SUNSET   707 PM PDT


-  INDICATES NEGATIVE NUMBERS.
R  INDICATES RECORD WAS SET OR TIED.
MM INDICATES DATA IS MISSING.
T  INDICATES TRACE AMOUNT.




$$
