000
CDUS46 KLOX 300118
CLIPMD


CLIMATE REPORT
NATIONAL WEATHER SERVICE LOS ANGELES/OXNARD CA
618 PM PDT MON JUN 29 2015


...................................

...THE PALMDALE AIRPORT CA CLIMATE SUMMARY FOR JUNE 29 2015...
VALID TODAY AS OF 0600 PM LOCAL TIME.

CLIMATE NORMAL PERIOD 1981 TO 2010
CLIMATE RECORD PERIOD 1931 TO 2015


WEATHER ITEM   OBSERVED TIME   RECORD YEAR NORMAL DEPARTURE LAST
                VALUE   (LST)  VALUE       VALUE  FROM      YEAR
                                                  NORMAL
..................................................................
TEMPERATURE (F)
 TODAY
  MAXIMUM         99    413 PM 110    1994  94      5      105
  MINIMUM         73    519 AM  46    1952  62     11       66
  AVERAGE         86                        78      8       86

PRECIPITATION (IN)
  TODAY            T   R         0.00   MM   0.00   0.00     0.00
  MONTH TO DATE    0.02                      0.09  -0.07     0.00
  SINCE OCT 1      4.24                      7.77  -3.53     4.99
  SINCE JAN 1      1.67                      5.32  -3.65     3.05

SNOWFALL (IN)
  TODAY            0.0           0.0  1973  MM               0.0
  MONTH TO DATE    0.0                      MM               0.0
  SINCE JUN 1      0.0                      MM               0.0
  SINCE JUL 1      0.0                      MM               0.0
  SNOW DEPTH       0

DEGREE DAYS
 HEATING
  TODAY            0                         0      0        0
  MONTH TO DATE    0                         6     -6        0
  SINCE JUN 1      0                         6     -6        0
  SINCE JUL 1   2099                      2924   -825     2331

 COOLING
  TODAY           21                        13      8       21
  MONTH TO DATE  423                       292    131      381
  SINCE JUN 1    423                       292    131      381
  SINCE JAN 1    548                       462     86      600
..................................................................


WIND (MPH)
  HIGHEST WIND SPEED    24   HIGHEST WIND DIRECTION     W (260)
  HIGHEST GUST SPEED    29   HIGHEST GUST DIRECTION     S (160)
  AVERAGE WIND SPEED     7.4


SKY COVER
  POSSIBLE SUNSHINE  MM
  AVERAGE SKY COVER 0.1


WEATHER CONDITIONS
 THE FOLLOWING WEATHER WAS RECORDED TODAY.
  NO SIGNIFICANT WEATHER WAS OBSERVED.


RELATIVE HUMIDITY (PERCENT)
 HIGHEST    23           900 AM
 LOWEST     17          1200 PM
 AVERAGE    20

..........................................................


THE PALMDALE AIRPORT CA CLIMATE NORMALS FOR TOMORROW
                         NORMAL    RECORD    YEAR
 MAXIMUM TEMPERATURE (F)   95       111      2013
                                             1994
 MINIMUM TEMPERATURE (F)   62        45      1952


SUNRISE AND SUNSET
JUNE 29 2015..........SUNRISE   542 AM PDT   SUNSET   809 PM PDT
JUNE 30 2015..........SUNRISE   543 AM PDT   SUNSET   809 PM PDT


-  INDICATES NEGATIVE NUMBERS.
R  INDICATES RECORD WAS SET OR TIED.
MM INDICATES DATA IS MISSING.
T  INDICATES TRACE AMOUNT.




$$
