070
CDUS44 KMOB 222226
CLIPNS


CLIMATE REPORT
NATIONAL WEATHER SERVICE MOBILE AL
526 PM CDT SAT JUL 22 2017


...................................

...THE PENSACOLA CLIMATE SUMMARY FOR JULY 22 2017...
VALID TODAY AS OF 0500 PM LOCAL TIME.

CLIMATE NORMAL PERIOD 1981 TO 2010
CLIMATE RECORD PERIOD 1879 TO 2017


WEATHER ITEM   OBSERVED TIME   RECORD YEAR NORMAL DEPARTURE LAST
                VALUE   (LST)  VALUE       VALUE  FROM      YEAR
                                                  NORMAL
..................................................................
TEMPERATURE (F)
 TODAY
  MAXIMUM         92    212 PM  97    1898  90      2       91
  MINIMUM         79    214 AM  67    1893  75      4       76
  AVERAGE         86                        82      4       84

PRECIPITATION (IN)
  TODAY            0.04          4.97 1931   0.23  -0.19     0.66
  MONTH TO DATE    3.73                      5.21  -1.48     6.27
  SINCE MAR 1     37.61                     26.12  11.49    29.53
  SINCE JAN 1     52.96                     35.81  17.15    38.18

DEGREE DAYS
 COOLING
  TODAY           21                        17      4       19
  MONTH TO DATE  435                       374     61      434
  SINCE JUN 1    905                       839     66      955
  SINCE JAN 1   1701                      1287    414     1551
..................................................................


WIND (MPH)
  HIGHEST WIND SPEED    17   HIGHEST WIND DIRECTION     S (190)
  HIGHEST GUST SPEED    21   HIGHEST GUST DIRECTION     S (170)
  AVERAGE WIND SPEED     5.8


SKY COVER
  POSSIBLE SUNSHINE  MM
  AVERAGE SKY COVER 0.3


WEATHER CONDITIONS
 THE FOLLOWING WEATHER WAS RECORDED TODAY.
  THUNDERSTORM
  LIGHT RAIN


RELATIVE HUMIDITY (PERCENT)
 HIGHEST    85           100 AM
 LOWEST     56          1100 AM
 AVERAGE    71

..........................................................


THE PENSACOLA CLIMATE NORMALS FOR TOMORROW
                         NORMAL    RECORD    YEAR
 MAXIMUM TEMPERATURE (F)   90        98      2010
                                             1952
                                             1948
 MINIMUM TEMPERATURE (F)   75        64      1947


SUNRISE AND SUNSET
JULY 22 2017..........SUNRISE   601 AM CDT   SUNSET   749 PM CDT
JULY 23 2017..........SUNRISE   602 AM CDT   SUNSET   749 PM CDT


-  INDICATES NEGATIVE NUMBERS.
R  INDICATES RECORD WAS SET OR TIED.
MM INDICATES DATA IS MISSING.
T  INDICATES TRACE AMOUNT.




$$
