000
CDUS44 KMOB 262236
CLIPNS


CLIMATE REPORT
NATIONAL WEATHER SERVICE MOBILE AL
534 PM CDT FRI AUG 26 2016


...................................

...THE PENSACOLA CLIMATE SUMMARY FOR AUGUST 26 2016...
VALID TODAY AS OF 0500 PM LOCAL TIME.

CLIMATE NORMAL PERIOD 1981 TO 2010
CLIMATE RECORD PERIOD 1879 TO 2016


WEATHER ITEM   OBSERVED TIME   RECORD YEAR NORMAL DEPARTURE LAST
                VALUE   (LST)  VALUE       VALUE  FROM      YEAR
                                                  NORMAL
..................................................................
TEMPERATURE (F)
 TODAY
  MAXIMUM         91    153 PM 100    2011  89      2       87
  MINIMUM         77    556 AM  66    2015  74      3       66
                                      1927
                                      1891
  AVERAGE         84                        82      2       77

PRECIPITATION (IN)
  TODAY            0.00          2.71 1928   0.20  -0.20     0.00
  MONTH TO DATE   12.05                      5.81   6.24     6.68
  SINCE MAR 1     42.14                     34.13   8.01    35.27
  SINCE JAN 1     50.79                     43.82   6.97    45.68

DEGREE DAYS
 COOLING
  TODAY           19                        17      2       12
  MONTH TO DATE  476                       442     34      479
  SINCE JUN 1   1607                      1440    167     1573
  SINCE JAN 1   2203                      1888    315     2226
..................................................................


WIND (MPH)
  HIGHEST WIND SPEED    16   HIGHEST WIND DIRECTION     S (160)
  HIGHEST GUST SPEED    20   HIGHEST GUST DIRECTION    SE (140)
  AVERAGE WIND SPEED     7.3


SKY COVER
  POSSIBLE SUNSHINE  MM
  AVERAGE SKY COVER 0.0


WEATHER CONDITIONS
 THE FOLLOWING WEATHER WAS RECORDED TODAY.
  NO SIGNIFICANT WEATHER WAS OBSERVED.


RELATIVE HUMIDITY (PERCENT)
 HIGHEST    85          1200 AM
 LOWEST     49           200 PM
 AVERAGE    67

..........................................................


THE PENSACOLA CLIMATE NORMALS FOR TOMORROW
                         NORMAL    RECORD    YEAR
 MAXIMUM TEMPERATURE (F)   89        98      2011
 MINIMUM TEMPERATURE (F)   74        65      2015


SUNRISE AND SUNSET
AUGUST 26 2016........SUNRISE   622 AM CDT   SUNSET   718 PM CDT
AUGUST 27 2016........SUNRISE   623 AM CDT   SUNSET   717 PM CDT


-  INDICATES NEGATIVE NUMBERS.
R  INDICATES RECORD WAS SET OR TIED.
MM INDICATES DATA IS MISSING.
T  INDICATES TRACE AMOUNT.




$$
