409
CDUS44 KMOB 240645
CLIPNS


CLIMATE REPORT
NATIONAL WEATHER SERVICE MOBILE AL
145 AM CDT SUN SEP 24 2017


...................................

...THE PENSACOLA CLIMATE SUMMARY FOR SEPTEMBER 23 2017...

CLIMATE NORMAL PERIOD 1981 TO 2010
CLIMATE RECORD PERIOD 1879 TO 2017


WEATHER ITEM   OBSERVED TIME   RECORD YEAR NORMAL DEPARTURE LAST
                VALUE   (LST)  VALUE       VALUE  FROM      YEAR
                                                  NORMAL
..................................................................
TEMPERATURE (F)
 YESTERDAY
  MAXIMUM         91    149 PM  94    2016  85      6       94
                                      1998
                                      1993
  MINIMUM         75    605 AM  51    1982  68      7       75
  AVERAGE         83                        77      6       85

PRECIPITATION (IN)
  YESTERDAY        0.00          4.27 1920   0.20  -0.20     0.00
  MONTH TO DATE    2.72                      4.62  -1.90     3.31
  SINCE MAR 1     62.22                     39.70  22.52    45.44
  SINCE JAN 1     77.57                     49.39  28.18    54.09

DEGREE DAYS
 COOLING
  YESTERDAY       18                        12      6       20
  MONTH TO DATE  349                       328     21      408
  SINCE SEP 1    349                       328     21      408
  SINCE JAN 1   2828                      2295    533     2711
..................................................................


WIND (MPH)
  HIGHEST WIND SPEED    10   HIGHEST WIND DIRECTION    SE (150)
  HIGHEST GUST SPEED    14   HIGHEST GUST DIRECTION    NE (40)
  AVERAGE WIND SPEED     4.9


SKY COVER
  POSSIBLE SUNSHINE  MM
  AVERAGE SKY COVER 0.1


WEATHER CONDITIONS
 THE FOLLOWING WEATHER WAS RECORDED YESTERDAY.
  THUNDERSTORM


RELATIVE HUMIDITY (PERCENT)
 HIGHEST    87          1200 AM
 LOWEST     47          1200 PM
 AVERAGE    67

..........................................................


THE PENSACOLA CLIMATE NORMALS FOR TODAY
                         NORMAL    RECORD    YEAR
 MAXIMUM TEMPERATURE (F)   85        97      2016
 MINIMUM TEMPERATURE (F)   68        51      1982


SUNRISE AND SUNSET
SEPTEMBER 24 2017.....SUNRISE   638 AM CDT   SUNSET   642 PM CDT
SEPTEMBER 25 2017.....SUNRISE   639 AM CDT   SUNSET   641 PM CDT


-  INDICATES NEGATIVE NUMBERS.
R  INDICATES RECORD WAS SET OR TIED.
MM INDICATES DATA IS MISSING.
T  INDICATES TRACE AMOUNT.




$$
