000
CDUS44 KMOB 202232
CLIPNS


CLIMATE REPORT
NATIONAL WEATHER SERVICE MOBILE AL
530 PM CDT MON OCT 20 2014


...................................

...THE PENSACOLA CLIMATE SUMMARY FOR OCTOBER 20 2014...
VALID TODAY AS OF 0500 PM LOCAL TIME.

CLIMATE NORMAL PERIOD 1981 TO 2010
CLIMATE RECORD PERIOD 1879 TO 2014


WEATHER ITEM   OBSERVED TIME   RECORD YEAR NORMAL DEPARTURE LAST
                VALUE   (LST)  VALUE       VALUE  FROM      YEAR
                                                  NORMAL
..................................................................
TEMPERATURE (F)
 TODAY
  MAXIMUM         78    243 PM  89    2004  78      0       76
  MINIMUM         53    207 AM  35    1989  59     -6       57
  AVERAGE         66                        68     -2       67

PRECIPITATION (IN)
  TODAY            0.00          5.47 1909   0.17  -0.17     0.00
  MONTH TO DATE    3.68                      3.41   0.27     1.75
  SINCE MAR 1     66.38                     44.47  21.91    51.14
  SINCE JAN 1     77.71                     54.16  23.55    65.41

DEGREE DAYS
 HEATING
  TODAY            0                         1     -1        0
  MONTH TO DATE    6                        10     -4        0
  SINCE SEP 1      6                        11     -5        0
  SINCE JUL 1      6                        11     -5        0

 COOLING
  TODAY            1                         5     -4        2
  MONTH TO DATE  140                       138      2      197
  SINCE SEP 1    541                       541      0      673
  SINCE JAN 1   2497                      2508    -11     2655
..................................................................


WIND (MPH)
  HIGHEST WIND SPEED     8   HIGHEST WIND DIRECTION     S (180)
  HIGHEST GUST SPEED    12   HIGHEST GUST DIRECTION     E (110)
  AVERAGE WIND SPEED     5.5


SKY COVER
  POSSIBLE SUNSHINE  MM
  AVERAGE SKY COVER 0.0


WEATHER CONDITIONS
 THE FOLLOWING WEATHER WAS RECORDED TODAY.
  NO SIGNIFICANT WEATHER WAS OBSERVED.


RELATIVE HUMIDITY (PERCENT)
 HIGHEST    93           200 AM
 LOWEST     46          1000 AM
 AVERAGE    70

..........................................................


THE PENSACOLA CLIMATE NORMALS FOR TOMORROW
                         NORMAL    RECORD    YEAR
 MAXIMUM TEMPERATURE (F)   78        88      2005
                                             1963
 MINIMUM TEMPERATURE (F)   59        34      1989


SUNRISE AND SUNSET
OCTOBER 20 2014.......SUNRISE   654 AM CDT   SUNSET   612 PM CDT
OCTOBER 21 2014.......SUNRISE   655 AM CDT   SUNSET   611 PM CDT


-  INDICATES NEGATIVE NUMBERS.
R  INDICATES RECORD WAS SET OR TIED.
MM INDICATES DATA IS MISSING.
T  INDICATES TRACE AMOUNT.




$$
