000
CDUS44 KMOB 010649
CLIPNS


CLIMATE REPORT
NATIONAL WEATHER SERVICE MOBILE AL
1247 AM CST SUN MAR 1 2015


...................................

...THE PENSACOLA CLIMATE SUMMARY FOR FEBRUARY 28 2015...

CLIMATE NORMAL PERIOD 1981 TO 2010
CLIMATE RECORD PERIOD 1879 TO 2015


WEATHER ITEM   OBSERVED TIME   RECORD YEAR NORMAL DEPARTURE LAST
                VALUE   (LST)  VALUE       VALUE  FROM      YEAR
                                                  NORMAL
..................................................................
TEMPERATURE (F)
 YESTERDAY
  MAXIMUM         61    340 PM  78    2011  66     -5       59
                                      1961
                                      1948
  MINIMUM         39    637 AM  24    2002  48     -9       32
  AVERAGE         50                        57     -7       46

PRECIPITATION (IN)
  YESTERDAY        T             2.08 1983   0.18  -0.18     0.00
  MONTH TO DATE    3.94                      5.06  -1.12     7.88
  SINCE MAR 1     82.25                     65.27  16.98    71.67
  SINCE JAN 1     10.41                      9.69   0.72    11.33

SNOWFALL (IN)
  YESTERDAY        0.0          MM      MM   0.0    0.0      0.0
  MONTH TO DATE    0.0                       0.0    0.0       T
  SINCE MAR 1      0.0                       0.0    0.0      1.0
  SINCE JUL 1      0.0                       0.0    0.0      1.0
  SNOW DEPTH       0

DEGREE DAYS
 HEATING
  YESTERDAY       15                         8      7       19
  MONTH TO DATE  418                       298    120      261
  SINCE DEC 1   1116                      1096     20     1132
  SINCE JUL 1   1443                      1308    135     1337

 COOLING
  YESTERDAY        0                         0      0        0
  MONTH TO DATE    4                         8     -4       15
  SINCE DEC 1     20                        27     -7       53
  SINCE JAN 1      7                        14     -7       15
..................................................................


WIND (MPH)
  HIGHEST WIND SPEED    14   HIGHEST WIND DIRECTION    NE (60)
  HIGHEST GUST SPEED    18   HIGHEST GUST DIRECTION    NE (60)
  AVERAGE WIND SPEED     8.0


SKY COVER
  POSSIBLE SUNSHINE  MM
  AVERAGE SKY COVER 0.6


WEATHER CONDITIONS
 THE FOLLOWING WEATHER WAS RECORDED YESTERDAY.
  LIGHT RAIN
  FOG


RELATIVE HUMIDITY (PERCENT)
 HIGHEST    89           900 PM
 LOWEST     53          1200 AM
 AVERAGE    71

..........................................................


THE PENSACOLA CLIMATE NORMALS FOR TODAY
                         NORMAL    RECORD    YEAR
 MAXIMUM TEMPERATURE (F)   67        82      2012
 MINIMUM TEMPERATURE (F)   48        24      1920


SUNRISE AND SUNSET
MARCH  1 2015.........SUNRISE   615 AM CST   SUNSET   547 PM CST
MARCH  2 2015.........SUNRISE   614 AM CST   SUNSET   548 PM CST


-  INDICATES NEGATIVE NUMBERS.
R  INDICATES RECORD WAS SET OR TIED.
MM INDICATES DATA IS MISSING.
T  INDICATES TRACE AMOUNT.




$$
