000
CDUS44 KMOB 030636
CLIPNS


CLIMATE REPORT
NATIONAL WEATHER SERVICE MOBILE AL
125 AM CDT TUE MAY 3 2016


...................................

...THE PENSACOLA CLIMATE SUMMARY FOR MAY 2 2016...

CLIMATE NORMAL PERIOD 1981 TO 2010
CLIMATE RECORD PERIOD 1879 TO 2016


WEATHER ITEM   OBSERVED TIME   RECORD YEAR NORMAL DEPARTURE LAST
                VALUE   (LST)  VALUE       VALUE  FROM      YEAR
                                                  NORMAL
..................................................................
TEMPERATURE (F)
 YESTERDAY
  MAXIMUM         84    136 PM  89    1901  80      4       77
  MINIMUM         70   1159 PM  50    1909  62      8       53
  AVERAGE         77                        71      6       65

PRECIPITATION (IN)
  YESTERDAY        T             5.27 1937   0.13  -0.13     0.00
  MONTH TO DATE    T                         0.25  -0.25     0.00
  SINCE MAR 1     13.65                     10.38   3.27    12.36
  SINCE JAN 1     22.30                     20.07   2.23    22.77

DEGREE DAYS
 COOLING
  YESTERDAY       12                         6      6        0
  MONTH TO DATE   25                        12     13        5
  SINCE MAR 1    252                       146    106      306
  SINCE JAN 1    270                       160    110      313
..................................................................


WIND (MPH)
  HIGHEST WIND SPEED    18   HIGHEST WIND DIRECTION     S (190)
  HIGHEST GUST SPEED    23   HIGHEST GUST DIRECTION     S (190)
  AVERAGE WIND SPEED     7.3


SKY COVER
  POSSIBLE SUNSHINE  MM
  AVERAGE SKY COVER 0.6


WEATHER CONDITIONS
 THE FOLLOWING WEATHER WAS RECORDED YESTERDAY.
  THUNDERSTORM
  LIGHT RAIN


RELATIVE HUMIDITY (PERCENT)
 HIGHEST    94           600 AM
 LOWEST     65           200 PM
 AVERAGE    80

..........................................................


THE PENSACOLA CLIMATE NORMALS FOR TODAY
                         NORMAL    RECORD    YEAR
 MAXIMUM TEMPERATURE (F)   80        90      1951
 MINIMUM TEMPERATURE (F)   62        48      1921


SUNRISE AND SUNSET
MAY  3 2016...........SUNRISE   603 AM CDT   SUNSET   729 PM CDT
MAY  4 2016...........SUNRISE   602 AM CDT   SUNSET   729 PM CDT


-  INDICATES NEGATIVE NUMBERS.
R  INDICATES RECORD WAS SET OR TIED.
MM INDICATES DATA IS MISSING.
T  INDICATES TRACE AMOUNT.




$$
