000
CDUS44 KMOB 240645
CLIPNS


CLIMATE REPORT
NATIONAL WEATHER SERVICE MOBILE AL
145 AM CDT THU APR 24 2014


...................................

...THE PENSACOLA CLIMATE SUMMARY FOR APRIL 23 2014...

CLIMATE NORMAL PERIOD 1981 TO 2010
CLIMATE RECORD PERIOD 1879 TO 2014


WEATHER ITEM   OBSERVED TIME   RECORD YEAR NORMAL DEPARTURE LAST
                VALUE   (LST)  VALUE       VALUE  FROM      YEAR
                                                  NORMAL
..................................................................
TEMPERATURE (F)
 YESTERDAY
  MAXIMUM         82   1236 PM  87    1987  77      5       74
                                      1963
  MINIMUM         62    511 AM  45    1993  60      2       64
  AVERAGE         72                        68      4       69

PRECIPITATION (IN)
  YESTERDAY        0.00          1.47 1983   0.12  -0.12      T
  MONTH TO DATE    9.06                      3.40   5.66     4.29
  SINCE MAR 1     18.84                      9.21   9.63     5.84
  SINCE JAN 1     30.17                     18.90  11.27    20.11

DEGREE DAYS
 HEATING
  YESTERDAY        0                         1     -1        0
  MONTH TO DATE   41                        47     -6       29
  SINCE MAR 1    246                       223     23      286
  SINCE JUL 1   1583                      1531     52     1167

 COOLING
  YESTERDAY        7                         4      3        4
  MONTH TO DATE   60                        65     -5       71
  SINCE MAR 1     66                        98    -32       86
  SINCE JAN 1     81                       112    -31      126
..................................................................


WIND (MPH)
  HIGHEST WIND SPEED    14   HIGHEST WIND DIRECTION     S (190)
  HIGHEST GUST SPEED    18   HIGHEST GUST DIRECTION     S (190)
  AVERAGE WIND SPEED     6.5


SKY COVER
  POSSIBLE SUNSHINE  MM
  AVERAGE SKY COVER 0.1


WEATHER CONDITIONS
 THE FOLLOWING WEATHER WAS RECORDED YESTERDAY.
  FOG
  HAZE


RELATIVE HUMIDITY (PERCENT)
 HIGHEST    93          1200 AM
 LOWEST     46          1200 PM
 AVERAGE    70

..........................................................


THE PENSACOLA CLIMATE NORMALS FOR TODAY
                         NORMAL    RECORD    YEAR
 MAXIMUM TEMPERATURE (F)   78        89      1992
                                             1991
                                             1962
 MINIMUM TEMPERATURE (F)   60        45      2012
                                             1884


SUNRISE AND SUNSET
APRIL 24 2014.........SUNRISE   612 AM CDT   SUNSET   722 PM CDT
APRIL 25 2014.........SUNRISE   611 AM CDT   SUNSET   723 PM CDT


-  INDICATES NEGATIVE NUMBERS.
R  INDICATES RECORD WAS SET OR TIED.
MM INDICATES DATA IS MISSING.
T  INDICATES TRACE AMOUNT.




$$
