000
CDUS44 KMOB 242233
CLIPNS


CLIMATE REPORT
NATIONAL WEATHER SERVICE MOBILE AL
531 PM CDT THU APR 24 2014


...................................

...THE PENSACOLA CLIMATE SUMMARY FOR APRIL 24 2014...
VALID TODAY AS OF 0500 PM LOCAL TIME.

CLIMATE NORMAL PERIOD 1981 TO 2010
CLIMATE RECORD PERIOD 1879 TO 2014


WEATHER ITEM   OBSERVED TIME   RECORD YEAR NORMAL DEPARTURE LAST
                VALUE   (LST)  VALUE       VALUE  FROM      YEAR
                                                  NORMAL
..................................................................
TEMPERATURE (F)
 TODAY
  MAXIMUM         78    157 PM  89    1992  78      0       77
                                      1991
                                      1962
  MINIMUM         65    540 AM  45    2012  60      5       61
                                      1884
  AVERAGE         72                        69      3       69

PRECIPITATION (IN)
  TODAY            0.00         10.58 1937   0.13  -0.13     0.12
  MONTH TO DATE    9.06                      3.53   5.53     4.41
  SINCE MAR 1     18.84                      9.34   9.50     5.96
  SINCE JAN 1     30.17                     19.03  11.14    20.23

DEGREE DAYS
 HEATING
  TODAY            0                         1     -1        0
  MONTH TO DATE   41                        48     -7       29
  SINCE MAR 1    246                       224     22      286
  SINCE JUL 1   1583                      1532     51     1167

 COOLING
  TODAY            7                         5      2        4
  MONTH TO DATE   67                        70     -3       75
  SINCE MAR 1     73                       103    -30       90
  SINCE JAN 1     88                       117    -29      130
..................................................................


WIND (MPH)
  HIGHEST WIND SPEED    16   HIGHEST WIND DIRECTION    SW (210)
  HIGHEST GUST SPEED    21   HIGHEST GUST DIRECTION     S (170)
  AVERAGE WIND SPEED     6.6


SKY COVER
  POSSIBLE SUNSHINE  MM
  AVERAGE SKY COVER 0.3


WEATHER CONDITIONS
 THE FOLLOWING WEATHER WAS RECORDED TODAY.
  FOG


RELATIVE HUMIDITY (PERCENT)
 HIGHEST    93           200 AM
 LOWEST     60          1000 AM
 AVERAGE    77

..........................................................


THE PENSACOLA CLIMATE NORMALS FOR TOMORROW
                         NORMAL    RECORD    YEAR
 MAXIMUM TEMPERATURE (F)   78        87      1999
 MINIMUM TEMPERATURE (F)   60        40      1910


SUNRISE AND SUNSET
APRIL 24 2014.........SUNRISE   612 AM CDT   SUNSET   722 PM CDT
APRIL 25 2014.........SUNRISE   611 AM CDT   SUNSET   723 PM CDT


-  INDICATES NEGATIVE NUMBERS.
R  INDICATES RECORD WAS SET OR TIED.
MM INDICATES DATA IS MISSING.
T  INDICATES TRACE AMOUNT.




$$
