000
CDUS44 KMOB 030645
CLIPNS


CLIMATE REPORT
NATIONAL WEATHER SERVICE MOBILE AL
145 AM CDT THU SEP 3 2015


...................................

...THE PENSACOLA CLIMATE SUMMARY FOR SEPTEMBER 2 2015...

CLIMATE NORMAL PERIOD 1981 TO 2010
CLIMATE RECORD PERIOD 1879 TO 2015


WEATHER ITEM   OBSERVED TIME   RECORD YEAR NORMAL DEPARTURE LAST
                VALUE   (LST)  VALUE       VALUE  FROM      YEAR
                                                  NORMAL
..................................................................
TEMPERATURE (F)
 YESTERDAY
  MAXIMUM         93    136 PM  98    1989  89      4       91
  MINIMUM         72    540 AM  65    1967  73     -1       75
                                      1903
                                      1892
  AVERAGE         83                        81      2       83

PRECIPITATION (IN)
  YESTERDAY        0.00          2.77 1985   0.21  -0.21     0.00
  MONTH TO DATE    0.00                      0.41  -0.41     0.00
  SINCE MAR 1     35.30                     35.49  -0.19    57.42
  SINCE JAN 1     45.71                     45.18   0.53    68.75

DEGREE DAYS
 COOLING
  YESTERDAY       18                        16      2       18
  MONTH TO DATE   38                        32      6       36
  SINCE SEP 1     38                        32      6       36
  SINCE JAN 1   2338                      1999    339     1992
..................................................................


WIND (MPH)
  HIGHEST WIND SPEED    14   HIGHEST WIND DIRECTION    SW (230)
  HIGHEST GUST SPEED    22   HIGHEST GUST DIRECTION    SW (220)
  AVERAGE WIND SPEED     6.2


SKY COVER
  POSSIBLE SUNSHINE  MM
  AVERAGE SKY COVER 0.1


WEATHER CONDITIONS
 THE FOLLOWING WEATHER WAS RECORDED YESTERDAY.
  NO SIGNIFICANT WEATHER WAS OBSERVED.


RELATIVE HUMIDITY (PERCENT)
 HIGHEST    87           300 AM
 LOWEST     44          1000 AM
 AVERAGE    66

..........................................................


THE PENSACOLA CLIMATE NORMALS FOR TODAY
                         NORMAL    RECORD    YEAR
 MAXIMUM TEMPERATURE (F)   89        96      1997
 MINIMUM TEMPERATURE (F)   73        64      1995


SUNRISE AND SUNSET
SEPTEMBER  3 2015.....SUNRISE   626 AM CDT   SUNSET   709 PM CDT
SEPTEMBER  4 2015.....SUNRISE   627 AM CDT   SUNSET   708 PM CDT


-  INDICATES NEGATIVE NUMBERS.
R  INDICATES RECORD WAS SET OR TIED.
MM INDICATES DATA IS MISSING.
T  INDICATES TRACE AMOUNT.




$$
