000
CDUS44 KMOB 290712
CLIPNS


CLIMATE REPORT
NATIONAL WEATHER SERVICE MOBILE AL
202 AM CDT WED JUL 29 2015


...................................

...THE PENSACOLA CLIMATE SUMMARY FOR JULY 28 2015...

CLIMATE NORMAL PERIOD 1981 TO 2010
CLIMATE RECORD PERIOD 1879 TO 2015


WEATHER ITEM   OBSERVED TIME   RECORD YEAR NORMAL DEPARTURE LAST
                VALUE   (LST)  VALUE       VALUE  FROM      YEAR
                                                  NORMAL
..................................................................
TEMPERATURE (F)
 YESTERDAY
  MAXIMUM         96    126 PM  98    1993  90      6       93
  MINIMUM         78   1111 PM  68    1994  74      4       74
                                      1911
  AVERAGE         87                        82      5       84

PRECIPITATION (IN)
  YESTERDAY        1.22          4.84 1973   0.24   0.98     0.47
  MONTH TO DATE    6.57                      6.67  -0.10     7.64
  SINCE MAR 1     28.16                     27.58   0.58    56.05
  SINCE JAN 1     38.57                     37.27   1.30    67.38

DEGREE DAYS
 COOLING
  YESTERDAY       22                        17      5       19
  MONTH TO DATE  549                       476     73      458
  SINCE JUN 1   1032                       941     91      937
  SINCE JAN 1   1685                      1389    296     1388
..................................................................


WIND (MPH)
  HIGHEST WIND SPEED    18   HIGHEST WIND DIRECTION     W (250)
  HIGHEST GUST SPEED    23   HIGHEST GUST DIRECTION     W (250)
  AVERAGE WIND SPEED     8.1


SKY COVER
  POSSIBLE SUNSHINE  MM
  AVERAGE SKY COVER 0.2


WEATHER CONDITIONS
 THE FOLLOWING WEATHER WAS RECORDED YESTERDAY.
  THUNDERSTORM
  HEAVY RAIN
  LIGHT RAIN
  FOG


RELATIVE HUMIDITY (PERCENT)
 HIGHEST    85          1100 PM
 LOWEST     46          1200 PM
 AVERAGE    66

..........................................................


THE PENSACOLA CLIMATE NORMALS FOR TODAY
                         NORMAL    RECORD    YEAR
 MAXIMUM TEMPERATURE (F)   90       100      1986
 MINIMUM TEMPERATURE (F)   74        66      1994


SUNRISE AND SUNSET
JULY 29 2015..........SUNRISE   605 AM CDT   SUNSET   745 PM CDT
JULY 30 2015..........SUNRISE   606 AM CDT   SUNSET   744 PM CDT


-  INDICATES NEGATIVE NUMBERS.
R  INDICATES RECORD WAS SET OR TIED.
MM INDICATES DATA IS MISSING.
T  INDICATES TRACE AMOUNT.




$$
