000
CDUS44 KMOB 070645
CLIPNS


CLIMATE REPORT
NATIONAL WEATHER SERVICE MOBILE AL
145 AM CDT TUE JUL 7 2015


...................................

...THE PENSACOLA CLIMATE SUMMARY FOR JULY 6 2015...

CLIMATE NORMAL PERIOD 1981 TO 2010
CLIMATE RECORD PERIOD 1879 TO 2015


WEATHER ITEM   OBSERVED TIME   RECORD YEAR NORMAL DEPARTURE LAST
                VALUE   (LST)  VALUE       VALUE  FROM      YEAR
                                                  NORMAL
..................................................................
TEMPERATURE (F)
 YESTERDAY
  MAXIMUM         90    126 PM  99    1998  90      0       90
  MINIMUM         70    212 AM  64    1882  75     -5       71
  AVERAGE         80                        82     -2       81

PRECIPITATION (IN)
  YESTERDAY        0.00          3.17 1973   0.24  -0.24     0.00
  MONTH TO DATE    0.41                      1.42  -1.01     0.00
  SINCE MAR 1     22.00                     22.33  -0.33    48.41
  SINCE JAN 1     32.41                     32.02   0.39    59.74

DEGREE DAYS
 COOLING
  YESTERDAY       15                        17     -2       16
  MONTH TO DATE   97                       102     -5      108
  SINCE JUN 1    580                       567     13      587
  SINCE JAN 1   1233                      1015    218     1038
..................................................................


WIND (MPH)
  HIGHEST WIND SPEED    15   HIGHEST WIND DIRECTION    SW (220)
  HIGHEST GUST SPEED    26   HIGHEST GUST DIRECTION     S (170)
  AVERAGE WIND SPEED     5.2


SKY COVER
  POSSIBLE SUNSHINE  MM
  AVERAGE SKY COVER 0.2


WEATHER CONDITIONS
 THE FOLLOWING WEATHER WAS RECORDED YESTERDAY.
  NO SIGNIFICANT WEATHER WAS OBSERVED.


RELATIVE HUMIDITY (PERCENT)
 HIGHEST    97           200 AM
 LOWEST     48          1100 AM
 AVERAGE    73

..........................................................


THE PENSACOLA CLIMATE NORMALS FOR TODAY
                         NORMAL    RECORD    YEAR
 MAXIMUM TEMPERATURE (F)   90       100      2000
                                             1980
 MINIMUM TEMPERATURE (F)   75        66      1882


SUNRISE AND SUNSET
JULY  7 2015..........SUNRISE   553 AM CDT   SUNSET   755 PM CDT
JULY  8 2015..........SUNRISE   553 AM CDT   SUNSET   754 PM CDT


-  INDICATES NEGATIVE NUMBERS.
R  INDICATES RECORD WAS SET OR TIED.
MM INDICATES DATA IS MISSING.
T  INDICATES TRACE AMOUNT.




$$
