000
CDUS41 KALY 250626
CLIPOU


CLIMATE REPORT
NATIONAL WEATHER SERVICE ALBANY NY
226 AM EDT MON SEP 25 2017


...................................

...THE POUGHKEEPSIE NY CLIMATE SUMMARY FOR SEPTEMBER 24 2017...

CLIMATE NORMAL PERIOD 1981 TO 2010
CLIMATE RECORD PERIOD 1949 TO 2017


WEATHER ITEM   OBSERVED TIME   RECORD YEAR NORMAL DEPARTURE LAST
                VALUE   (LST)  VALUE       VALUE  FROM      YEAR
                                                  NORMAL
..................................................................
TEMPERATURE (F)
 YESTERDAY
  MAXIMUM         90    431 PM  91    1959  72     18       70
  MINIMUM         57    618 AM  26    1963  48      9       42
  AVERAGE         74                        60     14       56

PRECIPITATION (IN)
  YESTERDAY        0.00          2.62 1975   0.14  -0.14      T
  MONTH TO DATE    1.56                      3.36  -1.80     0.46
  SINCE SEP 1      1.56                      3.36  -1.80     0.46
  SINCE JAN 1     30.66                     34.14  -3.48    22.78

DEGREE DAYS
 HEATING
  YESTERDAY        0                         6     -6        9
  MONTH TO DATE   65                        79    -14       25
  SINCE SEP 1     65                        79    -14       25
  SINCE JUL 1     85                        96    -11       27

 COOLING
  YESTERDAY        9                         1      8        0
  MONTH TO DATE   83                        60     23      107
  SINCE SEP 1     83                        60     23      107
  SINCE JAN 1    657                       664     -7     1049
..................................................................


WIND (MPH)
  HIGHEST WIND SPEED     8   HIGHEST WIND DIRECTION    NW (310)
  HIGHEST GUST SPEED    12   HIGHEST GUST DIRECTION     N (350)
  AVERAGE WIND SPEED     1.1


SKY COVER
  AVERAGE SKY COVER 0.0



RELATIVE HUMIDITY (PERCENT)
 HIGHEST    93           200 AM
 LOWEST     38           300 PM
 AVERAGE    66

..........................................................


THE POUGHKEEPSIE NY CLIMATE NORMALS FOR TODAY
                         NORMAL    RECORD    YEAR
 MAXIMUM TEMPERATURE (F)   71        89      1970
 MINIMUM TEMPERATURE (F)   47        29      1963


SUNRISE AND SUNSET
SEPTEMBER 25 2017.....SUNRISE   646 AM EDT   SUNSET   647 PM EDT
SEPTEMBER 26 2017.....SUNRISE   647 AM EDT   SUNSET   645 PM EDT


-  INDICATES NEGATIVE NUMBERS.
R  INDICATES RECORD WAS SET OR TIED.
MM INDICATES DATA IS MISSING.
T  INDICATES TRACE AMOUNT.




RECORDS FOR KPOU DATE BACK TO 1949...
HOWEVER...DATA IS MISSING FROM JANUARY 1993 - JULY 2000.
$$
